{"id":6692,"date":"2018-05-11T14:57:36","date_gmt":"2018-05-11T12:57:36","guid":{"rendered":"https:\/\/feuerwehr-vglambrecht.de\/cms\/?post_type=tribe_events&#038;p=6692"},"modified":"2018-05-11T14:57:36","modified_gmt":"2018-05-11T12:57:36","slug":"tag-der-feuerwehr-weidenthal","status":"publish","type":"tribe_events","link":"https:\/\/feuerwehr-vglambrecht.de\/cms\/event\/tag-der-feuerwehr-weidenthal\/","title":{"rendered":"Tag der Feuerwehr &#8211; Weidenthal"},"content":{"rendered":"<p>Am 03. Juni ab 11 Uhr findet in Weidenthal der Tag der Feuerwehr statt.<\/p>\n<p>Programm:<br \/>\nab 11 Uhr bis Ende: Kinderspiele<br \/>\n11 Uhr: Fr\u00fchschoppen<br \/>\n12 Uhr: Stammessen und Grillspezialit\u00e4ten mit und vom &#8222;Gasthaus am Weiher&#8220;<br \/>\n15 Uhr: &#8222;Teste dich als Feuerwehrfrau\/-mann &#8220; + Kaffee und leckeren Kuchen<\/p>\n<figure id=\"attachment_6688\" aria-describedby=\"caption-attachment-6688\" style=\"width: 212px\" class=\"wp-caption aligncenter\"><a href=\"https:\/\/feuerwehr-vglambrecht.de\/cms\/wp-content\/uploads\/2018\/05\/Meterfest2018_A3_2.png\"><img loading=\"lazy\" decoding=\"async\" class=\"wp-image-6688 size-medium\" src=\"https:\/\/feuerwehr-vglambrecht.de\/cms\/wp-content\/uploads\/2018\/05\/Meterfest2018_A3_2-212x300.png\" alt=\"\" width=\"212\" height=\"300\" srcset=\"https:\/\/feuerwehr-vglambrecht.de\/cms\/wp-content\/uploads\/2018\/05\/Meterfest2018_A3_2-212x300.png 212w, https:\/\/feuerwehr-vglambrecht.de\/cms\/wp-content\/uploads\/2018\/05\/Meterfest2018_A3_2-768x1086.png 768w, https:\/\/feuerwehr-vglambrecht.de\/cms\/wp-content\/uploads\/2018\/05\/Meterfest2018_A3_2-724x1024.png 724w, https:\/\/feuerwehr-vglambrecht.de\/cms\/wp-content\/uploads\/2018\/05\/Meterfest2018_A3_2-900x1273.png 900w, https:\/\/feuerwehr-vglambrecht.de\/cms\/wp-content\/uploads\/2018\/05\/Meterfest2018_A3_2.png 1169w\" sizes=\"auto, (max-width: 212px) 100vw, 212px\" \/><\/a><figcaption id=\"caption-attachment-6688\" class=\"wp-caption-text\">Klicken f\u00fcr volle Gr\u00f6\u00dfe<\/figcaption><\/figure>\n<p><a href=\"https:\/\/feuerwehr-vglambrecht.de\/cms\/wp-content\/uploads\/2018\/05\/Meterfest2018_A3_2.pdf\">Das Plakat mit Programm zum Meterfest als Download<\/a><\/p>\n","protected":false},"excerpt":{"rendered":"<p>Am 03. Juni ab 11 Uhr findet in Weidenthal der Tag der Feuerwehr statt. Programm: ab 11 Uhr bis Ende: Kinderspiele 11 Uhr: Fr\u00fchschoppen 12 Uhr: Stammessen und Grillspezialit\u00e4ten mit und vom &#8222;Gasthaus am Weiher&#8220; 15 Uhr: &#8222;Teste dich als Feuerwehrfrau\/-mann &#8220; + Kaffee und leckeren Kuchen Das Plakat mit Programm zum Meterfest als Download<\/p>\n","protected":false},"author":1,"featured_media":0,"template":"","meta":{"_tribe_events_status":"","_tribe_events_status_reason":"","footnotes":""},"tags":[],"tribe_events_cat":[80],"class_list":["post-6692","tribe_events","type-tribe_events","status-publish","hentry","tribe_events_cat-fest","cat_fest"],"better_featured_image":null,"_links":{"self":[{"href":"https:\/\/feuerwehr-vglambrecht.de\/cms\/wp-json\/wp\/v2\/tribe_events\/6692","targetHints":{"allow":["GET"]}}],"collection":[{"href":"https:\/\/feuerwehr-vglambrecht.de\/cms\/wp-json\/wp\/v2\/tribe_events"}],"about":[{"href":"https:\/\/feuerwehr-vglambrecht.de\/cms\/wp-json\/wp\/v2\/types\/tribe_events"}],"author":[{"embeddable":true,"href":"https:\/\/feuerwehr-vglambrecht.de\/cms\/wp-json\/wp\/v2\/users\/1"}],"version-history":[{"count":1,"href":"https:\/\/feuerwehr-vglambrecht.de\/cms\/wp-json\/wp\/v2\/tribe_events\/6692\/revisions"}],"predecessor-version":[{"id":6693,"href":"https:\/\/feuerwehr-vglambrecht.de\/cms\/wp-json\/wp\/v2\/tribe_events\/6692\/revisions\/6693"}],"wp:attachment":[{"href":"https:\/\/feuerwehr-vglambrecht.de\/cms\/wp-json\/wp\/v2\/media?parent=6692"}],"wp:term":[{"taxonomy":"post_tag","embeddable":true,"href":"https:\/\/feuerwehr-vglambrecht.de\/cms\/wp-json\/wp\/v2\/tags?post=6692"},{"taxonomy":"tribe_events_cat","embeddable":true,"href":"https:\/\/feuerwehr-vglambrecht.de\/cms\/wp-json\/wp\/v2\/tribe_events_cat?post=6692"}],"curies":[{"name":"wp","href":"https:\/\/api.w.org\/{rel}","templated":true}]}}

<p>Am 03. Juni ab 11 Uhr findet in Weidenthal der Tag der Feuerwehr statt.</p>
<p>Programm:<br />
ab 11 Uhr bis Ende: Kinderspiele<br />
11 Uhr: Frühschoppen<br />
12 Uhr: Stammessen und Grillspezialitäten mit und vom &#8222;Gasthaus am Weiher&#8220;<br />
15 Uhr: &#8222;Teste dich als Feuerwehrfrau/-mann &#8220; + Kaffee und leckeren Kuchen</p>
<figure id="attachment_6688" aria-describedby="caption-attachment-6688" style="width: 212px" class="wp-caption aligncenter"><a href="https://feuerwehr-vglambrecht.de/cms/wp-content/uploads/2018/05/Meterfest2018_A3_2.png"><img loading="lazy" decoding="async" class="wp-image-6688 size-medium" src="https://feuerwehr-vglambrecht.de/cms/wp-content/uploads/2018/05/Meterfest2018_A3_2-212x300.png" alt="" width="212" height="300" srcset="https://feuerwehr-vglambrecht.de/cms/wp-content/uploads/2018/05/Meterfest2018_A3_2-212x300.png 212w, https://feuerwehr-vglambrecht.de/cms/wp-content/uploads/2018/05/Meterfest2018_A3_2-768x1086.png 768w, https://feuerwehr-vglambrecht.de/cms/wp-content/uploads/2018/05/Meterfest2018_A3_2-724x1024.png 724w, https://feuerwehr-vglambrecht.de/cms/wp-content/uploads/2018/05/Meterfest2018_A3_2-900x1273.png 900w, https://feuerwehr-vglambrecht.de/cms/wp-content/uploads/2018/05/Meterfest2018_A3_2.png 1169w" sizes="auto, (max-width: 212px) 100vw, 212px" /></a><figcaption id="caption-attachment-6688" class="wp-caption-text">Klicken für volle Größe</figcaption></figure>
<p><a href="https://feuerwehr-vglambrecht.de/cms/wp-content/uploads/2018/05/Meterfest2018_A3_2.pdf">Das Plakat mit Programm zum Meterfest als Download</a></p>

<p>Am 03. Juni ab 11 Uhr findet in Weidenthal der Tag der Feuerwehr statt. Programm: ab 11 Uhr bis Ende: Kinderspiele 11 Uhr: Frühschoppen 12 Uhr: Stammessen und Grillspezialitäten mit und vom &#8222;Gasthaus am Weiher&#8220; 15 Uhr: &#8222;Teste dich als Feuerwehrfrau/-mann &#8220; + Kaffee und leckeren Kuchen Das Plakat mit Programm zum Meterfest als Download</p>
