{"id":6686,"date":"2018-05-11T14:53:51","date_gmt":"2018-05-11T12:53:51","guid":{"rendered":"https:\/\/feuerwehr-vglambrecht.de\/cms\/?post_type=tribe_events&#038;p=6686"},"modified":"2018-05-11T14:53:51","modified_gmt":"2018-05-11T12:53:51","slug":"meterfest-der-feuerwehr-weidenthal","status":"publish","type":"tribe_events","link":"https:\/\/feuerwehr-vglambrecht.de\/cms\/event\/meterfest-der-feuerwehr-weidenthal\/","title":{"rendered":"Meterfest der Feuerwehr Weidenthal"},"content":{"rendered":"<figure id=\"attachment_6688\" aria-describedby=\"caption-attachment-6688\" style=\"width: 212px\" class=\"wp-caption aligncenter\"><a href=\"https:\/\/feuerwehr-vglambrecht.de\/cms\/wp-content\/uploads\/2018\/05\/Meterfest2018_A3_2.png\"><img loading=\"lazy\" decoding=\"async\" class=\"wp-image-6688 size-medium\" src=\"https:\/\/feuerwehr-vglambrecht.de\/cms\/wp-content\/uploads\/2018\/05\/Meterfest2018_A3_2-212x300.png\" alt=\"\" width=\"212\" height=\"300\" srcset=\"https:\/\/feuerwehr-vglambrecht.de\/cms\/wp-content\/uploads\/2018\/05\/Meterfest2018_A3_2-212x300.png 212w, https:\/\/feuerwehr-vglambrecht.de\/cms\/wp-content\/uploads\/2018\/05\/Meterfest2018_A3_2-768x1086.png 768w, https:\/\/feuerwehr-vglambrecht.de\/cms\/wp-content\/uploads\/2018\/05\/Meterfest2018_A3_2-724x1024.png 724w, https:\/\/feuerwehr-vglambrecht.de\/cms\/wp-content\/uploads\/2018\/05\/Meterfest2018_A3_2-900x1273.png 900w, https:\/\/feuerwehr-vglambrecht.de\/cms\/wp-content\/uploads\/2018\/05\/Meterfest2018_A3_2.png 1169w\" sizes=\"auto, (max-width: 212px) 100vw, 212px\" \/><\/a><figcaption id=\"caption-attachment-6688\" class=\"wp-caption-text\">Klicken f\u00fcr volle Gr\u00f6\u00dfe<\/figcaption><\/figure>\n<p><a href=\"https:\/\/feuerwehr-vglambrecht.de\/cms\/wp-content\/uploads\/2018\/05\/Meterfest2018_A3_2.pdf\">Das Plakat mit Programm zum Meterfest als Download<\/a><\/p>\n","protected":false},"excerpt":{"rendered":"<p>Das Plakat mit Programm zum Meterfest als Download<\/p>\n","protected":false},"author":1,"featured_media":0,"template":"","meta":{"_tribe_events_status":"","_tribe_events_status_reason":"","footnotes":""},"tags":[],"tribe_events_cat":[80],"class_list":["post-6686","tribe_events","type-tribe_events","status-publish","hentry","tribe_events_cat-fest","cat_fest"],"better_featured_image":null,"_links":{"self":[{"href":"https:\/\/feuerwehr-vglambrecht.de\/cms\/wp-json\/wp\/v2\/tribe_events\/6686","targetHints":{"allow":["GET"]}}],"collection":[{"href":"https:\/\/feuerwehr-vglambrecht.de\/cms\/wp-json\/wp\/v2\/tribe_events"}],"about":[{"href":"https:\/\/feuerwehr-vglambrecht.de\/cms\/wp-json\/wp\/v2\/types\/tribe_events"}],"author":[{"embeddable":true,"href":"https:\/\/feuerwehr-vglambrecht.de\/cms\/wp-json\/wp\/v2\/users\/1"}],"version-history":[{"count":3,"href":"https:\/\/feuerwehr-vglambrecht.de\/cms\/wp-json\/wp\/v2\/tribe_events\/6686\/revisions"}],"predecessor-version":[{"id":6691,"href":"https:\/\/feuerwehr-vglambrecht.de\/cms\/wp-json\/wp\/v2\/tribe_events\/6686\/revisions\/6691"}],"wp:attachment":[{"href":"https:\/\/feuerwehr-vglambrecht.de\/cms\/wp-json\/wp\/v2\/media?parent=6686"}],"wp:term":[{"taxonomy":"post_tag","embeddable":true,"href":"https:\/\/feuerwehr-vglambrecht.de\/cms\/wp-json\/wp\/v2\/tags?post=6686"},{"taxonomy":"tribe_events_cat","embeddable":true,"href":"https:\/\/feuerwehr-vglambrecht.de\/cms\/wp-json\/wp\/v2\/tribe_events_cat?post=6686"}],"curies":[{"name":"wp","href":"https:\/\/api.w.org\/{rel}","templated":true}]}}

<figure id="attachment_6688" aria-describedby="caption-attachment-6688" style="width: 212px" class="wp-caption aligncenter"><a href="https://feuerwehr-vglambrecht.de/cms/wp-content/uploads/2018/05/Meterfest2018_A3_2.png"><img loading="lazy" decoding="async" class="wp-image-6688 size-medium" src="https://feuerwehr-vglambrecht.de/cms/wp-content/uploads/2018/05/Meterfest2018_A3_2-212x300.png" alt="" width="212" height="300" srcset="https://feuerwehr-vglambrecht.de/cms/wp-content/uploads/2018/05/Meterfest2018_A3_2-212x300.png 212w, https://feuerwehr-vglambrecht.de/cms/wp-content/uploads/2018/05/Meterfest2018_A3_2-768x1086.png 768w, https://feuerwehr-vglambrecht.de/cms/wp-content/uploads/2018/05/Meterfest2018_A3_2-724x1024.png 724w, https://feuerwehr-vglambrecht.de/cms/wp-content/uploads/2018/05/Meterfest2018_A3_2-900x1273.png 900w, https://feuerwehr-vglambrecht.de/cms/wp-content/uploads/2018/05/Meterfest2018_A3_2.png 1169w" sizes="auto, (max-width: 212px) 100vw, 212px" /></a><figcaption id="caption-attachment-6688" class="wp-caption-text">Klicken für volle Größe</figcaption></figure>
<p><a href="https://feuerwehr-vglambrecht.de/cms/wp-content/uploads/2018/05/Meterfest2018_A3_2.pdf">Das Plakat mit Programm zum Meterfest als Download</a></p>
