{"id":5868,"date":"2017-08-09T18:10:58","date_gmt":"2017-08-09T16:10:58","guid":{"rendered":"https:\/\/feuerwehr-vglambrecht.de\/cms\/?post_type=tribe_events&#038;p=5868"},"modified":"2017-08-09T18:13:43","modified_gmt":"2017-08-09T16:13:43","slug":"tag-der-feuerwehr-in-weidenthal","status":"publish","type":"tribe_events","link":"https:\/\/feuerwehr-vglambrecht.de\/cms\/event\/tag-der-feuerwehr-in-weidenthal\/","title":{"rendered":"Tag der Feuerwehr in Weidenthal"},"content":{"rendered":"<div class=\"\" data-block=\"true\" data-editor=\"1sne9\" data-offset-key=\"c7ek6-0-0\">\n<div class=\"_1mf _1mj\" data-offset-key=\"c7ek6-0-0\"><span data-offset-key=\"c7ek6-0-0\">Am 13. August ab 10 Uhr findet in Weidenthal der Tag der Feuerwehr statt. <\/span><\/div>\n<\/div>\n<div class=\"\" data-block=\"true\" data-editor=\"1sne9\" data-offset-key=\"e73i5-0-0\">\n<div class=\"_1mf _1mj\" data-offset-key=\"e73i5-0-0\"><span data-offset-key=\"e73i5-0-0\">Zum Programm \/ Plakat: \u00a0<a href=\"https:\/\/feuerwehr-vglambrecht.de\/cms\/wp-content\/uploads\/2017\/08\/2017-08-13_Feuerwehrfest.pdf\">Feuerwehrfest<\/a><br data-text=\"true\" \/><\/span><\/div>\n<\/div>\n<div class=\"\" data-block=\"true\" data-editor=\"1sne9\" data-offset-key=\"bs2hm-0-0\">\n<div class=\"_1mf _1mj\" data-offset-key=\"bs2hm-0-0\"><span data-offset-key=\"bs2hm-0-0\">Programm:<\/span><\/div>\n<\/div>\n<div class=\"\" data-block=\"true\" data-editor=\"1sne9\" data-offset-key=\"fchvq-0-0\">\n<div class=\"_1mf _1mj\" data-offset-key=\"fchvq-0-0\"><span data-offset-key=\"fchvq-0-0\">ab 10 Uhr bis Ende: Kinderspiele<\/span><\/div>\n<\/div>\n<div class=\"\" data-block=\"true\" data-editor=\"1sne9\" data-offset-key=\"61rfc-0-0\">\n<div class=\"_1mf _1mj\" data-offset-key=\"61rfc-0-0\"><span data-offset-key=\"61rfc-0-0\">10 Uhr: Fr\u00fchschoppen mit Wei\u00dfwurstfr\u00fchst\u00fcck<\/span><\/div>\n<\/div>\n<div class=\"\" data-block=\"true\" data-editor=\"1sne9\" data-offset-key=\"8cgmp-0-0\">\n<div class=\"_1mf _1mj\" data-offset-key=\"8cgmp-0-0\"><span data-offset-key=\"8cgmp-0-0\">12 Uhr: Stammessen und Grillspezialit\u00e4ten <\/span><\/div>\n<\/div>\n<div class=\"\" data-block=\"true\" data-editor=\"1sne9\" data-offset-key=\"anf8o-0-0\">\n<div class=\"_1mf _1mj\" data-offset-key=\"anf8o-0-0\"><span data-offset-key=\"anf8o-0-0\">15 Uhr: Feuerwehrtechnische Vorf\u00fchrungen \/ Kaffee mit selbst gebackenem Kuchen<\/span><\/div>\n<\/div>\n<div class=\"\" data-block=\"true\" data-editor=\"1sne9\" data-offset-key=\"56ldq-0-0\"><\/div>\n<p><a href=\"https:\/\/feuerwehr-vglambrecht.de\/cms\/wp-content\/uploads\/2017\/08\/2017-08-13_Feuerwehrfest.pdf\"><img loading=\"lazy\" decoding=\"async\" class=\"aligncenter wp-image-5874 size-medium\" src=\"https:\/\/feuerwehr-vglambrecht.de\/cms\/wp-content\/uploads\/2017\/08\/2017-08-13_Feuerwehrfest-1-212x300.jpg\" alt=\"\" width=\"212\" height=\"300\" srcset=\"https:\/\/feuerwehr-vglambrecht.de\/cms\/wp-content\/uploads\/2017\/08\/2017-08-13_Feuerwehrfest-1-212x300.jpg 212w, https:\/\/feuerwehr-vglambrecht.de\/cms\/wp-content\/uploads\/2017\/08\/2017-08-13_Feuerwehrfest-1-768x1087.jpg 768w, https:\/\/feuerwehr-vglambrecht.de\/cms\/wp-content\/uploads\/2017\/08\/2017-08-13_Feuerwehrfest-1-724x1024.jpg 724w, https:\/\/feuerwehr-vglambrecht.de\/cms\/wp-content\/uploads\/2017\/08\/2017-08-13_Feuerwehrfest-1.jpg 826w\" sizes=\"auto, (max-width: 212px) 100vw, 212px\" \/><\/a><\/p>\n","protected":false},"excerpt":{"rendered":"<p>Am 13. August ab 10 Uhr findet in Weidenthal der Tag der Feuerwehr statt. Zum Programm \/ Plakat: \u00a0Feuerwehrfest Programm: ab 10 Uhr bis Ende: Kinderspiele 10 Uhr: Fr\u00fchschoppen mit Wei\u00dfwurstfr\u00fchst\u00fcck 12 Uhr: Stammessen und Grillspezialit\u00e4ten 15 Uhr: Feuerwehrtechnische Vorf\u00fchrungen \/ Kaffee mit selbst gebackenem Kuchen<\/p>\n","protected":false},"author":1,"featured_media":5869,"template":"","meta":{"_tribe_events_status":"","_tribe_events_status_reason":"","footnotes":""},"tags":[],"tribe_events_cat":[80],"class_list":["post-5868","tribe_events","type-tribe_events","status-publish","has-post-thumbnail","hentry","tribe_events_cat-fest","cat_fest"],"better_featured_image":{"id":5869,"alt_text":"","caption":"","description":"","media_type":"image","media_details":{"width":827,"height":432,"file":"2017\/08\/2017-08-13_Feuerwehrfest-e1502294987780.jpg","filesize":37294,"sizes":{"medium_large":{"file":"2017-08-13_Feuerwehrfest-e1502294987780-768x401.jpg","width":768,"height":401,"mime-type":"image\/jpeg","filesize":28680,"source_url":"https:\/\/feuerwehr-vglambrecht.de\/cms\/wp-content\/uploads\/2017\/08\/2017-08-13_Feuerwehrfest-e1502294987780-768x401.jpg"},"wptouch-new-thumbnail":{"file":"2017-08-13_Feuerwehrfest-e1502294987780-144x144.jpg","width":144,"height":144,"mime-type":"image\/jpeg","filesize":5766,"source_url":"https:\/\/feuerwehr-vglambrecht.de\/cms\/wp-content\/uploads\/2017\/08\/2017-08-13_Feuerwehrfest-e1502294987780-144x144.jpg"},"thumbnail":{"file":"2017-08-13_Feuerwehrfest-e1502294987780-150x150.jpg","width":150,"height":150,"source_url":"https:\/\/feuerwehr-vglambrecht.de\/cms\/wp-content\/uploads\/2017\/08\/2017-08-13_Feuerwehrfest-e1502294987780-150x150.jpg"},"medium":{"file":"2017-08-13_Feuerwehrfest-e1502294987780-300x157.jpg","width":300,"height":157,"source_url":"https:\/\/feuerwehr-vglambrecht.de\/cms\/wp-content\/uploads\/2017\/08\/2017-08-13_Feuerwehrfest-e1502294987780-300x157.jpg"},"large":{"file":"2017-08-13_Feuerwehrfest-724x1024.jpg","width":724,"height":1024,"mime-type":"image\/jpeg","source_url":"https:\/\/feuerwehr-vglambrecht.de\/cms\/wp-content\/uploads\/2017\/08\/2017-08-13_Feuerwehrfest-724x1024.jpg"}},"image_meta":{"aperture":"0","credit":"","camera":"","caption":"","created_timestamp":"0","copyright":"","focal_length":"0","iso":"0","shutter_speed":"0","title":"","orientation":"0","keywords":[]},"image-converter":{"thumbnail":"IME","medium":"IME"}},"post":5868,"source_url":"https:\/\/feuerwehr-vglambrecht.de\/cms\/wp-content\/uploads\/2017\/08\/2017-08-13_Feuerwehrfest-e1502294987780.jpg"},"_links":{"self":[{"href":"https:\/\/feuerwehr-vglambrecht.de\/cms\/wp-json\/wp\/v2\/tribe_events\/5868","targetHints":{"allow":["GET"]}}],"collection":[{"href":"https:\/\/feuerwehr-vglambrecht.de\/cms\/wp-json\/wp\/v2\/tribe_events"}],"about":[{"href":"https:\/\/feuerwehr-vglambrecht.de\/cms\/wp-json\/wp\/v2\/types\/tribe_events"}],"author":[{"embeddable":true,"href":"https:\/\/feuerwehr-vglambrecht.de\/cms\/wp-json\/wp\/v2\/users\/1"}],"version-history":[{"count":3,"href":"https:\/\/feuerwehr-vglambrecht.de\/cms\/wp-json\/wp\/v2\/tribe_events\/5868\/revisions"}],"predecessor-version":[{"id":5875,"href":"https:\/\/feuerwehr-vglambrecht.de\/cms\/wp-json\/wp\/v2\/tribe_events\/5868\/revisions\/5875"}],"wp:featuredmedia":[{"embeddable":true,"href":"https:\/\/feuerwehr-vglambrecht.de\/cms\/wp-json\/wp\/v2\/media\/5869"}],"wp:attachment":[{"href":"https:\/\/feuerwehr-vglambrecht.de\/cms\/wp-json\/wp\/v2\/media?parent=5868"}],"wp:term":[{"taxonomy":"post_tag","embeddable":true,"href":"https:\/\/feuerwehr-vglambrecht.de\/cms\/wp-json\/wp\/v2\/tags?post=5868"},{"taxonomy":"tribe_events_cat","embeddable":true,"href":"https:\/\/feuerwehr-vglambrecht.de\/cms\/wp-json\/wp\/v2\/tribe_events_cat?post=5868"}],"curies":[{"name":"wp","href":"https:\/\/api.w.org\/{rel}","templated":true}]}}

<div class="" data-block="true" data-editor="1sne9" data-offset-key="c7ek6-0-0">
<div class="_1mf _1mj" data-offset-key="c7ek6-0-0"><span data-offset-key="c7ek6-0-0">Am 13. August ab 10 Uhr findet in Weidenthal der Tag der Feuerwehr statt. </span></div>
</div>
<div class="" data-block="true" data-editor="1sne9" data-offset-key="e73i5-0-0">
<div class="_1mf _1mj" data-offset-key="e73i5-0-0"><span data-offset-key="e73i5-0-0">Zum Programm / Plakat:  <a href="https://feuerwehr-vglambrecht.de/cms/wp-content/uploads/2017/08/2017-08-13_Feuerwehrfest.pdf">Feuerwehrfest</a><br data-text="true" /></span></div>
</div>
<div class="" data-block="true" data-editor="1sne9" data-offset-key="bs2hm-0-0">
<div class="_1mf _1mj" data-offset-key="bs2hm-0-0"><span data-offset-key="bs2hm-0-0">Programm:</span></div>
</div>
<div class="" data-block="true" data-editor="1sne9" data-offset-key="fchvq-0-0">
<div class="_1mf _1mj" data-offset-key="fchvq-0-0"><span data-offset-key="fchvq-0-0">ab 10 Uhr bis Ende: Kinderspiele</span></div>
</div>
<div class="" data-block="true" data-editor="1sne9" data-offset-key="61rfc-0-0">
<div class="_1mf _1mj" data-offset-key="61rfc-0-0"><span data-offset-key="61rfc-0-0">10 Uhr: Frühschoppen mit Weißwurstfrühstück</span></div>
</div>
<div class="" data-block="true" data-editor="1sne9" data-offset-key="8cgmp-0-0">
<div class="_1mf _1mj" data-offset-key="8cgmp-0-0"><span data-offset-key="8cgmp-0-0">12 Uhr: Stammessen und Grillspezialitäten </span></div>
</div>
<div class="" data-block="true" data-editor="1sne9" data-offset-key="anf8o-0-0">
<div class="_1mf _1mj" data-offset-key="anf8o-0-0"><span data-offset-key="anf8o-0-0">15 Uhr: Feuerwehrtechnische Vorführungen / Kaffee mit selbst gebackenem Kuchen</span></div>
</div>
<div class="" data-block="true" data-editor="1sne9" data-offset-key="56ldq-0-0"></div>
<p><a href="https://feuerwehr-vglambrecht.de/cms/wp-content/uploads/2017/08/2017-08-13_Feuerwehrfest.pdf"><img loading="lazy" decoding="async" class="aligncenter wp-image-5874 size-medium" src="https://feuerwehr-vglambrecht.de/cms/wp-content/uploads/2017/08/2017-08-13_Feuerwehrfest-1-212x300.jpg" alt="" width="212" height="300" srcset="https://feuerwehr-vglambrecht.de/cms/wp-content/uploads/2017/08/2017-08-13_Feuerwehrfest-1-212x300.jpg 212w, https://feuerwehr-vglambrecht.de/cms/wp-content/uploads/2017/08/2017-08-13_Feuerwehrfest-1-768x1087.jpg 768w, https://feuerwehr-vglambrecht.de/cms/wp-content/uploads/2017/08/2017-08-13_Feuerwehrfest-1-724x1024.jpg 724w, https://feuerwehr-vglambrecht.de/cms/wp-content/uploads/2017/08/2017-08-13_Feuerwehrfest-1.jpg 826w" sizes="auto, (max-width: 212px) 100vw, 212px" /></a></p>

<p>Am 13. August ab 10 Uhr findet in Weidenthal der Tag der Feuerwehr statt. Zum Programm / Plakat:  Feuerwehrfest Programm: ab 10 Uhr bis Ende: Kinderspiele 10 Uhr: Frühschoppen mit Weißwurstfrühstück 12 Uhr: Stammessen und Grillspezialitäten 15 Uhr: Feuerwehrtechnische Vorführungen / Kaffee mit selbst gebackenem Kuchen</p>
