{"id":5504,"date":"2017-04-16T12:59:25","date_gmt":"2017-04-16T10:59:25","guid":{"rendered":"https:\/\/feuerwehr-vglambrecht.de\/cms\/?post_type=tribe_events&#038;p=5504"},"modified":"2017-04-16T13:00:39","modified_gmt":"2017-04-16T11:00:39","slug":"tag-der-offenen-tuer-feuerwehreinheit-lambrecht","status":"publish","type":"tribe_events","link":"https:\/\/feuerwehr-vglambrecht.de\/cms\/event\/tag-der-offenen-tuer-feuerwehreinheit-lambrecht\/","title":{"rendered":"Tag der offenen T\u00fcr &#8211; Feuerwehreinheit Lambrecht"},"content":{"rendered":"<p><strong><u>\u201eTag der offenen T\u00fcr\u201c der Feuerwehr Lambrecht mit Fahrzeugvorstellung des Einsatzleitwagen f\u00fcr die Feuerwehr VG Lambrecht <\/u><\/strong><\/p>\n<p>&nbsp;<\/p>\n<p>Am Montag den 01.05.2017 veranstaltet die Freiwillige Feuerwehr Lambrecht wieder ihren Tag der offenen T\u00fcr. Um\u00a0 10:30 Uhr er\u00f6ffnen wir die traditionelle Veranstaltung mit einem bayrischen Wei\u00dfwurstfr\u00fchst\u00fcck, welcher vom K\u00f6nigsbacher Musikverein 1986 musikalisch begleitet wird. Auf dem Mittagstisch stehen in diesem Jahr f\u00fcr die G\u00e4ste \u201eZwiewwelflesch\u201c mit verschiedenen Beilagen. Au\u00dferdem werden auch wieder Steak, Bratwurst, Currywurst, Pommes und Schafsk\u00e4se serviert. Dazu wie immer gut gek\u00fchlte Weine von der Winzergenossenschaft K\u00f6nigsbach und Bier vom Fass. Im Anschluss gibt es Kaffee und Kuchen.<\/p>\n<p>F\u00fcr die Fans der Feuerwehr-Technik steht der komplette Fuhrpark der St\u00fctzpunktfeuerwehr bereit und darf gerne besichtigt werden. Als Highlight darf der neue Einsatzleitwagen f\u00fcr die Feuerwehren der VG Lambrecht genannt werden, der um 11 Uhr offiziell in Dienst gestellt und anschlie\u00dfend der Bev\u00f6lkerung vorgestellt wird. Ebenso das erst letzte Jahr in Dienst gestellte Tankl\u00f6schfahrzeug mit dem Funkrufnamen Florian Lambrecht 24\/1. Am Nachmittag finden verschiedene Aktionen und Vorf\u00fchrungen der Jugendfeuerwehr statt.<\/p>\n<p>&nbsp;<\/p>\n<p>Die Veranstaltung endet gegen 18:00 Uhr.<\/p>\n<p><img loading=\"lazy\" decoding=\"async\" class=\"alignnone size-medium wp-image-5505\" src=\"https:\/\/feuerwehr-vglambrecht.de\/cms\/wp-content\/uploads\/2017\/04\/Tag-der-offenen-300x196.jpg\" alt=\"\" width=\"300\" height=\"196\" srcset=\"https:\/\/feuerwehr-vglambrecht.de\/cms\/wp-content\/uploads\/2017\/04\/Tag-der-offenen-300x196.jpg 300w, https:\/\/feuerwehr-vglambrecht.de\/cms\/wp-content\/uploads\/2017\/04\/Tag-der-offenen-768x503.jpg 768w, https:\/\/feuerwehr-vglambrecht.de\/cms\/wp-content\/uploads\/2017\/04\/Tag-der-offenen-900x589.jpg 900w, https:\/\/feuerwehr-vglambrecht.de\/cms\/wp-content\/uploads\/2017\/04\/Tag-der-offenen.jpg 903w\" sizes=\"auto, (max-width: 300px) 100vw, 300px\" \/><\/p>\n","protected":false},"excerpt":{"rendered":"<p>\u201eTag der offenen T\u00fcr\u201c der Feuerwehr Lambrecht mit Fahrzeugvorstellung des Einsatzleitwagen f\u00fcr die Feuerwehr VG Lambrecht &nbsp; Am Montag den 01.05.2017 veranstaltet die Freiwillige Feuerwehr Lambrecht wieder ihren Tag der offenen T\u00fcr. Um\u00a0 10:30 Uhr er\u00f6ffnen wir die traditionelle Veranstaltung mit einem bayrischen Wei\u00dfwurstfr\u00fchst\u00fcck, welcher vom K\u00f6nigsbacher Musikverein 1986 musikalisch begleitet wird. Auf dem Mittagstisch stehen in diesem Jahr f\u00fcr die G\u00e4ste \u201eZwiewwelflesch\u201c mit verschiedenen Beilagen. Au\u00dferdem werden auch wieder Steak, Bratwurst, Currywurst, Pommes und Schafsk\u00e4se serviert. Dazu wie immer gut gek\u00fchlte Weine von der Winzergenossenschaft K\u00f6nigsbach und Bier vom Fass. Im Anschluss gibt es Kaffee und Kuchen. F\u00fcr die Fans der Feuerwehr-Technik steht der komplette Fuhrpark der St\u00fctzpunktfeuerwehr bereit und darf gerne besichtigt werden. Als Highlight darf der neue Einsatzleitwagen f\u00fcr die Feuerwehren der VG Lambrecht genannt werden, der um 11 Uhr offiziell in Dienst gestellt und anschlie\u00dfend der Bev\u00f6lkerung vorgestellt wird. Ebenso das erst letzte Jahr in Dienst&hellip;<\/p>\n","protected":false},"author":1,"featured_media":0,"template":"","meta":{"_tribe_events_status":"","_tribe_events_status_reason":"","footnotes":""},"tags":[],"tribe_events_cat":[80],"class_list":["post-5504","tribe_events","type-tribe_events","status-publish","hentry","tribe_events_cat-fest","cat_fest"],"better_featured_image":null,"_links":{"self":[{"href":"https:\/\/feuerwehr-vglambrecht.de\/cms\/wp-json\/wp\/v2\/tribe_events\/5504","targetHints":{"allow":["GET"]}}],"collection":[{"href":"https:\/\/feuerwehr-vglambrecht.de\/cms\/wp-json\/wp\/v2\/tribe_events"}],"about":[{"href":"https:\/\/feuerwehr-vglambrecht.de\/cms\/wp-json\/wp\/v2\/types\/tribe_events"}],"author":[{"embeddable":true,"href":"https:\/\/feuerwehr-vglambrecht.de\/cms\/wp-json\/wp\/v2\/users\/1"}],"version-history":[{"count":3,"href":"https:\/\/feuerwehr-vglambrecht.de\/cms\/wp-json\/wp\/v2\/tribe_events\/5504\/revisions"}],"predecessor-version":[{"id":5509,"href":"https:\/\/feuerwehr-vglambrecht.de\/cms\/wp-json\/wp\/v2\/tribe_events\/5504\/revisions\/5509"}],"wp:attachment":[{"href":"https:\/\/feuerwehr-vglambrecht.de\/cms\/wp-json\/wp\/v2\/media?parent=5504"}],"wp:term":[{"taxonomy":"post_tag","embeddable":true,"href":"https:\/\/feuerwehr-vglambrecht.de\/cms\/wp-json\/wp\/v2\/tags?post=5504"},{"taxonomy":"tribe_events_cat","embeddable":true,"href":"https:\/\/feuerwehr-vglambrecht.de\/cms\/wp-json\/wp\/v2\/tribe_events_cat?post=5504"}],"curies":[{"name":"wp","href":"https:\/\/api.w.org\/{rel}","templated":true}]}}

Tag der offenen Tür &#8211; Feuerwehreinheit Lambrecht

<p><strong><u>„Tag der offenen Tür“ der Feuerwehr Lambrecht mit Fahrzeugvorstellung des Einsatzleitwagen für die Feuerwehr VG Lambrecht </u></strong></p>
<p>&nbsp;</p>
<p>Am Montag den 01.05.2017 veranstaltet die Freiwillige Feuerwehr Lambrecht wieder ihren Tag der offenen Tür. Um  10:30 Uhr eröffnen wir die traditionelle Veranstaltung mit einem bayrischen Weißwurstfrühstück, welcher vom Königsbacher Musikverein 1986 musikalisch begleitet wird. Auf dem Mittagstisch stehen in diesem Jahr für die Gäste „Zwiewwelflesch“ mit verschiedenen Beilagen. Außerdem werden auch wieder Steak, Bratwurst, Currywurst, Pommes und Schafskäse serviert. Dazu wie immer gut gekühlte Weine von der Winzergenossenschaft Königsbach und Bier vom Fass. Im Anschluss gibt es Kaffee und Kuchen.</p>
<p>Für die Fans der Feuerwehr-Technik steht der komplette Fuhrpark der Stützpunktfeuerwehr bereit und darf gerne besichtigt werden. Als Highlight darf der neue Einsatzleitwagen für die Feuerwehren der VG Lambrecht genannt werden, der um 11 Uhr offiziell in Dienst gestellt und anschließend der Bevölkerung vorgestellt wird. Ebenso das erst letzte Jahr in Dienst gestellte Tanklöschfahrzeug mit dem Funkrufnamen Florian Lambrecht 24/1. Am Nachmittag finden verschiedene Aktionen und Vorführungen der Jugendfeuerwehr statt.</p>
<p>&nbsp;</p>
<p>Die Veranstaltung endet gegen 18:00 Uhr.</p>
<p><img loading="lazy" decoding="async" class="alignnone size-medium wp-image-5505" src="https://feuerwehr-vglambrecht.de/cms/wp-content/uploads/2017/04/Tag-der-offenen-300x196.jpg" alt="" width="300" height="196" srcset="https://feuerwehr-vglambrecht.de/cms/wp-content/uploads/2017/04/Tag-der-offenen-300x196.jpg 300w, https://feuerwehr-vglambrecht.de/cms/wp-content/uploads/2017/04/Tag-der-offenen-768x503.jpg 768w, https://feuerwehr-vglambrecht.de/cms/wp-content/uploads/2017/04/Tag-der-offenen-900x589.jpg 900w, https://feuerwehr-vglambrecht.de/cms/wp-content/uploads/2017/04/Tag-der-offenen.jpg 903w" sizes="auto, (max-width: 300px) 100vw, 300px" /></p>

<p>„Tag der offenen Tür“ der Feuerwehr Lambrecht mit Fahrzeugvorstellung des Einsatzleitwagen für die Feuerwehr VG Lambrecht &nbsp; Am Montag den 01.05.2017 veranstaltet die Freiwillige Feuerwehr Lambrecht wieder ihren Tag der offenen Tür. Um  10:30 Uhr eröffnen wir die traditionelle Veranstaltung mit einem bayrischen Weißwurstfrühstück, welcher vom Königsbacher Musikverein 1986 musikalisch begleitet wird. Auf dem Mittagstisch stehen in diesem Jahr für die Gäste „Zwiewwelflesch“ mit verschiedenen Beilagen. Außerdem werden auch wieder Steak, Bratwurst, Currywurst, Pommes und Schafskäse serviert. Dazu wie immer gut gekühlte Weine von der Winzergenossenschaft Königsbach und Bier vom Fass. Im Anschluss gibt es Kaffee und Kuchen. Für die Fans der Feuerwehr-Technik steht der komplette Fuhrpark der Stützpunktfeuerwehr bereit und darf gerne besichtigt werden. Als Highlight darf der neue Einsatzleitwagen für die Feuerwehren der VG Lambrecht genannt werden, der um 11 Uhr offiziell in Dienst gestellt und anschließend der Bevölkerung vorgestellt wird. Ebenso das erst letzte Jahr in Dienst&hellip;</p>
