{"id":3956,"date":"2016-06-06T13:28:19","date_gmt":"2016-06-06T11:28:19","guid":{"rendered":"https:\/\/feuerwehr-vglambrecht.de\/cms\/?post_type=tribe_events&#038;p=3956"},"modified":"2016-06-06T13:28:19","modified_gmt":"2016-06-06T11:28:19","slug":"informationstag-der-feuerwehr-lindenberg","status":"publish","type":"tribe_events","link":"https:\/\/feuerwehr-vglambrecht.de\/cms\/event\/informationstag-der-feuerwehr-lindenberg\/","title":{"rendered":"Informationstag der Feuerwehr Lindenberg"},"content":{"rendered":"<p>Die Feuerwehr Lindenberg sucht Frauen und M\u00e4nner, die bereit sind zu helfen und in die Feuerwehr eintreten m\u00f6chten. Jeder im Alter zwischen 16 und 63 Jahren kann Mitglied in der Feuerwehr werden.<!--more--><\/p>\n<p>In der Feuerwehr Lindenberg sollten 18 Frauen und M\u00e4nner aktiv sein. Bedingt durch den Wegzug einiger Kameraden, wird diese St\u00e4rke zur Zeit nicht mehr erreicht. Sie ist aber notwendig um die\u00a0Aufgaben der Feuerwehr im vollen Umfang zu erf\u00fcllen.<\/p>\n<p>Bei diesem Informationstag besteht die M\u00f6glichkeit die Wehr pers\u00f6nlich, ihre Aufgaben und ihre Ausr\u00fcstung kennen zu lernen. Die Veranstaltung findet in lockerem Rahmen statt und verpflichtet zu nichts.<\/p>\n","protected":false},"excerpt":{"rendered":"<p>Die Feuerwehr Lindenberg sucht Frauen und M\u00e4nner, die bereit sind zu helfen und in die Feuerwehr eintreten m\u00f6chten. Jeder im Alter zwischen 16 und 63 Jahren kann Mitglied in der Feuerwehr werden.<\/p>\n","protected":false},"author":2,"featured_media":0,"template":"","meta":{"_tribe_events_status":"","_tribe_events_status_reason":"","footnotes":""},"tags":[],"tribe_events_cat":[],"class_list":["post-3956","tribe_events","type-tribe_events","status-publish","hentry"],"better_featured_image":null,"_links":{"self":[{"href":"https:\/\/feuerwehr-vglambrecht.de\/cms\/wp-json\/wp\/v2\/tribe_events\/3956","targetHints":{"allow":["GET"]}}],"collection":[{"href":"https:\/\/feuerwehr-vglambrecht.de\/cms\/wp-json\/wp\/v2\/tribe_events"}],"about":[{"href":"https:\/\/feuerwehr-vglambrecht.de\/cms\/wp-json\/wp\/v2\/types\/tribe_events"}],"author":[{"embeddable":true,"href":"https:\/\/feuerwehr-vglambrecht.de\/cms\/wp-json\/wp\/v2\/users\/2"}],"version-history":[{"count":0,"href":"https:\/\/feuerwehr-vglambrecht.de\/cms\/wp-json\/wp\/v2\/tribe_events\/3956\/revisions"}],"wp:attachment":[{"href":"https:\/\/feuerwehr-vglambrecht.de\/cms\/wp-json\/wp\/v2\/media?parent=3956"}],"wp:term":[{"taxonomy":"post_tag","embeddable":true,"href":"https:\/\/feuerwehr-vglambrecht.de\/cms\/wp-json\/wp\/v2\/tags?post=3956"},{"taxonomy":"tribe_events_cat","embeddable":true,"href":"https:\/\/feuerwehr-vglambrecht.de\/cms\/wp-json\/wp\/v2\/tribe_events_cat?post=3956"}],"curies":[{"name":"wp","href":"https:\/\/api.w.org\/{rel}","templated":true}]}}

<p>Die Feuerwehr Lindenberg sucht Frauen und Männer, die bereit sind zu helfen und in die Feuerwehr eintreten möchten. Jeder im Alter zwischen 16 und 63 Jahren kann Mitglied in der Feuerwehr werden.<!--more--></p>
<p>In der Feuerwehr Lindenberg sollten 18 Frauen und Männer aktiv sein. Bedingt durch den Wegzug einiger Kameraden, wird diese Stärke zur Zeit nicht mehr erreicht. Sie ist aber notwendig um die Aufgaben der Feuerwehr im vollen Umfang zu erfüllen.</p>
<p>Bei diesem Informationstag besteht die Möglichkeit die Wehr persönlich, ihre Aufgaben und ihre Ausrüstung kennen zu lernen. Die Veranstaltung findet in lockerem Rahmen statt und verpflichtet zu nichts.</p>

<p>Die Feuerwehr Lindenberg sucht Frauen und Männer, die bereit sind zu helfen und in die Feuerwehr eintreten möchten. Jeder im Alter zwischen 16 und 63 Jahren kann Mitglied in der Feuerwehr werden.</p>
