{"id":2151,"date":"2016-01-20T13:01:03","date_gmt":"2016-01-20T12:01:03","guid":{"rendered":"http:\/\/feuerwehr-vglambrecht.de\/cms\/?post_type=tribe_events&#038;p=2151"},"modified":"2016-05-15T18:19:47","modified_gmt":"2016-05-15T16:19:47","slug":"meterfest-feuerwehr-weidenthal","status":"publish","type":"tribe_events","link":"https:\/\/feuerwehr-vglambrecht.de\/cms\/event\/meterfest-feuerwehr-weidenthal\/","title":{"rendered":"Meterfest Feuerwehr Weidenthal"},"content":{"rendered":"<p>Meterfest bei der Weidenthaler Feuerwehr<\/p>\n<p>Am Mittwoch, 25. Mai, startet um 18.00 Uhr das nun auch schon 4. Meterfest der Weidenthaler Feuerwehr im Ger\u00e4tehaus im Langental. Die Veranstaltung, auch Altbierfest genannt, hat sich zu einem wahren Renner entwickelt und ist mittlerweile \u00fcber die Grenzen des Walddorfes hinaus bekannt. Wo sonst gibt es auch einen Meter Altbier oder Krefelder frisch vom Fass, serviert im klassischen Dirndl und das noch abgerundet von weiteren Spezialit\u00e4ten wie frisch gegrillten Haxen oder H\u00e4hnchen. Und wie es sich f\u00fcr solch eine ausgefallene Party geh\u00f6rt, legt DJ Kaidel auf und sorgt f\u00fcr die richtige Stimmung. Und wie zu h\u00f6ren ist, kann auch noch mit einem musikalischen \u00dcberraschungsgast gerechnet werden.<\/p>\n<p><a href=\"http:\/\/feuerwehr-vglambrecht.de\/cms\/wp-content\/uploads\/2016\/01\/image1-145925.jpg\"><img loading=\"lazy\" decoding=\"async\" class=\"aligncenter size-medium wp-image-2998\" src=\"http:\/\/feuerwehr-vglambrecht.de\/cms\/wp-content\/uploads\/2016\/01\/image1-145925-300x298.jpg\" alt=\"Meterfest Weidenthal\" width=\"300\" height=\"298\" srcset=\"https:\/\/feuerwehr-vglambrecht.de\/cms\/wp-content\/uploads\/2016\/01\/image1-145925-300x298.jpg 300w, https:\/\/feuerwehr-vglambrecht.de\/cms\/wp-content\/uploads\/2016\/01\/image1-145925-150x150.jpg 150w, https:\/\/feuerwehr-vglambrecht.de\/cms\/wp-content\/uploads\/2016\/01\/image1-145925-768x762.jpg 768w, https:\/\/feuerwehr-vglambrecht.de\/cms\/wp-content\/uploads\/2016\/01\/image1-145925-1024x1017.jpg 1024w, https:\/\/feuerwehr-vglambrecht.de\/cms\/wp-content\/uploads\/2016\/01\/image1-145925-144x144.jpg 144w, https:\/\/feuerwehr-vglambrecht.de\/cms\/wp-content\/uploads\/2016\/01\/image1-145925-900x894.jpg 900w, https:\/\/feuerwehr-vglambrecht.de\/cms\/wp-content\/uploads\/2016\/01\/image1-145925.jpg 1109w\" sizes=\"auto, (max-width: 300px) 100vw, 300px\" \/><\/a><\/p>\n","protected":false},"excerpt":{"rendered":"<p>Meterfest bei der Weidenthaler Feuerwehr Am Mittwoch, 25. Mai, startet um 18.00 Uhr das nun auch schon 4. Meterfest der Weidenthaler Feuerwehr im Ger\u00e4tehaus im Langental. Die Veranstaltung, auch Altbierfest genannt, hat sich zu einem wahren Renner entwickelt und ist mittlerweile \u00fcber die Grenzen des Walddorfes hinaus bekannt. Wo sonst gibt es auch einen Meter Altbier oder Krefelder frisch vom Fass, serviert im klassischen Dirndl und das noch abgerundet von weiteren Spezialit\u00e4ten wie frisch gegrillten Haxen oder H\u00e4hnchen. Und wie es sich f\u00fcr solch eine ausgefallene Party geh\u00f6rt, legt DJ Kaidel auf und sorgt f\u00fcr die richtige Stimmung. Und wie zu h\u00f6ren ist, kann auch noch mit einem musikalischen \u00dcberraschungsgast gerechnet werden.<\/p>\n","protected":false},"author":1,"featured_media":0,"template":"","meta":{"_tribe_events_status":"","_tribe_events_status_reason":"","footnotes":""},"tags":[],"tribe_events_cat":[80],"class_list":["post-2151","tribe_events","type-tribe_events","status-publish","hentry","tribe_events_cat-fest","cat_fest"],"better_featured_image":null,"_links":{"self":[{"href":"https:\/\/feuerwehr-vglambrecht.de\/cms\/wp-json\/wp\/v2\/tribe_events\/2151","targetHints":{"allow":["GET"]}}],"collection":[{"href":"https:\/\/feuerwehr-vglambrecht.de\/cms\/wp-json\/wp\/v2\/tribe_events"}],"about":[{"href":"https:\/\/feuerwehr-vglambrecht.de\/cms\/wp-json\/wp\/v2\/types\/tribe_events"}],"author":[{"embeddable":true,"href":"https:\/\/feuerwehr-vglambrecht.de\/cms\/wp-json\/wp\/v2\/users\/1"}],"version-history":[{"count":1,"href":"https:\/\/feuerwehr-vglambrecht.de\/cms\/wp-json\/wp\/v2\/tribe_events\/2151\/revisions"}],"predecessor-version":[{"id":2999,"href":"https:\/\/feuerwehr-vglambrecht.de\/cms\/wp-json\/wp\/v2\/tribe_events\/2151\/revisions\/2999"}],"wp:attachment":[{"href":"https:\/\/feuerwehr-vglambrecht.de\/cms\/wp-json\/wp\/v2\/media?parent=2151"}],"wp:term":[{"taxonomy":"post_tag","embeddable":true,"href":"https:\/\/feuerwehr-vglambrecht.de\/cms\/wp-json\/wp\/v2\/tags?post=2151"},{"taxonomy":"tribe_events_cat","embeddable":true,"href":"https:\/\/feuerwehr-vglambrecht.de\/cms\/wp-json\/wp\/v2\/tribe_events_cat?post=2151"}],"curies":[{"name":"wp","href":"https:\/\/api.w.org\/{rel}","templated":true}]}}

<p>Meterfest bei der Weidenthaler Feuerwehr</p>
<p>Am Mittwoch, 25. Mai, startet um 18.00 Uhr das nun auch schon 4. Meterfest der Weidenthaler Feuerwehr im Gerätehaus im Langental. Die Veranstaltung, auch Altbierfest genannt, hat sich zu einem wahren Renner entwickelt und ist mittlerweile über die Grenzen des Walddorfes hinaus bekannt. Wo sonst gibt es auch einen Meter Altbier oder Krefelder frisch vom Fass, serviert im klassischen Dirndl und das noch abgerundet von weiteren Spezialitäten wie frisch gegrillten Haxen oder Hähnchen. Und wie es sich für solch eine ausgefallene Party gehört, legt DJ Kaidel auf und sorgt für die richtige Stimmung. Und wie zu hören ist, kann auch noch mit einem musikalischen Überraschungsgast gerechnet werden.</p>
<p><a href="http://feuerwehr-vglambrecht.de/cms/wp-content/uploads/2016/01/image1-145925.jpg"><img loading="lazy" decoding="async" class="aligncenter size-medium wp-image-2998" src="http://feuerwehr-vglambrecht.de/cms/wp-content/uploads/2016/01/image1-145925-300x298.jpg" alt="Meterfest Weidenthal" width="300" height="298" srcset="https://feuerwehr-vglambrecht.de/cms/wp-content/uploads/2016/01/image1-145925-300x298.jpg 300w, https://feuerwehr-vglambrecht.de/cms/wp-content/uploads/2016/01/image1-145925-150x150.jpg 150w, https://feuerwehr-vglambrecht.de/cms/wp-content/uploads/2016/01/image1-145925-768x762.jpg 768w, https://feuerwehr-vglambrecht.de/cms/wp-content/uploads/2016/01/image1-145925-1024x1017.jpg 1024w, https://feuerwehr-vglambrecht.de/cms/wp-content/uploads/2016/01/image1-145925-144x144.jpg 144w, https://feuerwehr-vglambrecht.de/cms/wp-content/uploads/2016/01/image1-145925-900x894.jpg 900w, https://feuerwehr-vglambrecht.de/cms/wp-content/uploads/2016/01/image1-145925.jpg 1109w" sizes="auto, (max-width: 300px) 100vw, 300px" /></a></p>

<p>Meterfest bei der Weidenthaler Feuerwehr Am Mittwoch, 25. Mai, startet um 18.00 Uhr das nun auch schon 4. Meterfest der Weidenthaler Feuerwehr im Gerätehaus im Langental. Die Veranstaltung, auch Altbierfest genannt, hat sich zu einem wahren Renner entwickelt und ist mittlerweile über die Grenzen des Walddorfes hinaus bekannt. Wo sonst gibt es auch einen Meter Altbier oder Krefelder frisch vom Fass, serviert im klassischen Dirndl und das noch abgerundet von weiteren Spezialitäten wie frisch gegrillten Haxen oder Hähnchen. Und wie es sich für solch eine ausgefallene Party gehört, legt DJ Kaidel auf und sorgt für die richtige Stimmung. Und wie zu hören ist, kann auch noch mit einem musikalischen Überraschungsgast gerechnet werden.</p>
