{"id":14335,"date":"2025-10-10T16:58:25","date_gmt":"2025-10-10T14:58:25","guid":{"rendered":"https:\/\/feuerwehr-vglambrecht.de\/cms\/?post_type=tribe_events&#038;p=14335"},"modified":"2025-10-10T16:58:25","modified_gmt":"2025-10-10T14:58:25","slug":"sankt-martinsumzug-2025","status":"publish","type":"tribe_events","link":"https:\/\/feuerwehr-vglambrecht.de\/cms\/event\/sankt-martinsumzug-2025\/","title":{"rendered":"Sankt Martinsumzug 2025"},"content":{"rendered":"<p class=\"whitespace-break-spaces\"><strong>Sankt Martinsumzug<\/strong> am <strong>Di. 11.11.2025<\/strong> in Neidenfels<\/p>\n<ul>\n<li>Start des Martinsumzugs um 17:30 Uhr auf dem B\u00fcrgerplatz<\/li>\n<li>Ab ca. 18:30 Uhr Martinsfeuer auf dem B\u00fcrgerplatz<\/li>\n<li>Kinderpunsch, Gl\u00fchwein &amp; Bratwurst bei der Feuerwehr Neidenfels<\/li>\n<\/ul>\n<p class=\"whitespace-break-spaces\">Alle Einnahmen kommen der KiTa Abenteuerland zugute.<\/p>\n<p class=\"whitespace-break-spaces\">Die Feuerwehr &amp; KiTa Neidenfels freuen sich auf euren Besuch.<\/p>\n<p><a href=\"https:\/\/feuerwehr-vglambrecht.de\/cms\/wp-content\/uploads\/2025\/10\/sankt-martin-2025.png\"><img loading=\"lazy\" decoding=\"async\" class=\"aligncenter wp-image-14336 size-medium\" src=\"https:\/\/feuerwehr-vglambrecht.de\/cms\/wp-content\/uploads\/2025\/10\/sankt-martin-2025-212x300.png\" alt=\"\" width=\"212\" height=\"300\" srcset=\"https:\/\/feuerwehr-vglambrecht.de\/cms\/wp-content\/uploads\/2025\/10\/sankt-martin-2025-212x300.png 212w, https:\/\/feuerwehr-vglambrecht.de\/cms\/wp-content\/uploads\/2025\/10\/sankt-martin-2025-768x1086.png 768w, https:\/\/feuerwehr-vglambrecht.de\/cms\/wp-content\/uploads\/2025\/10\/sankt-martin-2025-724x1024.png 724w, https:\/\/feuerwehr-vglambrecht.de\/cms\/wp-content\/uploads\/2025\/10\/sankt-martin-2025.png 794w\" sizes=\"auto, (max-width: 212px) 100vw, 212px\" \/><\/a><\/p>\n","protected":false},"excerpt":{"rendered":"<p>Sankt Martinsumzug am Di. 11.11.2025 in Neidenfels Start des Martinsumzugs um 17:30 Uhr auf dem B\u00fcrgerplatz Ab ca. 18:30 Uhr Martinsfeuer auf dem B\u00fcrgerplatz Kinderpunsch, Gl\u00fchwein &amp; Bratwurst bei der Feuerwehr Neidenfels Alle Einnahmen kommen der KiTa Abenteuerland zugute. Die Feuerwehr &amp; KiTa Neidenfels freuen sich auf euren Besuch.<\/p>\n","protected":false},"author":1,"featured_media":14336,"template":"","meta":{"_tribe_events_status":"","_tribe_events_status_reason":"","footnotes":""},"tags":[],"tribe_events_cat":[],"class_list":["post-14335","tribe_events","type-tribe_events","status-publish","has-post-thumbnail","hentry"],"better_featured_image":{"id":14336,"alt_text":"","caption":"","description":"","media_type":"image","media_details":{"width":794,"height":1123,"file":"2025\/10\/sankt-martin-2025.png","filesize":300222,"sizes":{"medium_large":{"file":"sankt-martin-2025-768x1086.png","width":768,"height":1086,"mime-type":"image\/png","filesize":254231,"source_url":"https:\/\/feuerwehr-vglambrecht.de\/cms\/wp-content\/uploads\/2025\/10\/sankt-martin-2025-768x1086.png"},"wptouch-new-thumbnail":{"file":"sankt-martin-2025-144x144.png","width":144,"height":144,"mime-type":"image\/png","filesize":20293,"source_url":"https:\/\/feuerwehr-vglambrecht.de\/cms\/wp-content\/uploads\/2025\/10\/sankt-martin-2025-144x144.png"},"landing_image":{"file":"sankt-martin-2025-794x460.png","width":794,"height":460,"mime-type":"image\/png","filesize":82211,"source_url":"https:\/\/feuerwehr-vglambrecht.de\/cms\/wp-content\/uploads\/2025\/10\/sankt-martin-2025-794x460.png"},"thumbnail":{"file":"sankt-martin-2025-150x150.png","width":150,"height":150,"source_url":"https:\/\/feuerwehr-vglambrecht.de\/cms\/wp-content\/uploads\/2025\/10\/sankt-martin-2025-150x150.png"},"medium":{"file":"sankt-martin-2025-212x300.png","width":212,"height":300,"source_url":"https:\/\/feuerwehr-vglambrecht.de\/cms\/wp-content\/uploads\/2025\/10\/sankt-martin-2025-212x300.png"},"large":{"file":"sankt-martin-2025-724x1024.png","width":724,"height":1024,"source_url":"https:\/\/feuerwehr-vglambrecht.de\/cms\/wp-content\/uploads\/2025\/10\/sankt-martin-2025-724x1024.png"}},"image_meta":{"aperture":"0","credit":"","camera":"","caption":"","created_timestamp":"0","copyright":"","focal_length":"0","iso":"0","shutter_speed":"0","title":"","orientation":"0","keywords":[]},"image-converter":{"thumbnail":"IME","medium":"IME","large":"IME"}},"post":14335,"source_url":"https:\/\/feuerwehr-vglambrecht.de\/cms\/wp-content\/uploads\/2025\/10\/sankt-martin-2025.png"},"_links":{"self":[{"href":"https:\/\/feuerwehr-vglambrecht.de\/cms\/wp-json\/wp\/v2\/tribe_events\/14335","targetHints":{"allow":["GET"]}}],"collection":[{"href":"https:\/\/feuerwehr-vglambrecht.de\/cms\/wp-json\/wp\/v2\/tribe_events"}],"about":[{"href":"https:\/\/feuerwehr-vglambrecht.de\/cms\/wp-json\/wp\/v2\/types\/tribe_events"}],"author":[{"embeddable":true,"href":"https:\/\/feuerwehr-vglambrecht.de\/cms\/wp-json\/wp\/v2\/users\/1"}],"version-history":[{"count":4,"href":"https:\/\/feuerwehr-vglambrecht.de\/cms\/wp-json\/wp\/v2\/tribe_events\/14335\/revisions"}],"predecessor-version":[{"id":14339,"href":"https:\/\/feuerwehr-vglambrecht.de\/cms\/wp-json\/wp\/v2\/tribe_events\/14335\/revisions\/14339"}],"wp:featuredmedia":[{"embeddable":true,"href":"https:\/\/feuerwehr-vglambrecht.de\/cms\/wp-json\/wp\/v2\/media\/14336"}],"wp:attachment":[{"href":"https:\/\/feuerwehr-vglambrecht.de\/cms\/wp-json\/wp\/v2\/media?parent=14335"}],"wp:term":[{"taxonomy":"post_tag","embeddable":true,"href":"https:\/\/feuerwehr-vglambrecht.de\/cms\/wp-json\/wp\/v2\/tags?post=14335"},{"taxonomy":"tribe_events_cat","embeddable":true,"href":"https:\/\/feuerwehr-vglambrecht.de\/cms\/wp-json\/wp\/v2\/tribe_events_cat?post=14335"}],"curies":[{"name":"wp","href":"https:\/\/api.w.org\/{rel}","templated":true}]}}

<p class="whitespace-break-spaces"><strong>Sankt Martinsumzug</strong> am <strong>Di. 11.11.2025</strong> in Neidenfels</p>
<ul>
<li>Start des Martinsumzugs um 17:30 Uhr auf dem Bürgerplatz</li>
<li>Ab ca. 18:30 Uhr Martinsfeuer auf dem Bürgerplatz</li>
<li>Kinderpunsch, Glühwein &amp; Bratwurst bei der Feuerwehr Neidenfels</li>
</ul>
<p class="whitespace-break-spaces">Alle Einnahmen kommen der KiTa Abenteuerland zugute.</p>
<p class="whitespace-break-spaces">Die Feuerwehr &amp; KiTa Neidenfels freuen sich auf euren Besuch.</p>
<p><a href="https://feuerwehr-vglambrecht.de/cms/wp-content/uploads/2025/10/sankt-martin-2025.png"><img loading="lazy" decoding="async" class="aligncenter wp-image-14336 size-medium" src="https://feuerwehr-vglambrecht.de/cms/wp-content/uploads/2025/10/sankt-martin-2025-212x300.png" alt="" width="212" height="300" srcset="https://feuerwehr-vglambrecht.de/cms/wp-content/uploads/2025/10/sankt-martin-2025-212x300.png 212w, https://feuerwehr-vglambrecht.de/cms/wp-content/uploads/2025/10/sankt-martin-2025-768x1086.png 768w, https://feuerwehr-vglambrecht.de/cms/wp-content/uploads/2025/10/sankt-martin-2025-724x1024.png 724w, https://feuerwehr-vglambrecht.de/cms/wp-content/uploads/2025/10/sankt-martin-2025.png 794w" sizes="auto, (max-width: 212px) 100vw, 212px" /></a></p>

<p>Sankt Martinsumzug am Di. 11.11.2025 in Neidenfels Start des Martinsumzugs um 17:30 Uhr auf dem Bürgerplatz Ab ca. 18:30 Uhr Martinsfeuer auf dem Bürgerplatz Kinderpunsch, Glühwein &amp; Bratwurst bei der Feuerwehr Neidenfels Alle Einnahmen kommen der KiTa Abenteuerland zugute. Die Feuerwehr &amp; KiTa Neidenfels freuen sich auf euren Besuch.</p>
