{"id":13932,"date":"2025-06-23T10:18:36","date_gmt":"2025-06-23T08:18:36","guid":{"rendered":"https:\/\/feuerwehr-vglambrecht.de\/cms\/?post_type=tribe_events&#038;p=13932"},"modified":"2025-06-23T10:18:36","modified_gmt":"2025-06-23T08:18:36","slug":"tag-der-feuerwehr-weidenthal-2","status":"publish","type":"tribe_events","link":"https:\/\/feuerwehr-vglambrecht.de\/cms\/event\/tag-der-feuerwehr-weidenthal-2\/","title":{"rendered":"Tag der Feuerwehr Weidenthal"},"content":{"rendered":"<p>Tag der Feuerwehr Weidenthal<br \/>\n29. Juni 2025<\/p>\n<ul>\n<li>Ab 11 Uhr Fr\u00fchschoppen<\/li>\n<li>Ab 12 Uhr Mittagessen<\/li>\n<li>Schnitzel, Currywurst, Bratwurst, Steak, Kartoffelsalat und Pommes<br \/>\nKaffee und Kuchen<\/li>\n<li>Mitmachstationen f\u00fcr Gro\u00df und Klein<\/li>\n<li>Fahrzeugausstellung<\/li>\n<\/ul>\n<p>Feuerwehrger\u00e4tehaus<br \/>\nLangentalstr. 11<br \/>\n67475 Weidenthal<\/p>\n<p>Freiwillige Feuerwehr Weidenthal<br \/>\nF\u00f6rderverein Feuerwehr Weidenthal<\/p>\n","protected":false},"excerpt":{"rendered":"<p>Tag der Feuerwehr Weidenthal 29. Juni 2025 Ab 11 Uhr Fr\u00fchschoppen Ab 12 Uhr Mittagessen Schnitzel, Currywurst, Bratwurst, Steak, Kartoffelsalat und Pommes Kaffee und Kuchen Mitmachstationen f\u00fcr Gro\u00df und Klein Fahrzeugausstellung Feuerwehrger\u00e4tehaus Langentalstr. 11 67475 Weidenthal Freiwillige Feuerwehr Weidenthal F\u00f6rderverein Feuerwehr Weidenthal<\/p>\n","protected":false},"author":1,"featured_media":13933,"template":"","meta":{"_tribe_events_status":"","_tribe_events_status_reason":"","footnotes":""},"tags":[136],"tribe_events_cat":[],"class_list":["post-13932","tribe_events","type-tribe_events","status-publish","has-post-thumbnail","hentry","tag-weidenthal"],"better_featured_image":{"id":13933,"alt_text":"","caption":"","description":"","media_type":"image","media_details":{"width":734,"height":900,"file":"2025\/06\/Screenshot-2025-06-23-at-10-11-07-Unbenannt-04.-Juni-2025-um-20.18.20-Unbenannt-1-9.pdf.png","filesize":745577,"sizes":{"wptouch-new-thumbnail":{"file":"Screenshot-2025-06-23-at-10-11-07-Unbenannt-04.-Juni-2025-um-20.18.20-Unbenannt-1-9.pdf-144x144.png","width":144,"height":144,"mime-type":"image\/png","filesize":33594,"source_url":"https:\/\/feuerwehr-vglambrecht.de\/cms\/wp-content\/uploads\/2025\/06\/Screenshot-2025-06-23-at-10-11-07-Unbenannt-04.-Juni-2025-um-20.18.20-Unbenannt-1-9.pdf-144x144.png"},"landing_image":{"file":"Screenshot-2025-06-23-at-10-11-07-Unbenannt-04.-Juni-2025-um-20.18.20-Unbenannt-1-9.pdf-734x460.png","width":734,"height":460,"mime-type":"image\/png","filesize":344667,"source_url":"https:\/\/feuerwehr-vglambrecht.de\/cms\/wp-content\/uploads\/2025\/06\/Screenshot-2025-06-23-at-10-11-07-Unbenannt-04.-Juni-2025-um-20.18.20-Unbenannt-1-9.pdf-734x460.png"},"thumbnail":{"file":"Screenshot-2025-06-23-at-10-11-07-Unbenannt-04.-Juni-2025-um-20.18.20-Unbenannt-1-9.pdf-150x150.png","width":150,"height":150,"source_url":"https:\/\/feuerwehr-vglambrecht.de\/cms\/wp-content\/uploads\/2025\/06\/Screenshot-2025-06-23-at-10-11-07-Unbenannt-04.-Juni-2025-um-20.18.20-Unbenannt-1-9.pdf-150x150.png"},"medium":{"file":"Screenshot-2025-06-23-at-10-11-07-Unbenannt-04.-Juni-2025-um-20.18.20-Unbenannt-1-9.pdf-245x300.png","width":245,"height":300,"source_url":"https:\/\/feuerwehr-vglambrecht.de\/cms\/wp-content\/uploads\/2025\/06\/Screenshot-2025-06-23-at-10-11-07-Unbenannt-04.-Juni-2025-um-20.18.20-Unbenannt-1-9.pdf-245x300.png"}},"image_meta":{"aperture":"0","credit":"","camera":"","caption":"","created_timestamp":"0","copyright":"","focal_length":"0","iso":"0","shutter_speed":"0","title":"","orientation":"0","keywords":[]},"image-converter":{"thumbnail":"IME","medium":"IME"}},"post":13932,"source_url":"https:\/\/feuerwehr-vglambrecht.de\/cms\/wp-content\/uploads\/2025\/06\/Screenshot-2025-06-23-at-10-11-07-Unbenannt-04.-Juni-2025-um-20.18.20-Unbenannt-1-9.pdf.png"},"_links":{"self":[{"href":"https:\/\/feuerwehr-vglambrecht.de\/cms\/wp-json\/wp\/v2\/tribe_events\/13932","targetHints":{"allow":["GET"]}}],"collection":[{"href":"https:\/\/feuerwehr-vglambrecht.de\/cms\/wp-json\/wp\/v2\/tribe_events"}],"about":[{"href":"https:\/\/feuerwehr-vglambrecht.de\/cms\/wp-json\/wp\/v2\/types\/tribe_events"}],"author":[{"embeddable":true,"href":"https:\/\/feuerwehr-vglambrecht.de\/cms\/wp-json\/wp\/v2\/users\/1"}],"version-history":[{"count":2,"href":"https:\/\/feuerwehr-vglambrecht.de\/cms\/wp-json\/wp\/v2\/tribe_events\/13932\/revisions"}],"predecessor-version":[{"id":13938,"href":"https:\/\/feuerwehr-vglambrecht.de\/cms\/wp-json\/wp\/v2\/tribe_events\/13932\/revisions\/13938"}],"wp:featuredmedia":[{"embeddable":true,"href":"https:\/\/feuerwehr-vglambrecht.de\/cms\/wp-json\/wp\/v2\/media\/13933"}],"wp:attachment":[{"href":"https:\/\/feuerwehr-vglambrecht.de\/cms\/wp-json\/wp\/v2\/media?parent=13932"}],"wp:term":[{"taxonomy":"post_tag","embeddable":true,"href":"https:\/\/feuerwehr-vglambrecht.de\/cms\/wp-json\/wp\/v2\/tags?post=13932"},{"taxonomy":"tribe_events_cat","embeddable":true,"href":"https:\/\/feuerwehr-vglambrecht.de\/cms\/wp-json\/wp\/v2\/tribe_events_cat?post=13932"}],"curies":[{"name":"wp","href":"https:\/\/api.w.org\/{rel}","templated":true}]}}

<p>Tag der Feuerwehr Weidenthal<br />
29. Juni 2025</p>
<ul>
<li>Ab 11 Uhr Frühschoppen</li>
<li>Ab 12 Uhr Mittagessen</li>
<li>Schnitzel, Currywurst, Bratwurst, Steak, Kartoffelsalat und Pommes<br />
Kaffee und Kuchen</li>
<li>Mitmachstationen für Groß und Klein</li>
<li>Fahrzeugausstellung</li>
</ul>
<p>Feuerwehrgerätehaus<br />
Langentalstr. 11<br />
67475 Weidenthal</p>
<p>Freiwillige Feuerwehr Weidenthal<br />
Förderverein Feuerwehr Weidenthal</p>

<p>Tag der Feuerwehr Weidenthal 29. Juni 2025 Ab 11 Uhr Frühschoppen Ab 12 Uhr Mittagessen Schnitzel, Currywurst, Bratwurst, Steak, Kartoffelsalat und Pommes Kaffee und Kuchen Mitmachstationen für Groß und Klein Fahrzeugausstellung Feuerwehrgerätehaus Langentalstr. 11 67475 Weidenthal Freiwillige Feuerwehr Weidenthal Förderverein Feuerwehr Weidenthal</p>
