{"id":12074,"date":"2023-10-27T14:31:05","date_gmt":"2023-10-27T12:31:05","guid":{"rendered":"https:\/\/feuerwehr-vglambrecht.de\/cms\/?post_type=tribe_events&#038;p=12074"},"modified":"2023-10-27T14:31:05","modified_gmt":"2023-10-27T12:31:05","slug":"st-martinsfest-lambrecht-2023","status":"publish","type":"tribe_events","link":"https:\/\/feuerwehr-vglambrecht.de\/cms\/event\/st-martinsfest-lambrecht-2023\/","title":{"rendered":"St. Martinsfest Lambrecht 2023"},"content":{"rendered":"<p>Die Feuerwehr Lambrecht l\u00e4dt zum St. Martinsfest am 10.11.2023 ein.<\/p>\n<p>Treffpunkt: 18:00Uhr, Friedrich-Ebert-Br\u00fccke<\/p>\n<p>Laternenumzug zur Feuerwehr mit Martinsfeuer im Hof.<\/p>\n<p>F\u00fcr Essen und Getr\u00e4nke ist gesorgt. Der Erl\u00f6s kommt der Kita und Grundschule Lambrecht zugute.<\/p>\n<p>Wir freuen uns auf Ihren Besuch!<\/p>\n<p>&nbsp;<\/p>\n<p>Die Martinsbrezeln wurden gespendet von der Firma: Markus Kesberger<\/p>\n","protected":false},"excerpt":{"rendered":"<p>Die Feuerwehr Lambrecht l\u00e4dt zum St. Martinsfest am 10.11.2023 ein. Treffpunkt: 18:00Uhr, Friedrich-Ebert-Br\u00fccke Laternenumzug zur Feuerwehr mit Martinsfeuer im Hof. F\u00fcr Essen und Getr\u00e4nke ist gesorgt. Der Erl\u00f6s kommt der Kita und Grundschule Lambrecht zugute. Wir freuen uns auf Ihren Besuch! &nbsp; Die Martinsbrezeln wurden gespendet von der Firma: Markus Kesberger<\/p>\n","protected":false},"author":17,"featured_media":12075,"template":"","meta":{"_tribe_events_status":"","_tribe_events_status_reason":"","footnotes":""},"tags":[],"tribe_events_cat":[],"class_list":["post-12074","tribe_events","type-tribe_events","status-publish","has-post-thumbnail","hentry"],"better_featured_image":{"id":12075,"alt_text":"","caption":"","description":"","media_type":"image","media_details":{"width":570,"height":805,"file":"2023\/10\/Flyer-St-Martin-2023.png","filesize":277430,"sizes":{"wptouch-new-thumbnail":{"file":"Flyer-St-Martin-2023-144x144.png","width":144,"height":144,"mime-type":"image\/png","filesize":26899,"source_url":"https:\/\/feuerwehr-vglambrecht.de\/cms\/wp-content\/uploads\/2023\/10\/Flyer-St-Martin-2023-144x144.png"},"landing_image":{"file":"Flyer-St-Martin-2023-570x460.png","width":570,"height":460,"mime-type":"image\/png","filesize":185429,"source_url":"https:\/\/feuerwehr-vglambrecht.de\/cms\/wp-content\/uploads\/2023\/10\/Flyer-St-Martin-2023-570x460.png"},"thumbnail":{"file":"Flyer-St-Martin-2023-150x150.png","width":150,"height":150,"source_url":"https:\/\/feuerwehr-vglambrecht.de\/cms\/wp-content\/uploads\/2023\/10\/Flyer-St-Martin-2023-150x150.png"},"medium":{"file":"Flyer-St-Martin-2023-212x300.png","width":212,"height":300,"source_url":"https:\/\/feuerwehr-vglambrecht.de\/cms\/wp-content\/uploads\/2023\/10\/Flyer-St-Martin-2023-212x300.png"}},"image_meta":{"aperture":"0","credit":"","camera":"","caption":"","created_timestamp":"0","copyright":"","focal_length":"0","iso":"0","shutter_speed":"0","title":"","orientation":"0","keywords":[]},"image-converter":{"thumbnail":"IME","medium":"IME"}},"post":12074,"source_url":"https:\/\/feuerwehr-vglambrecht.de\/cms\/wp-content\/uploads\/2023\/10\/Flyer-St-Martin-2023.png"},"_links":{"self":[{"href":"https:\/\/feuerwehr-vglambrecht.de\/cms\/wp-json\/wp\/v2\/tribe_events\/12074","targetHints":{"allow":["GET"]}}],"collection":[{"href":"https:\/\/feuerwehr-vglambrecht.de\/cms\/wp-json\/wp\/v2\/tribe_events"}],"about":[{"href":"https:\/\/feuerwehr-vglambrecht.de\/cms\/wp-json\/wp\/v2\/types\/tribe_events"}],"author":[{"embeddable":true,"href":"https:\/\/feuerwehr-vglambrecht.de\/cms\/wp-json\/wp\/v2\/users\/17"}],"version-history":[{"count":1,"href":"https:\/\/feuerwehr-vglambrecht.de\/cms\/wp-json\/wp\/v2\/tribe_events\/12074\/revisions"}],"predecessor-version":[{"id":12076,"href":"https:\/\/feuerwehr-vglambrecht.de\/cms\/wp-json\/wp\/v2\/tribe_events\/12074\/revisions\/12076"}],"wp:featuredmedia":[{"embeddable":true,"href":"https:\/\/feuerwehr-vglambrecht.de\/cms\/wp-json\/wp\/v2\/media\/12075"}],"wp:attachment":[{"href":"https:\/\/feuerwehr-vglambrecht.de\/cms\/wp-json\/wp\/v2\/media?parent=12074"}],"wp:term":[{"taxonomy":"post_tag","embeddable":true,"href":"https:\/\/feuerwehr-vglambrecht.de\/cms\/wp-json\/wp\/v2\/tags?post=12074"},{"taxonomy":"tribe_events_cat","embeddable":true,"href":"https:\/\/feuerwehr-vglambrecht.de\/cms\/wp-json\/wp\/v2\/tribe_events_cat?post=12074"}],"curies":[{"name":"wp","href":"https:\/\/api.w.org\/{rel}","templated":true}]}}

<p>Die Feuerwehr Lambrecht lädt zum St. Martinsfest am 10.11.2023 ein.</p>
<p>Treffpunkt: 18:00Uhr, Friedrich-Ebert-Brücke</p>
<p>Laternenumzug zur Feuerwehr mit Martinsfeuer im Hof.</p>
<p>Für Essen und Getränke ist gesorgt. Der Erlös kommt der Kita und Grundschule Lambrecht zugute.</p>
<p>Wir freuen uns auf Ihren Besuch!</p>
<p>&nbsp;</p>
<p>Die Martinsbrezeln wurden gespendet von der Firma: Markus Kesberger</p>

<p>Die Feuerwehr Lambrecht lädt zum St. Martinsfest am 10.11.2023 ein. Treffpunkt: 18:00Uhr, Friedrich-Ebert-Brücke Laternenumzug zur Feuerwehr mit Martinsfeuer im Hof. Für Essen und Getränke ist gesorgt. Der Erlös kommt der Kita und Grundschule Lambrecht zugute. Wir freuen uns auf Ihren Besuch! &nbsp; Die Martinsbrezeln wurden gespendet von der Firma: Markus Kesberger</p>
