{"id":11571,"date":"2023-06-11T16:10:46","date_gmt":"2023-06-11T14:10:46","guid":{"rendered":"https:\/\/feuerwehr-vglambrecht.de\/cms\/?post_type=tribe_events&#038;p=11571"},"modified":"2023-06-11T16:16:07","modified_gmt":"2023-06-11T14:16:07","slug":"feuerwehrfest-iggelbach-2023","status":"publish","type":"tribe_events","link":"https:\/\/feuerwehr-vglambrecht.de\/cms\/event\/feuerwehrfest-iggelbach-2023\/","title":{"rendered":"Feuerwehrfest Iggelbach 2023"},"content":{"rendered":"<p>Feuerwehrfest Iggelbach<br \/>\n01. + 02. JULI 2023<br \/>\nam Dorfplatz<\/p>\n<p>Samstag ab 17:00 Uhr<br \/>\nSonntag ab 10:00 Uhr<\/p>\n<p>Samstag + Sonntag<br \/>\nIggelbacher<br \/>\nGRUSCHDELMARKT<\/p>\n<p>am Samstagabend<br \/>\nLive-Musik mit<br \/>\nDU &amp; ICH<\/p>\n<p>F\u00fcr Speis und Trank ist wie immer gesorgt:<br \/>\nNeben Spie\u00dfbraten, Bratw\u00fcrsten und weiteren Leckereien, gibt es am Sonntag selbstgebackenen Kuchen und nat\u00fcrlich unsere beliebten H\u00e4hnchen vom Grill!<\/p>\n<p>FREITAG, 30.06.: ZUM \u201eEINSTIMMEN\u201c MUSIK VOM BIERENBERG!<\/p>\n<p>Plakat herunterladen: <a href=\"https:\/\/feuerwehr-vglambrecht.de\/cms\/wp-content\/uploads\/2023\/06\/FFW-Iggelbach_Plakat_2023-0.pdf\" target=\"_blank\" rel=\"noopener\">Iggelbach Plakat 2023<\/a><\/p>\n","protected":false},"excerpt":{"rendered":"<p>Feuerwehrfest Iggelbach 01. + 02. JULI 2023 am Dorfplatz Samstag ab 17:00 Uhr Sonntag ab 10:00 Uhr Samstag + Sonntag Iggelbacher GRUSCHDELMARKT am Samstagabend Live-Musik mit DU &amp; ICH F\u00fcr Speis und Trank ist wie immer gesorgt: Neben Spie\u00dfbraten, Bratw\u00fcrsten und weiteren Leckereien, gibt es am Sonntag selbstgebackenen Kuchen und nat\u00fcrlich unsere beliebten H\u00e4hnchen vom Grill! FREITAG, 30.06.: ZUM \u201eEINSTIMMEN\u201c MUSIK VOM BIERENBERG! Plakat herunterladen: Iggelbach Plakat 2023<\/p>\n","protected":false},"author":17,"featured_media":11573,"template":"","meta":{"_tribe_events_status":"","_tribe_events_status_reason":"","footnotes":""},"tags":[143],"tribe_events_cat":[],"class_list":["post-11571","tribe_events","type-tribe_events","status-publish","has-post-thumbnail","hentry","tag-iggelbach"],"better_featured_image":{"id":11573,"alt_text":"","caption":"","description":"","media_type":"image","media_details":{"width":4678,"height":6615,"file":"2023\/06\/FFW-Iggelbach_Plakat_2023-0-1.png","filesize":6208654,"sizes":{"medium_large":{"file":"FFW-Iggelbach_Plakat_2023-0-1-768x1086.png","width":768,"height":1086,"mime-type":"image\/png","filesize":669997,"source_url":"https:\/\/feuerwehr-vglambrecht.de\/cms\/wp-content\/uploads\/2023\/06\/FFW-Iggelbach_Plakat_2023-0-1-768x1086.png"},"1536x1536":{"file":"FFW-Iggelbach_Plakat_2023-0-1-1086x1536.png","width":1086,"height":1536,"mime-type":"image\/png","filesize":1176022,"source_url":"https:\/\/feuerwehr-vglambrecht.de\/cms\/wp-content\/uploads\/2023\/06\/FFW-Iggelbach_Plakat_2023-0-1-1086x1536.png"},"wptouch-new-thumbnail":{"file":"FFW-Iggelbach_Plakat_2023-0-1-144x144.png","width":144,"height":144,"mime-type":"image\/png","filesize":27098,"source_url":"https:\/\/feuerwehr-vglambrecht.de\/cms\/wp-content\/uploads\/2023\/06\/FFW-Iggelbach_Plakat_2023-0-1-144x144.png"},"landing_image":{"file":"FFW-Iggelbach_Plakat_2023-0-1-1024x460.png","width":1024,"height":460,"mime-type":"image\/png","filesize":220549,"source_url":"https:\/\/feuerwehr-vglambrecht.de\/cms\/wp-content\/uploads\/2023\/06\/FFW-Iggelbach_Plakat_2023-0-1-1024x460.png"},"thumbnail":{"file":"FFW-Iggelbach_Plakat_2023-0-1-150x150.png","width":150,"height":150,"source_url":"https:\/\/feuerwehr-vglambrecht.de\/cms\/wp-content\/uploads\/2023\/06\/FFW-Iggelbach_Plakat_2023-0-1-150x150.png"},"medium":{"file":"FFW-Iggelbach_Plakat_2023-0-1-212x300.png","width":212,"height":300,"source_url":"https:\/\/feuerwehr-vglambrecht.de\/cms\/wp-content\/uploads\/2023\/06\/FFW-Iggelbach_Plakat_2023-0-1-212x300.png"},"large":{"file":"FFW-Iggelbach_Plakat_2023-0-1-724x1024.png","width":724,"height":1024,"source_url":"https:\/\/feuerwehr-vglambrecht.de\/cms\/wp-content\/uploads\/2023\/06\/FFW-Iggelbach_Plakat_2023-0-1-724x1024.png"}},"image_meta":{"aperture":"0","credit":"","camera":"","caption":"","created_timestamp":"0","copyright":"","focal_length":"0","iso":"0","shutter_speed":"0","title":"","orientation":"0","keywords":[]},"image-converter":{"thumbnail":"IME","medium":"IME","large":"IME"}},"post":11571,"source_url":"https:\/\/feuerwehr-vglambrecht.de\/cms\/wp-content\/uploads\/2023\/06\/FFW-Iggelbach_Plakat_2023-0-1.png"},"_links":{"self":[{"href":"https:\/\/feuerwehr-vglambrecht.de\/cms\/wp-json\/wp\/v2\/tribe_events\/11571","targetHints":{"allow":["GET"]}}],"collection":[{"href":"https:\/\/feuerwehr-vglambrecht.de\/cms\/wp-json\/wp\/v2\/tribe_events"}],"about":[{"href":"https:\/\/feuerwehr-vglambrecht.de\/cms\/wp-json\/wp\/v2\/types\/tribe_events"}],"author":[{"embeddable":true,"href":"https:\/\/feuerwehr-vglambrecht.de\/cms\/wp-json\/wp\/v2\/users\/17"}],"version-history":[{"count":3,"href":"https:\/\/feuerwehr-vglambrecht.de\/cms\/wp-json\/wp\/v2\/tribe_events\/11571\/revisions"}],"predecessor-version":[{"id":11683,"href":"https:\/\/feuerwehr-vglambrecht.de\/cms\/wp-json\/wp\/v2\/tribe_events\/11571\/revisions\/11683"}],"wp:featuredmedia":[{"embeddable":true,"href":"https:\/\/feuerwehr-vglambrecht.de\/cms\/wp-json\/wp\/v2\/media\/11573"}],"wp:attachment":[{"href":"https:\/\/feuerwehr-vglambrecht.de\/cms\/wp-json\/wp\/v2\/media?parent=11571"}],"wp:term":[{"taxonomy":"post_tag","embeddable":true,"href":"https:\/\/feuerwehr-vglambrecht.de\/cms\/wp-json\/wp\/v2\/tags?post=11571"},{"taxonomy":"tribe_events_cat","embeddable":true,"href":"https:\/\/feuerwehr-vglambrecht.de\/cms\/wp-json\/wp\/v2\/tribe_events_cat?post=11571"}],"curies":[{"name":"wp","href":"https:\/\/api.w.org\/{rel}","templated":true}]}}

<p>Feuerwehrfest Iggelbach<br />
01. + 02. JULI 2023<br />
am Dorfplatz</p>
<p>Samstag ab 17:00 Uhr<br />
Sonntag ab 10:00 Uhr</p>
<p>Samstag + Sonntag<br />
Iggelbacher<br />
GRUSCHDELMARKT</p>
<p>am Samstagabend<br />
Live-Musik mit<br />
DU &amp; ICH</p>
<p>Für Speis und Trank ist wie immer gesorgt:<br />
Neben Spießbraten, Bratwürsten und weiteren Leckereien, gibt es am Sonntag selbstgebackenen Kuchen und natürlich unsere beliebten Hähnchen vom Grill!</p>
<p>FREITAG, 30.06.: ZUM „EINSTIMMEN“ MUSIK VOM BIERENBERG!</p>
<p>Plakat herunterladen: <a href="https://feuerwehr-vglambrecht.de/cms/wp-content/uploads/2023/06/FFW-Iggelbach_Plakat_2023-0.pdf" target="_blank" rel="noopener">Iggelbach Plakat 2023</a></p>

<p>Feuerwehrfest Iggelbach 01. + 02. JULI 2023 am Dorfplatz Samstag ab 17:00 Uhr Sonntag ab 10:00 Uhr Samstag + Sonntag Iggelbacher GRUSCHDELMARKT am Samstagabend Live-Musik mit DU &amp; ICH Für Speis und Trank ist wie immer gesorgt: Neben Spießbraten, Bratwürsten und weiteren Leckereien, gibt es am Sonntag selbstgebackenen Kuchen und natürlich unsere beliebten Hähnchen vom Grill! FREITAG, 30.06.: ZUM „EINSTIMMEN“ MUSIK VOM BIERENBERG! Plakat herunterladen: Iggelbach Plakat 2023</p>
