{"id":970,"date":"2015-11-25T11:41:53","date_gmt":"2015-11-25T11:41:53","guid":{"rendered":"http:\/\/site.migoweb.de\/?page_id=970"},"modified":"2023-06-13T19:36:14","modified_gmt":"2023-06-13T17:36:14","slug":"presseteam","status":"publish","type":"page","link":"https:\/\/feuerwehr-vglambrecht.de\/cms\/einheiten\/presseteam\/","title":{"rendered":"Presseteam"},"content":{"rendered":"<h3 style=\"text-align: center;\"><\/h3>\n<h3 style=\"text-align: center;\"><span style=\"text-decoration: underline;\">Herzlich Willkommen beim\u00a0Presseteam<\/span><\/h3>\n<p>&nbsp;<\/p>\n<p><img loading=\"lazy\" decoding=\"async\" class=\"aligncenter wp-image-11590 size-large\" src=\"https:\/\/feuerwehr-vglambrecht.de\/cms\/wp-content\/uploads\/2023\/06\/4096-2731-max-1024x683.jpg\" alt=\"\" width=\"1024\" height=\"683\" srcset=\"https:\/\/feuerwehr-vglambrecht.de\/cms\/wp-content\/uploads\/2023\/06\/4096-2731-max-1024x683.jpg 1024w, https:\/\/feuerwehr-vglambrecht.de\/cms\/wp-content\/uploads\/2023\/06\/4096-2731-max-768x512.jpg 768w, https:\/\/feuerwehr-vglambrecht.de\/cms\/wp-content\/uploads\/2023\/06\/4096-2731-max-1536x1024.jpg 1536w, https:\/\/feuerwehr-vglambrecht.de\/cms\/wp-content\/uploads\/2023\/06\/4096-2731-max-2048x1366.jpg 2048w, https:\/\/feuerwehr-vglambrecht.de\/cms\/wp-content\/uploads\/2023\/06\/4096-2731-max-300x200.jpg 300w\" sizes=\"auto, (max-width: 1024px) 100vw, 1024px\" \/><\/p>\n<p>&nbsp;<\/p>\n<p style=\"text-align: center;\">v.l.n.r.: Sven Wolf, Andreas Kaiser, Andr\u00e9 Fa\u00dfbender, Bj\u00f6rn B\u00fcrger, Felix Heller<\/p>\n<p style=\"text-align: center;\">Kontakt: presseteam(at)feuerwehr-vglambrecht.de<\/p>\n","protected":false},"excerpt":{"rendered":"<p>Herzlich Willkommen beim\u00a0Presseteam &nbsp; &nbsp; v.l.n.r.: Sven Wolf, Andreas Kaiser, Andr\u00e9 Fa\u00dfbender, Bj\u00f6rn B\u00fcrger, Felix Heller Kontakt: presseteam(at)feuerwehr-vglambrecht.de<\/p>\n","protected":false},"author":2,"featured_media":0,"parent":909,"menu_order":9,"comment_status":"open","ping_status":"open","template":"","meta":{"footnotes":""},"class_list":["post-970","page","type-page","status-publish","hentry"],"better_featured_image":null,"_links":{"self":[{"href":"https:\/\/feuerwehr-vglambrecht.de\/cms\/wp-json\/wp\/v2\/pages\/970","targetHints":{"allow":["GET"]}}],"collection":[{"href":"https:\/\/feuerwehr-vglambrecht.de\/cms\/wp-json\/wp\/v2\/pages"}],"about":[{"href":"https:\/\/feuerwehr-vglambrecht.de\/cms\/wp-json\/wp\/v2\/types\/page"}],"author":[{"embeddable":true,"href":"https:\/\/feuerwehr-vglambrecht.de\/cms\/wp-json\/wp\/v2\/users\/2"}],"replies":[{"embeddable":true,"href":"https:\/\/feuerwehr-vglambrecht.de\/cms\/wp-json\/wp\/v2\/comments?post=970"}],"version-history":[{"count":16,"href":"https:\/\/feuerwehr-vglambrecht.de\/cms\/wp-json\/wp\/v2\/pages\/970\/revisions"}],"predecessor-version":[{"id":11630,"href":"https:\/\/feuerwehr-vglambrecht.de\/cms\/wp-json\/wp\/v2\/pages\/970\/revisions\/11630"}],"up":[{"embeddable":true,"href":"https:\/\/feuerwehr-vglambrecht.de\/cms\/wp-json\/wp\/v2\/pages\/909"}],"wp:attachment":[{"href":"https:\/\/feuerwehr-vglambrecht.de\/cms\/wp-json\/wp\/v2\/media?parent=970"}],"curies":[{"name":"wp","href":"https:\/\/api.w.org\/{rel}","templated":true}]}}

<h3 style="text-align: center;"></h3>
<h3 style="text-align: center;"><span style="text-decoration: underline;">Herzlich Willkommen beim Presseteam</span></h3>
<p>&nbsp;</p>
<p><img loading="lazy" decoding="async" class="aligncenter wp-image-11590 size-large" src="https://feuerwehr-vglambrecht.de/cms/wp-content/uploads/2023/06/4096-2731-max-1024x683.jpg" alt="" width="1024" height="683" srcset="https://feuerwehr-vglambrecht.de/cms/wp-content/uploads/2023/06/4096-2731-max-1024x683.jpg 1024w, https://feuerwehr-vglambrecht.de/cms/wp-content/uploads/2023/06/4096-2731-max-768x512.jpg 768w, https://feuerwehr-vglambrecht.de/cms/wp-content/uploads/2023/06/4096-2731-max-1536x1024.jpg 1536w, https://feuerwehr-vglambrecht.de/cms/wp-content/uploads/2023/06/4096-2731-max-2048x1366.jpg 2048w, https://feuerwehr-vglambrecht.de/cms/wp-content/uploads/2023/06/4096-2731-max-300x200.jpg 300w" sizes="auto, (max-width: 1024px) 100vw, 1024px" /></p>
<p>&nbsp;</p>
<p style="text-align: center;">v.l.n.r.: Sven Wolf, Andreas Kaiser, André Faßbender, Björn Bürger, Felix Heller</p>
<p style="text-align: center;">Kontakt: presseteam(at)feuerwehr-vglambrecht.de</p>

<p>Herzlich Willkommen beim Presseteam &nbsp; &nbsp; v.l.n.r.: Sven Wolf, Andreas Kaiser, André Faßbender, Björn Bürger, Felix Heller Kontakt: presseteam(at)feuerwehr-vglambrecht.de</p>
