{"id":966,"date":"2015-11-25T11:40:08","date_gmt":"2015-11-25T11:40:08","guid":{"rendered":"http:\/\/site.migoweb.de\/?page_id=966"},"modified":"2025-06-07T20:23:53","modified_gmt":"2025-06-07T18:23:53","slug":"lindenberg","status":"publish","type":"page","link":"https:\/\/feuerwehr-vglambrecht.de\/cms\/einheiten\/lindenberg\/","title":{"rendered":"Lindenberg"},"content":{"rendered":"<h3 style=\"text-align: center;\"><span style=\"text-decoration: underline;\">Herzlich Willkommen bei der Einheit\u00a0Lindenberg<\/span><\/h3>\n<p style=\"text-align: center;\"><code class=\"widget-custom-menu-wizard-shortcode ui-corner-all\" title=\"stand-alone shortcode\"><\/code>\n<a href=\"https:\/\/feuerwehr-vglambrecht.de\/cms\/wp-content\/gallery\/geraetehaus-lindenberg\/geraetehaus-lindenberg.jpg\" title=\"\" class=\"shutterset_singlepic2064\" >\n\t<img decoding=\"async\" class=\"ngg-singlepic\" src=\"https:\/\/feuerwehr-vglambrecht.de\/cms\/wp-content\/gallery\/cache\/2064__650x450_geraetehaus-lindenberg.jpg\" alt=\"geraetehaus-lindenberg\" title=\"geraetehaus-lindenberg\" \/>\n<\/a>\n<\/p>\n<p style=\"text-align: center;\"><span style=\"text-decoration: underline;\"><strong>Kontakt:<\/strong><\/span><\/p>\n<p>&nbsp;<\/p>\n<p style=\"text-align: center;\">Wehrf\u00fchrer:\u00a0Alexander Sch\u00f6nung<\/p>\n<p style=\"text-align: center;\">stellv. Wehrf\u00fchrer: Christian Lambrecht<\/p>\n<p style=\"text-align: center;\">\u00dcbungstag: siehe \u00dcbungsplan<\/p>\n<p style=\"text-align: center;\">Ger\u00e4tehaus: Hauptstr. 53, 67473 Lindenberg<\/p>\n<p style=\"text-align: center;\">Kontakt: fuehrung_lindenberg(at)feuerwehr-vglambrecht.de<\/p>\n","protected":false},"excerpt":{"rendered":"<p>Herzlich Willkommen bei der Einheit\u00a0Lindenberg Kontakt: &nbsp; Wehrf\u00fchrer:\u00a0Alexander Sch\u00f6nung stellv. Wehrf\u00fchrer: Christian Lambrecht \u00dcbungstag: siehe \u00dcbungsplan Ger\u00e4tehaus: Hauptstr. 53, 67473 Lindenberg Kontakt: fuehrung_lindenberg(at)feuerwehr-vglambrecht.de<\/p>\n","protected":false},"author":2,"featured_media":0,"parent":909,"menu_order":6,"comment_status":"closed","ping_status":"closed","template":"","meta":{"footnotes":""},"class_list":["post-966","page","type-page","status-publish","hentry"],"better_featured_image":null,"_links":{"self":[{"href":"https:\/\/feuerwehr-vglambrecht.de\/cms\/wp-json\/wp\/v2\/pages\/966","targetHints":{"allow":["GET"]}}],"collection":[{"href":"https:\/\/feuerwehr-vglambrecht.de\/cms\/wp-json\/wp\/v2\/pages"}],"about":[{"href":"https:\/\/feuerwehr-vglambrecht.de\/cms\/wp-json\/wp\/v2\/types\/page"}],"author":[{"embeddable":true,"href":"https:\/\/feuerwehr-vglambrecht.de\/cms\/wp-json\/wp\/v2\/users\/2"}],"replies":[{"embeddable":true,"href":"https:\/\/feuerwehr-vglambrecht.de\/cms\/wp-json\/wp\/v2\/comments?post=966"}],"version-history":[{"count":15,"href":"https:\/\/feuerwehr-vglambrecht.de\/cms\/wp-json\/wp\/v2\/pages\/966\/revisions"}],"predecessor-version":[{"id":12274,"href":"https:\/\/feuerwehr-vglambrecht.de\/cms\/wp-json\/wp\/v2\/pages\/966\/revisions\/12274"}],"up":[{"embeddable":true,"href":"https:\/\/feuerwehr-vglambrecht.de\/cms\/wp-json\/wp\/v2\/pages\/909"}],"wp:attachment":[{"href":"https:\/\/feuerwehr-vglambrecht.de\/cms\/wp-json\/wp\/v2\/media?parent=966"}],"curies":[{"name":"wp","href":"https:\/\/api.w.org\/{rel}","templated":true}]}}

<h3 style="text-align: center;"><span style="text-decoration: underline;">Herzlich Willkommen bei der Einheit Lindenberg</span></h3>
<p style="text-align: center;"><code class="widget-custom-menu-wizard-shortcode ui-corner-all" title="stand-alone shortcode"></code>
<a href="https://feuerwehr-vglambrecht.de/cms/wp-content/gallery/geraetehaus-lindenberg/geraetehaus-lindenberg.jpg" title="" class="shutterset_singlepic2064" >
	<img decoding="async" class="ngg-singlepic" src="https://feuerwehr-vglambrecht.de/cms/wp-content/gallery/cache/2064__650x450_geraetehaus-lindenberg.jpg" alt="geraetehaus-lindenberg" title="geraetehaus-lindenberg" />
</a>
</p>
<p style="text-align: center;"><span style="text-decoration: underline;"><strong>Kontakt:</strong></span></p>
<p>&nbsp;</p>
<p style="text-align: center;">Wehrführer: Alexander Schönung</p>
<p style="text-align: center;">stellv. Wehrführer: Christian Lambrecht</p>
<p style="text-align: center;">Übungstag: siehe Übungsplan</p>
<p style="text-align: center;">Gerätehaus: Hauptstr. 53, 67473 Lindenberg</p>
<p style="text-align: center;">Kontakt: fuehrung_lindenberg(at)feuerwehr-vglambrecht.de</p>

<p>Herzlich Willkommen bei der Einheit Lindenberg Kontakt: &nbsp; Wehrführer: Alexander Schönung stellv. Wehrführer: Christian Lambrecht Übungstag: siehe Übungsplan Gerätehaus: Hauptstr. 53, 67473 Lindenberg Kontakt: fuehrung_lindenberg(at)feuerwehr-vglambrecht.de</p>
