{"id":938,"date":"2015-11-23T21:29:45","date_gmt":"2015-11-23T21:29:45","guid":{"rendered":"http:\/\/site.migoweb.de\/?page_id=938"},"modified":"2021-01-25T18:13:35","modified_gmt":"2021-01-25T17:13:35","slug":"neidenfels","status":"publish","type":"page","link":"https:\/\/feuerwehr-vglambrecht.de\/cms\/einheiten\/neidenfels\/","title":{"rendered":"Neidenfels"},"content":{"rendered":"<p>&nbsp;<\/p>\n<h3 style=\"text-align: center;\"><span style=\"text-decoration: underline;\">Herzlich Willkommen bei der Einheit\u00a0Neidenfels<\/span><\/h3>\n<p>&nbsp;<\/p>\n<p><code class=\"widget-custom-menu-wizard-shortcode ui-corner-all\" title=\"stand-alone shortcode\"><\/code>\n<a href=\"https:\/\/feuerwehr-vglambrecht.de\/cms\/wp-content\/gallery\/bilder-geraetehaus\/neue-tore-2014-2.jpg\" title=\"\" class=\"shutterset_singlepic201\" >\n\t<img decoding=\"async\" class=\"ngg-singlepic\" src=\"https:\/\/feuerwehr-vglambrecht.de\/cms\/wp-content\/gallery\/cache\/201__650x450_neue-tore-2014-2.jpg\" alt=\"neue-tore-2014-2\" title=\"neue-tore-2014-2\" \/>\n<\/a>\n<\/p>\n<p style=\"text-align: center;\"><span style=\"text-decoration: underline;\"><strong>Kontakt:<\/strong><\/span><\/p>\n<p>&nbsp;<\/p>\n<p style=\"text-align: center;\">Wehrf\u00fchrer: Sasha Fa\u00dfbender<\/p>\n<p style=\"text-align: center;\">stellv. Wehrf\u00fchrer: Michael Kempter<\/p>\n<p style=\"text-align: center;\">\u00dcbungstag: Montags ab 18:30 Uhr<\/p>\n<p style=\"text-align: center;\">Ger\u00e4tehaus: Zwerlenbachstr. 1, 67468 Neidenfels<\/p>\n<p style=\"text-align: center;\">Kontakt: fuehrung_neidenfels(at)feuerwehr-vglambrecht.de<\/p>\n","protected":false},"excerpt":{"rendered":"<p>&nbsp; Herzlich Willkommen bei der Einheit\u00a0Neidenfels &nbsp; Kontakt: &nbsp; Wehrf\u00fchrer: Sasha Fa\u00dfbender stellv. Wehrf\u00fchrer: Michael Kempter \u00dcbungstag: Montags ab 18:30 Uhr Ger\u00e4tehaus: Zwerlenbachstr. 1, 67468 Neidenfels Kontakt: fuehrung_neidenfels(at)feuerwehr-vglambrecht.de<\/p>\n","protected":false},"author":1,"featured_media":0,"parent":909,"menu_order":7,"comment_status":"open","ping_status":"open","template":"","meta":{"footnotes":""},"class_list":["post-938","page","type-page","status-publish","hentry"],"better_featured_image":null,"_links":{"self":[{"href":"https:\/\/feuerwehr-vglambrecht.de\/cms\/wp-json\/wp\/v2\/pages\/938","targetHints":{"allow":["GET"]}}],"collection":[{"href":"https:\/\/feuerwehr-vglambrecht.de\/cms\/wp-json\/wp\/v2\/pages"}],"about":[{"href":"https:\/\/feuerwehr-vglambrecht.de\/cms\/wp-json\/wp\/v2\/types\/page"}],"author":[{"embeddable":true,"href":"https:\/\/feuerwehr-vglambrecht.de\/cms\/wp-json\/wp\/v2\/users\/1"}],"replies":[{"embeddable":true,"href":"https:\/\/feuerwehr-vglambrecht.de\/cms\/wp-json\/wp\/v2\/comments?post=938"}],"version-history":[{"count":29,"href":"https:\/\/feuerwehr-vglambrecht.de\/cms\/wp-json\/wp\/v2\/pages\/938\/revisions"}],"predecessor-version":[{"id":9315,"href":"https:\/\/feuerwehr-vglambrecht.de\/cms\/wp-json\/wp\/v2\/pages\/938\/revisions\/9315"}],"up":[{"embeddable":true,"href":"https:\/\/feuerwehr-vglambrecht.de\/cms\/wp-json\/wp\/v2\/pages\/909"}],"wp:attachment":[{"href":"https:\/\/feuerwehr-vglambrecht.de\/cms\/wp-json\/wp\/v2\/media?parent=938"}],"curies":[{"name":"wp","href":"https:\/\/api.w.org\/{rel}","templated":true}]}}

<p>&nbsp;</p>
<h3 style="text-align: center;"><span style="text-decoration: underline;">Herzlich Willkommen bei der Einheit Neidenfels</span></h3>
<p>&nbsp;</p>
<p><code class="widget-custom-menu-wizard-shortcode ui-corner-all" title="stand-alone shortcode"></code>
<a href="https://feuerwehr-vglambrecht.de/cms/wp-content/gallery/bilder-geraetehaus/neue-tore-2014-2.jpg" title="" class="shutterset_singlepic201" >
	<img decoding="async" class="ngg-singlepic" src="https://feuerwehr-vglambrecht.de/cms/wp-content/gallery/cache/201__650x450_neue-tore-2014-2.jpg" alt="neue-tore-2014-2" title="neue-tore-2014-2" />
</a>
</p>
<p style="text-align: center;"><span style="text-decoration: underline;"><strong>Kontakt:</strong></span></p>
<p>&nbsp;</p>
<p style="text-align: center;">Wehrführer: Sasha Faßbender</p>
<p style="text-align: center;">stellv. Wehrführer: Michael Kempter</p>
<p style="text-align: center;">Übungstag: Montags ab 18:30 Uhr</p>
<p style="text-align: center;">Gerätehaus: Zwerlenbachstr. 1, 67468 Neidenfels</p>
<p style="text-align: center;">Kontakt: fuehrung_neidenfels(at)feuerwehr-vglambrecht.de</p>

<p>&nbsp; Herzlich Willkommen bei der Einheit Neidenfels &nbsp; Kontakt: &nbsp; Wehrführer: Sasha Faßbender stellv. Wehrführer: Michael Kempter Übungstag: Montags ab 18:30 Uhr Gerätehaus: Zwerlenbachstr. 1, 67468 Neidenfels Kontakt: fuehrung_neidenfels(at)feuerwehr-vglambrecht.de</p>
