{"id":929,"date":"2015-11-23T20:38:09","date_gmt":"2015-11-23T20:38:09","guid":{"rendered":"http:\/\/site.migoweb.de\/?page_id=929"},"modified":"2022-09-19T08:55:49","modified_gmt":"2022-09-19T06:55:49","slug":"elmstein","status":"publish","type":"page","link":"https:\/\/feuerwehr-vglambrecht.de\/cms\/einheiten\/elmstein\/","title":{"rendered":"Elmstein"},"content":{"rendered":"<p>&nbsp;<\/p>\n<h3 style=\"text-align: center;\"><span style=\"text-decoration: underline;\">Herzlich Willkommen bei der Einheit\u00a0Elmstein<\/span><\/h3>\n<p>&nbsp;<\/p>\n\n<a href=\"https:\/\/feuerwehr-vglambrecht.de\/cms\/wp-content\/gallery\/geraetehaus-elmstein\/img_1343.jpg\" title=\"\" class=\"shutterset_singlepic296\" >\n\t<img decoding=\"async\" class=\"ngg-singlepic ngg-center\" src=\"https:\/\/feuerwehr-vglambrecht.de\/cms\/wp-content\/gallery\/cache\/296__650x450_img_1343.jpg\" alt=\"img_1343\" title=\"img_1343\" \/>\n<\/a>\n\n<p>&nbsp;<\/p>\n<p style=\"text-align: center;\"><span style=\"text-decoration: underline;\"><strong>Kontakt:<\/strong><\/span><\/p>\n<p>&nbsp;<\/p>\n<p style=\"text-align: center;\">Wehrf\u00fchrer: \u00a0J\u00f6rg Cronauer<\/p>\n<p style=\"text-align: center;\">stellv. Wehrf\u00fchrer: Dominik Riedel<\/p>\n<p style=\"text-align: center;\">\u00dcbungstag: Donnerstag ab 19Uhr<\/p>\n<p style=\"text-align: center;\">Ger\u00e4tehaus: Bahnhofstr. 14, 67471 Elmstein<\/p>\n<p style=\"text-align: center;\">Kontakt: fuehrung_elmstein(at)feuerwehr-vglambrecht.de<\/p>\n<p style=\"text-align: center;\">\n","protected":false},"excerpt":{"rendered":"<p>&nbsp; Herzlich Willkommen bei der Einheit\u00a0Elmstein &nbsp; &nbsp; Kontakt: &nbsp; Wehrf\u00fchrer: \u00a0J\u00f6rg Cronauer stellv. Wehrf\u00fchrer: Dominik Riedel \u00dcbungstag: Donnerstag ab 19Uhr Ger\u00e4tehaus: Bahnhofstr. 14, 67471 Elmstein Kontakt: fuehrung_elmstein(at)feuerwehr-vglambrecht.de<\/p>\n","protected":false},"author":1,"featured_media":0,"parent":909,"menu_order":1,"comment_status":"open","ping_status":"open","template":"","meta":{"footnotes":""},"class_list":["post-929","page","type-page","status-publish","hentry"],"better_featured_image":null,"_links":{"self":[{"href":"https:\/\/feuerwehr-vglambrecht.de\/cms\/wp-json\/wp\/v2\/pages\/929","targetHints":{"allow":["GET"]}}],"collection":[{"href":"https:\/\/feuerwehr-vglambrecht.de\/cms\/wp-json\/wp\/v2\/pages"}],"about":[{"href":"https:\/\/feuerwehr-vglambrecht.de\/cms\/wp-json\/wp\/v2\/types\/page"}],"author":[{"embeddable":true,"href":"https:\/\/feuerwehr-vglambrecht.de\/cms\/wp-json\/wp\/v2\/users\/1"}],"replies":[{"embeddable":true,"href":"https:\/\/feuerwehr-vglambrecht.de\/cms\/wp-json\/wp\/v2\/comments?post=929"}],"version-history":[{"count":20,"href":"https:\/\/feuerwehr-vglambrecht.de\/cms\/wp-json\/wp\/v2\/pages\/929\/revisions"}],"predecessor-version":[{"id":10864,"href":"https:\/\/feuerwehr-vglambrecht.de\/cms\/wp-json\/wp\/v2\/pages\/929\/revisions\/10864"}],"up":[{"embeddable":true,"href":"https:\/\/feuerwehr-vglambrecht.de\/cms\/wp-json\/wp\/v2\/pages\/909"}],"wp:attachment":[{"href":"https:\/\/feuerwehr-vglambrecht.de\/cms\/wp-json\/wp\/v2\/media?parent=929"}],"curies":[{"name":"wp","href":"https:\/\/api.w.org\/{rel}","templated":true}]}}