{"id":913,"date":"2015-11-23T19:48:25","date_gmt":"2015-11-23T19:48:25","guid":{"rendered":"http:\/\/site.migoweb.de\/?page_id=913"},"modified":"2024-08-08T10:27:40","modified_gmt":"2024-08-08T08:27:40","slug":"esthal","status":"publish","type":"page","link":"https:\/\/feuerwehr-vglambrecht.de\/cms\/einheiten\/esthal\/","title":{"rendered":"Esthal"},"content":{"rendered":"<p>&nbsp;<\/p>\n<h3 style=\"text-align: center;\"><span style=\"text-decoration: underline;\">Herzlich Willkommen bei der Einheit\u00a0Esthal<\/span><\/h3>\n<p>&nbsp;<\/p>\n<p style=\"text-align: center;\">\n<a href=\"https:\/\/feuerwehr-vglambrecht.de\/cms\/wp-content\/gallery\/mannschaft-esthal\/imgp7836.jpg\" title=\"\" class=\"shutterset_singlepic2863\" >\n\t<img decoding=\"async\" class=\"ngg-singlepic\" src=\"https:\/\/feuerwehr-vglambrecht.de\/cms\/wp-content\/gallery\/cache\/2863__650x450_imgp7836.jpg\" alt=\"imgp7836\" title=\"imgp7836\" \/>\n<\/a>\n<\/p>\n<p style=\"text-align: center;\"><strong><span style=\"text-decoration: underline;\">Kontakt:<\/span><\/strong><\/p>\n<p>&nbsp;<\/p>\n<p style=\"text-align: center;\">Wehrf\u00fchrer: Torsten Buschlinger<\/p>\n<p style=\"text-align: center;\">stellv. Wehrf\u00fchrer: Jochen Hummel<\/p>\n<p style=\"text-align: center;\">\u00dcbungstag: Dienstag 19 Uhr<\/p>\n<p style=\"text-align: center;\">Ger\u00e4tehaus: Hauptstr. 63b, 67472 Esthal<\/p>\n<p style=\"text-align: center;\">Kontakt: fuehrung_esthal(at)feuerwehr-vglambrecht.de<\/p>\n","protected":false},"excerpt":{"rendered":"<p>&nbsp; Herzlich Willkommen bei der Einheit\u00a0Esthal &nbsp; Kontakt: &nbsp; Wehrf\u00fchrer: Torsten Buschlinger stellv. Wehrf\u00fchrer: Jochen Hummel \u00dcbungstag: Dienstag 19 Uhr Ger\u00e4tehaus: Hauptstr. 63b, 67472 Esthal Kontakt: fuehrung_esthal(at)feuerwehr-vglambrecht.de<\/p>\n","protected":false},"author":1,"featured_media":0,"parent":909,"menu_order":2,"comment_status":"closed","ping_status":"closed","template":"","meta":{"footnotes":""},"class_list":["post-913","page","type-page","status-publish","hentry"],"better_featured_image":null,"_links":{"self":[{"href":"https:\/\/feuerwehr-vglambrecht.de\/cms\/wp-json\/wp\/v2\/pages\/913","targetHints":{"allow":["GET"]}}],"collection":[{"href":"https:\/\/feuerwehr-vglambrecht.de\/cms\/wp-json\/wp\/v2\/pages"}],"about":[{"href":"https:\/\/feuerwehr-vglambrecht.de\/cms\/wp-json\/wp\/v2\/types\/page"}],"author":[{"embeddable":true,"href":"https:\/\/feuerwehr-vglambrecht.de\/cms\/wp-json\/wp\/v2\/users\/1"}],"replies":[{"embeddable":true,"href":"https:\/\/feuerwehr-vglambrecht.de\/cms\/wp-json\/wp\/v2\/comments?post=913"}],"version-history":[{"count":17,"href":"https:\/\/feuerwehr-vglambrecht.de\/cms\/wp-json\/wp\/v2\/pages\/913\/revisions"}],"predecessor-version":[{"id":13700,"href":"https:\/\/feuerwehr-vglambrecht.de\/cms\/wp-json\/wp\/v2\/pages\/913\/revisions\/13700"}],"up":[{"embeddable":true,"href":"https:\/\/feuerwehr-vglambrecht.de\/cms\/wp-json\/wp\/v2\/pages\/909"}],"wp:attachment":[{"href":"https:\/\/feuerwehr-vglambrecht.de\/cms\/wp-json\/wp\/v2\/media?parent=913"}],"curies":[{"name":"wp","href":"https:\/\/api.w.org\/{rel}","templated":true}]}}

<p>&nbsp;</p>
<h3 style="text-align: center;"><span style="text-decoration: underline;">Herzlich Willkommen bei der Einheit Esthal</span></h3>
<p>&nbsp;</p>
<p style="text-align: center;">
<a href="https://feuerwehr-vglambrecht.de/cms/wp-content/gallery/mannschaft-esthal/imgp7836.jpg" title="" class="shutterset_singlepic2863" >
	<img decoding="async" class="ngg-singlepic" src="https://feuerwehr-vglambrecht.de/cms/wp-content/gallery/cache/2863__650x450_imgp7836.jpg" alt="imgp7836" title="imgp7836" />
</a>
</p>
<p style="text-align: center;"><strong><span style="text-decoration: underline;">Kontakt:</span></strong></p>
<p>&nbsp;</p>
<p style="text-align: center;">Wehrführer: Torsten Buschlinger</p>
<p style="text-align: center;">stellv. Wehrführer: Jochen Hummel</p>
<p style="text-align: center;">Übungstag: Dienstag 19 Uhr</p>
<p style="text-align: center;">Gerätehaus: Hauptstr. 63b, 67472 Esthal</p>
<p style="text-align: center;">Kontakt: fuehrung_esthal(at)feuerwehr-vglambrecht.de</p>

<p>&nbsp; Herzlich Willkommen bei der Einheit Esthal &nbsp; Kontakt: &nbsp; Wehrführer: Torsten Buschlinger stellv. Wehrführer: Jochen Hummel Übungstag: Dienstag 19 Uhr Gerätehaus: Hauptstr. 63b, 67472 Esthal Kontakt: fuehrung_esthal(at)feuerwehr-vglambrecht.de</p>
