{"id":4421,"date":"2016-08-26T12:49:36","date_gmt":"2016-08-26T10:49:36","guid":{"rendered":"https:\/\/feuerwehr-vglambrecht.de\/cms\/?page_id=4421"},"modified":"2025-11-09T21:20:51","modified_gmt":"2025-11-09T20:20:51","slug":"vorstand","status":"publish","type":"page","link":"https:\/\/feuerwehr-vglambrecht.de\/cms\/foerderverein\/lambrecht\/vorstand\/","title":{"rendered":"Vorstand F\u00f6rderverein Feuerwehr Lambrecht"},"content":{"rendered":"<p>gew\u00e4hlt in der Mitgliederversammlung vom 09.10.2025<\/p>\n<h5>Vorsitzender<\/h5>\n<p>Markus Kern<br \/>\n<a href=\"mailto:Foerderverein@feuerwehr-lambrecht.org\">E-Mail<\/a><\/p>\n<p>&nbsp;<\/p>\n<h5>stellvertretende Vorsitzende<\/h5>\n<p>Barbara Nowotny<\/p>\n<p>&nbsp;<\/p>\n<h5>Kassenverwalter<\/h5>\n<p>Pascal Jost<\/p>\n<p>&nbsp;<\/p>\n<h5>Schriftf\u00fchrer<\/h5>\n<p>Sven Thomas<br \/>\n<a href=\"mailto:Sven.Thomas@feuerwehr-lambrecht.org\">E-Mail<\/a><\/p>\n<p>&nbsp;<\/p>\n<h5>Beisitzer<\/h5>\n<p>Sascha K\u00f6ppler<br \/>\nBenjamin Senftleben<\/p>\n<p>Markus M\u00fcller (Wehrf\u00fchrer Feuerwehr Lambrecht)<br \/>\nFlorian Liedy (stellv. Wehrf\u00fchrer Feuerwehr Lambrecht)<\/p>\n<p>&nbsp;<\/p>\n<h5>Kassenpr\u00fcfer<\/h5>\n<p>Christopher Karkosch<br \/>\nSimon-Lukas Nowotny<\/p>\n","protected":false},"excerpt":{"rendered":"<p>gew\u00e4hlt in der Mitgliederversammlung vom 09.10.2025 Vorsitzender Markus Kern E-Mail &nbsp; stellvertretende Vorsitzende Barbara Nowotny &nbsp; Kassenverwalter Pascal Jost &nbsp; Schriftf\u00fchrer Sven Thomas E-Mail &nbsp; Beisitzer Sascha K\u00f6ppler Benjamin Senftleben Markus M\u00fcller (Wehrf\u00fchrer Feuerwehr Lambrecht) Florian Liedy (stellv. Wehrf\u00fchrer Feuerwehr Lambrecht) &nbsp; Kassenpr\u00fcfer Christopher Karkosch Simon-Lukas Nowotny<\/p>\n","protected":false},"author":2,"featured_media":0,"parent":1735,"menu_order":4,"comment_status":"closed","ping_status":"closed","template":"","meta":{"footnotes":""},"class_list":["post-4421","page","type-page","status-publish","hentry"],"better_featured_image":null,"_links":{"self":[{"href":"https:\/\/feuerwehr-vglambrecht.de\/cms\/wp-json\/wp\/v2\/pages\/4421","targetHints":{"allow":["GET"]}}],"collection":[{"href":"https:\/\/feuerwehr-vglambrecht.de\/cms\/wp-json\/wp\/v2\/pages"}],"about":[{"href":"https:\/\/feuerwehr-vglambrecht.de\/cms\/wp-json\/wp\/v2\/types\/page"}],"author":[{"embeddable":true,"href":"https:\/\/feuerwehr-vglambrecht.de\/cms\/wp-json\/wp\/v2\/users\/2"}],"replies":[{"embeddable":true,"href":"https:\/\/feuerwehr-vglambrecht.de\/cms\/wp-json\/wp\/v2\/comments?post=4421"}],"version-history":[{"count":10,"href":"https:\/\/feuerwehr-vglambrecht.de\/cms\/wp-json\/wp\/v2\/pages\/4421\/revisions"}],"predecessor-version":[{"id":14388,"href":"https:\/\/feuerwehr-vglambrecht.de\/cms\/wp-json\/wp\/v2\/pages\/4421\/revisions\/14388"}],"up":[{"embeddable":true,"href":"https:\/\/feuerwehr-vglambrecht.de\/cms\/wp-json\/wp\/v2\/pages\/1735"}],"wp:attachment":[{"href":"https:\/\/feuerwehr-vglambrecht.de\/cms\/wp-json\/wp\/v2\/media?parent=4421"}],"curies":[{"name":"wp","href":"https:\/\/api.w.org\/{rel}","templated":true}]}}

Vorstand Förderverein Feuerwehr Lambrecht

<p>gewählt in der Mitgliederversammlung vom 09.10.2025</p>
<h5>Vorsitzender</h5>
<p>Markus Kern<br />
<a href="mailto:Foerderverein@feuerwehr-lambrecht.org">E-Mail</a></p>
<p>&nbsp;</p>
<h5>stellvertretende Vorsitzende</h5>
<p>Barbara Nowotny</p>
<p>&nbsp;</p>
<h5>Kassenverwalter</h5>
<p>Pascal Jost</p>
<p>&nbsp;</p>
<h5>Schriftführer</h5>
<p>Sven Thomas<br />
<a href="mailto:Sven.Thomas@feuerwehr-lambrecht.org">E-Mail</a></p>
<p>&nbsp;</p>
<h5>Beisitzer</h5>
<p>Sascha Köppler<br />
Benjamin Senftleben</p>
<p>Markus Müller (Wehrführer Feuerwehr Lambrecht)<br />
Florian Liedy (stellv. Wehrführer Feuerwehr Lambrecht)</p>
<p>&nbsp;</p>
<h5>Kassenprüfer</h5>
<p>Christopher Karkosch<br />
Simon-Lukas Nowotny</p>

<p>gewählt in der Mitgliederversammlung vom 09.10.2025 Vorsitzender Markus Kern E-Mail &nbsp; stellvertretende Vorsitzende Barbara Nowotny &nbsp; Kassenverwalter Pascal Jost &nbsp; Schriftführer Sven Thomas E-Mail &nbsp; Beisitzer Sascha Köppler Benjamin Senftleben Markus Müller (Wehrführer Feuerwehr Lambrecht) Florian Liedy (stellv. Wehrführer Feuerwehr Lambrecht) &nbsp; Kassenprüfer Christopher Karkosch Simon-Lukas Nowotny</p>
