{"id":4417,"date":"2016-08-26T12:48:15","date_gmt":"2016-08-26T10:48:15","guid":{"rendered":"https:\/\/feuerwehr-vglambrecht.de\/cms\/?page_id=4417"},"modified":"2020-01-08T19:50:34","modified_gmt":"2020-01-08T18:50:34","slug":"vorstand","status":"publish","type":"page","link":"https:\/\/feuerwehr-vglambrecht.de\/cms\/esthal\/vorstand\/","title":{"rendered":"Vorstand"},"content":{"rendered":"<p style=\"text-align: center;\"><strong><span style=\"text-decoration: underline;\">Die Vorstandschaft des F\u00f6rdervereins der <\/span><\/strong><\/p>\n<p style=\"text-align: center;\"><strong><span style=\"text-decoration: underline;\">Freiwilligen Feuerwehr Esthal e.V. <\/span><\/strong><\/p>\n<p style=\"text-align: center;\"><strong><span style=\"text-decoration: underline;\">gliedert sich wie folgt<\/span><\/strong><\/p>\n<p style=\"text-align: center;\">1. Vorsitzender: Andreas Janz<\/p>\n<p style=\"text-align: center;\">2. Vorsitzender: Christoph Konrad<\/p>\n<p style=\"text-align: center;\">Schriftf\u00fchrer: Bj\u00f6rn B\u00fcrger<\/p>\n<p style=\"text-align: center;\">Beisitzer: Peter Kappes, Michael Roth<\/p>\n<p style=\"text-align: center;\">Kassenwart: Jens Hummel<\/p>\n<p style=\"text-align: center;\">Kassenpr\u00fcfer: Joachim Sch\u00f6fer, Jasmin von der Weiden<\/p>\n<p style=\"text-align: center;\">Wehrf\u00fchrer: Torsten Buschlinger<\/p>\n<p style=\"text-align: center;\">stellv. Wehrf\u00fchrer: Jochen Hummel<\/p>\n","protected":false},"excerpt":{"rendered":"<p>Die Vorstandschaft des F\u00f6rdervereins der Freiwilligen Feuerwehr Esthal e.V. gliedert sich wie folgt 1. Vorsitzender: Andreas Janz 2. Vorsitzender: Christoph Konrad Schriftf\u00fchrer: Bj\u00f6rn B\u00fcrger Beisitzer: Peter Kappes, Michael Roth Kassenwart: Jens Hummel Kassenpr\u00fcfer: Joachim Sch\u00f6fer, Jasmin von der Weiden Wehrf\u00fchrer: Torsten Buschlinger stellv. Wehrf\u00fchrer: Jochen Hummel<\/p>\n","protected":false},"author":2,"featured_media":0,"parent":1731,"menu_order":4,"comment_status":"closed","ping_status":"closed","template":"","meta":{"footnotes":""},"class_list":["post-4417","page","type-page","status-publish","hentry"],"better_featured_image":null,"_links":{"self":[{"href":"https:\/\/feuerwehr-vglambrecht.de\/cms\/wp-json\/wp\/v2\/pages\/4417","targetHints":{"allow":["GET"]}}],"collection":[{"href":"https:\/\/feuerwehr-vglambrecht.de\/cms\/wp-json\/wp\/v2\/pages"}],"about":[{"href":"https:\/\/feuerwehr-vglambrecht.de\/cms\/wp-json\/wp\/v2\/types\/page"}],"author":[{"embeddable":true,"href":"https:\/\/feuerwehr-vglambrecht.de\/cms\/wp-json\/wp\/v2\/users\/2"}],"replies":[{"embeddable":true,"href":"https:\/\/feuerwehr-vglambrecht.de\/cms\/wp-json\/wp\/v2\/comments?post=4417"}],"version-history":[{"count":4,"href":"https:\/\/feuerwehr-vglambrecht.de\/cms\/wp-json\/wp\/v2\/pages\/4417\/revisions"}],"predecessor-version":[{"id":8367,"href":"https:\/\/feuerwehr-vglambrecht.de\/cms\/wp-json\/wp\/v2\/pages\/4417\/revisions\/8367"}],"up":[{"embeddable":true,"href":"https:\/\/feuerwehr-vglambrecht.de\/cms\/wp-json\/wp\/v2\/pages\/1731"}],"wp:attachment":[{"href":"https:\/\/feuerwehr-vglambrecht.de\/cms\/wp-json\/wp\/v2\/media?parent=4417"}],"curies":[{"name":"wp","href":"https:\/\/api.w.org\/{rel}","templated":true}]}}

<p style="text-align: center;"><strong><span style="text-decoration: underline;">Die Vorstandschaft des Fördervereins der </span></strong></p>
<p style="text-align: center;"><strong><span style="text-decoration: underline;">Freiwilligen Feuerwehr Esthal e.V. </span></strong></p>
<p style="text-align: center;"><strong><span style="text-decoration: underline;">gliedert sich wie folgt</span></strong></p>
<p style="text-align: center;">1. Vorsitzender: Andreas Janz</p>
<p style="text-align: center;">2. Vorsitzender: Christoph Konrad</p>
<p style="text-align: center;">Schriftführer: Björn Bürger</p>
<p style="text-align: center;">Beisitzer: Peter Kappes, Michael Roth</p>
<p style="text-align: center;">Kassenwart: Jens Hummel</p>
<p style="text-align: center;">Kassenprüfer: Joachim Schöfer, Jasmin von der Weiden</p>
<p style="text-align: center;">Wehrführer: Torsten Buschlinger</p>
<p style="text-align: center;">stellv. Wehrführer: Jochen Hummel</p>

<p>Die Vorstandschaft des Fördervereins der Freiwilligen Feuerwehr Esthal e.V. gliedert sich wie folgt 1. Vorsitzender: Andreas Janz 2. Vorsitzender: Christoph Konrad Schriftführer: Björn Bürger Beisitzer: Peter Kappes, Michael Roth Kassenwart: Jens Hummel Kassenprüfer: Joachim Schöfer, Jasmin von der Weiden Wehrführer: Torsten Buschlinger stellv. Wehrführer: Jochen Hummel</p>
