{"id":4383,"date":"2016-08-26T12:36:12","date_gmt":"2016-08-26T10:36:12","guid":{"rendered":"https:\/\/feuerwehr-vglambrecht.de\/cms\/?page_id=4383"},"modified":"2025-11-09T21:30:40","modified_gmt":"2025-11-09T20:30:40","slug":"mitgliedsantrag","status":"publish","type":"page","link":"https:\/\/feuerwehr-vglambrecht.de\/cms\/foerderverein\/lambrecht\/mitgliedsantrag\/","title":{"rendered":"Mitgliedsantrag F\u00f6rderverein Feuerwehr Lambrecht"},"content":{"rendered":"<p>Hier k\u00f6nnen Sie unseren <a href=\"https:\/\/feuerwehr-vglambrecht.de\/cms\/wp-content\/uploads\/2019\/10\/Mitgliedsantrag-FoeVer-FF-Lambrecht.pdf\">Mitgliedsantrag<\/a> herunterladen.<\/p>\n<p>Den ausgef\u00fcllten und dreifach unterschriebenen Antrag werfen Sie bitte im Briefkasten im Ger\u00e4tehaus der Feuerwehr Lambrecht ein oder senden ihn an:<\/p>\n<p>F\u00f6rderverein der Freiwilligen Feuerwehr Lambrecht (Pfalz) e. V.<br \/>\nVorsitzender<br \/>\nMarkus Kern<br \/>\nHauptstra\u00dfe 103 a<br \/>\n67466 Lambrecht (Pfalz)<\/p>\n<p>&nbsp;<\/p>\n","protected":false},"excerpt":{"rendered":"<p>Hier k\u00f6nnen Sie unseren Mitgliedsantrag herunterladen. Den ausgef\u00fcllten und dreifach unterschriebenen Antrag werfen Sie bitte im Briefkasten im Ger\u00e4tehaus der Feuerwehr Lambrecht ein oder senden ihn an: F\u00f6rderverein der Freiwilligen Feuerwehr Lambrecht (Pfalz) e. V. Vorsitzender Markus Kern Hauptstra\u00dfe 103 a 67466 Lambrecht (Pfalz) &nbsp;<\/p>\n","protected":false},"author":2,"featured_media":0,"parent":1735,"menu_order":1,"comment_status":"closed","ping_status":"closed","template":"","meta":{"footnotes":""},"class_list":["post-4383","page","type-page","status-publish","hentry"],"better_featured_image":null,"_links":{"self":[{"href":"https:\/\/feuerwehr-vglambrecht.de\/cms\/wp-json\/wp\/v2\/pages\/4383","targetHints":{"allow":["GET"]}}],"collection":[{"href":"https:\/\/feuerwehr-vglambrecht.de\/cms\/wp-json\/wp\/v2\/pages"}],"about":[{"href":"https:\/\/feuerwehr-vglambrecht.de\/cms\/wp-json\/wp\/v2\/types\/page"}],"author":[{"embeddable":true,"href":"https:\/\/feuerwehr-vglambrecht.de\/cms\/wp-json\/wp\/v2\/users\/2"}],"replies":[{"embeddable":true,"href":"https:\/\/feuerwehr-vglambrecht.de\/cms\/wp-json\/wp\/v2\/comments?post=4383"}],"version-history":[{"count":9,"href":"https:\/\/feuerwehr-vglambrecht.de\/cms\/wp-json\/wp\/v2\/pages\/4383\/revisions"}],"predecessor-version":[{"id":14393,"href":"https:\/\/feuerwehr-vglambrecht.de\/cms\/wp-json\/wp\/v2\/pages\/4383\/revisions\/14393"}],"up":[{"embeddable":true,"href":"https:\/\/feuerwehr-vglambrecht.de\/cms\/wp-json\/wp\/v2\/pages\/1735"}],"wp:attachment":[{"href":"https:\/\/feuerwehr-vglambrecht.de\/cms\/wp-json\/wp\/v2\/media?parent=4383"}],"curies":[{"name":"wp","href":"https:\/\/api.w.org\/{rel}","templated":true}]}}

Mitgliedsantrag Förderverein Feuerwehr Lambrecht

<p>Hier können Sie unseren <a href="https://feuerwehr-vglambrecht.de/cms/wp-content/uploads/2019/10/Mitgliedsantrag-FoeVer-FF-Lambrecht.pdf">Mitgliedsantrag</a> herunterladen.</p>
<p>Den ausgefüllten und dreifach unterschriebenen Antrag werfen Sie bitte im Briefkasten im Gerätehaus der Feuerwehr Lambrecht ein oder senden ihn an:</p>
<p>Förderverein der Freiwilligen Feuerwehr Lambrecht (Pfalz) e. V.<br />
Vorsitzender<br />
Markus Kern<br />
Hauptstraße 103 a<br />
67466 Lambrecht (Pfalz)</p>
<p>&nbsp;</p>

<p>Hier können Sie unseren Mitgliedsantrag herunterladen. Den ausgefüllten und dreifach unterschriebenen Antrag werfen Sie bitte im Briefkasten im Gerätehaus der Feuerwehr Lambrecht ein oder senden ihn an: Förderverein der Freiwilligen Feuerwehr Lambrecht (Pfalz) e. V. Vorsitzender Markus Kern Hauptstraße 103 a 67466 Lambrecht (Pfalz) &nbsp;</p>
