{"id":1731,"date":"2015-12-27T18:08:40","date_gmt":"2015-12-27T17:08:40","guid":{"rendered":"http:\/\/feuerwehr-vglambrecht.de\/cms\/?page_id=1731"},"modified":"2026-02-11T21:15:10","modified_gmt":"2026-02-11T20:15:10","slug":"esthal","status":"publish","type":"page","link":"https:\/\/feuerwehr-vglambrecht.de\/cms\/esthal\/","title":{"rendered":"Esthal"},"content":{"rendered":"<style>\n#formhead {  background-color: rgba(0, 0, 0, 0.1);padding: 7px; border-radius: 4px;color: #820005 !important; line-height: 1.5;}#formhead a{color: #820005 !important;}<\/style>\n<div id=\"formhead\">\n<p>&nbsp;<\/p>\n<h1><a href=\"https:\/\/feuerwehr-vglambrecht.de\/cms\/esthal\/mitgliedsantrag\/?preview_id=4379&amp;preview_nonce=c0fc44512b&amp;_thumbnail_id=-1&amp;preview=true\">Mitgliedsantrag<\/a> <a href=\"https:\/\/feuerwehr-vglambrecht.de\/cms\/esthal\/satzung\/\">Satzung<\/a>\u00a0<a href=\"https:\/\/feuerwehr-vglambrecht.de\/cms\/foerderverein\/esthal\/termine\/\">Termine<\/a> \u00a0<a href=\"https:\/\/feuerwehr-vglambrecht.de\/cms\/esthal\/vorstand\/\">Vorstand<\/a><\/h1>\n<p>&nbsp;<\/p>\n<\/div>\n<p style=\"text-align: justify;\"><span style=\"font-family: Arial;\">Der F\u00f6rderverein der Freiwilligen Feuerwehr Esthal wurde am 24.04.2007 im Schreinerst\u00fcbchen in Esthal\u00a0 gegr\u00fcndet und hat z. Zt. 192 Mitglieder.<\/span><\/p>\n<p style=\"text-align: justify;\"><span style=\"font-family: Arial;\">Ziel des Vereins ist es, die Feuerwehr Esthal nach dem Landesgesetz \u00fcber den Brandschutz, die allgemeine Hilfe und den Katastrophenschutz vom 20.11.1981 zu f\u00f6rdern. Dieser Satzungszweck wird insbesondere durch ideelle und materielle Unterst\u00fctzung des Feuerwehrwesens der Freiwilligen Feuerwehr Esthal verwirklicht.<\/span><\/p>\n<p style=\"text-align: justify;\"><span style=\"font-family: Arial;\">So hat der F\u00f6rderverein der Freiwilligen Feuerwehr Esthal e. V. inzwischen bereits zwei <\/span><span style=\"font-family: Arial; color: windowtext;\">Mannschaftstransportfahrzeuge und ein MTF-Mehrzweckfahrzeug f\u00fcr die Esthaler Wehr beschafft<\/span><span style=\"font-family: Arial;\">, welche in den ersten beiden F\u00e4llen g\u00e4nzlich aus Eigenleistung finanziert wurden.<br \/>\n<\/span><\/p>\n<p style=\"text-align: justify;\"><span style=\"font-family: Arial;\">Durch den Verein werden kontinuierlich, in Abstimmung mit der F\u00fchrung der Wehr, Ausr\u00fcstungsgegenst\u00e4nde beschafft, die die Ausstattung der Esthaler Wehr und des Ausr\u00fcckebereichs West der VG Lambrecht sinnvoll erg\u00e4nzen. Au\u00dferdem k\u00f6nnen professionelle Schulungen zu Sonderthemen mitfinanziert werden (z. B. &#8222;Alternative Antriebe und die Feuerwehr&#8220;, &#8222;VFDU-Workshops Technische Unfallhilfe&#8220; uvm.), die nicht \u00fcber den Lehrgangsplan des Landes RLP angeboten werden.<br \/>\n<\/span><\/p>\n<p style=\"text-align: justify;\">M\u00f6chten sie kein Mitglied werden, aber dennoch unsere Arbeit finanziell unterst\u00fctzen? Kein Problem, hier unsere Bankverbindung. Vielen Dank:<\/p>\n<p>IBAN: DE05 5479 0000 0000 6051 90<\/p>\n<p>Volksbank Kur- und Rheinpfalz<\/p>\n","protected":false},"excerpt":{"rendered":"<p>&nbsp; Mitgliedsantrag Satzung\u00a0Termine \u00a0Vorstand &nbsp; Der F\u00f6rderverein der Freiwilligen Feuerwehr Esthal wurde am 24.04.2007 im Schreinerst\u00fcbchen in Esthal\u00a0 gegr\u00fcndet und hat z. Zt. 192 Mitglieder. Ziel des Vereins ist es, die Feuerwehr Esthal nach dem Landesgesetz \u00fcber den Brandschutz, die allgemeine Hilfe und den Katastrophenschutz vom 20.11.1981 zu f\u00f6rdern. Dieser Satzungszweck wird insbesondere durch ideelle und materielle Unterst\u00fctzung des Feuerwehrwesens der Freiwilligen Feuerwehr Esthal verwirklicht. So hat der F\u00f6rderverein der Freiwilligen Feuerwehr Esthal e. V. inzwischen bereits zwei Mannschaftstransportfahrzeuge und ein MTF-Mehrzweckfahrzeug f\u00fcr die Esthaler Wehr beschafft, welche in den ersten beiden F\u00e4llen g\u00e4nzlich aus Eigenleistung finanziert wurden. Durch den Verein werden kontinuierlich, in Abstimmung mit der F\u00fchrung der Wehr, Ausr\u00fcstungsgegenst\u00e4nde beschafft, die die Ausstattung der Esthaler Wehr und des Ausr\u00fcckebereichs West der VG Lambrecht sinnvoll erg\u00e4nzen. Au\u00dferdem k\u00f6nnen professionelle Schulungen zu Sonderthemen mitfinanziert werden (z. B. &#8222;Alternative Antriebe und die Feuerwehr&#8220;, &#8222;VFDU-Workshops Technische Unfallhilfe&#8220; uvm.), die nicht \u00fcber den&hellip;<\/p>\n","protected":false},"author":2,"featured_media":0,"parent":0,"menu_order":2,"comment_status":"closed","ping_status":"closed","template":"","meta":{"footnotes":""},"class_list":["post-1731","page","type-page","status-publish","hentry"],"better_featured_image":null,"_links":{"self":[{"href":"https:\/\/feuerwehr-vglambrecht.de\/cms\/wp-json\/wp\/v2\/pages\/1731","targetHints":{"allow":["GET"]}}],"collection":[{"href":"https:\/\/feuerwehr-vglambrecht.de\/cms\/wp-json\/wp\/v2\/pages"}],"about":[{"href":"https:\/\/feuerwehr-vglambrecht.de\/cms\/wp-json\/wp\/v2\/types\/page"}],"author":[{"embeddable":true,"href":"https:\/\/feuerwehr-vglambrecht.de\/cms\/wp-json\/wp\/v2\/users\/2"}],"replies":[{"embeddable":true,"href":"https:\/\/feuerwehr-vglambrecht.de\/cms\/wp-json\/wp\/v2\/comments?post=1731"}],"version-history":[{"count":15,"href":"https:\/\/feuerwehr-vglambrecht.de\/cms\/wp-json\/wp\/v2\/pages\/1731\/revisions"}],"predecessor-version":[{"id":14671,"href":"https:\/\/feuerwehr-vglambrecht.de\/cms\/wp-json\/wp\/v2\/pages\/1731\/revisions\/14671"}],"wp:attachment":[{"href":"https:\/\/feuerwehr-vglambrecht.de\/cms\/wp-json\/wp\/v2\/media?parent=1731"}],"curies":[{"name":"wp","href":"https:\/\/api.w.org\/{rel}","templated":true}]}}

<style>
#formhead {  background-color: rgba(0, 0, 0, 0.1);padding: 7px; border-radius: 4px;color: #820005 !important; line-height: 1.5;}#formhead a{color: #820005 !important;}</style>
<div id="formhead">
<p>&nbsp;</p>
<h1><a href="https://feuerwehr-vglambrecht.de/cms/esthal/mitgliedsantrag/?preview_id=4379&amp;preview_nonce=c0fc44512b&amp;_thumbnail_id=-1&amp;preview=true">Mitgliedsantrag</a> <a href="https://feuerwehr-vglambrecht.de/cms/esthal/satzung/">Satzung</a> <a href="https://feuerwehr-vglambrecht.de/cms/foerderverein/esthal/termine/">Termine</a>  <a href="https://feuerwehr-vglambrecht.de/cms/esthal/vorstand/">Vorstand</a></h1>
<p>&nbsp;</p>
</div>
<p style="text-align: justify;"><span style="font-family: Arial;">Der Förderverein der Freiwilligen Feuerwehr Esthal wurde am 24.04.2007 im Schreinerstübchen in Esthal  gegründet und hat z. Zt. 192 Mitglieder.</span></p>
<p style="text-align: justify;"><span style="font-family: Arial;">Ziel des Vereins ist es, die Feuerwehr Esthal nach dem Landesgesetz über den Brandschutz, die allgemeine Hilfe und den Katastrophenschutz vom 20.11.1981 zu fördern. Dieser Satzungszweck wird insbesondere durch ideelle und materielle Unterstützung des Feuerwehrwesens der Freiwilligen Feuerwehr Esthal verwirklicht.</span></p>
<p style="text-align: justify;"><span style="font-family: Arial;">So hat der Förderverein der Freiwilligen Feuerwehr Esthal e. V. inzwischen bereits zwei </span><span style="font-family: Arial; color: windowtext;">Mannschaftstransportfahrzeuge und ein MTF-Mehrzweckfahrzeug für die Esthaler Wehr beschafft</span><span style="font-family: Arial;">, welche in den ersten beiden Fällen gänzlich aus Eigenleistung finanziert wurden.<br />
</span></p>
<p style="text-align: justify;"><span style="font-family: Arial;">Durch den Verein werden kontinuierlich, in Abstimmung mit der Führung der Wehr, Ausrüstungsgegenstände beschafft, die die Ausstattung der Esthaler Wehr und des Ausrückebereichs West der VG Lambrecht sinnvoll ergänzen. Außerdem können professionelle Schulungen zu Sonderthemen mitfinanziert werden (z. B. &#8222;Alternative Antriebe und die Feuerwehr&#8220;, &#8222;VFDU-Workshops Technische Unfallhilfe&#8220; uvm.), die nicht über den Lehrgangsplan des Landes RLP angeboten werden.<br />
</span></p>
<p style="text-align: justify;">Möchten sie kein Mitglied werden, aber dennoch unsere Arbeit finanziell unterstützen? Kein Problem, hier unsere Bankverbindung. Vielen Dank:</p>
<p>IBAN: DE05 5479 0000 0000 6051 90</p>
<p>Volksbank Kur- und Rheinpfalz</p>

<p>&nbsp; Mitgliedsantrag Satzung Termine  Vorstand &nbsp; Der Förderverein der Freiwilligen Feuerwehr Esthal wurde am 24.04.2007 im Schreinerstübchen in Esthal  gegründet und hat z. Zt. 192 Mitglieder. Ziel des Vereins ist es, die Feuerwehr Esthal nach dem Landesgesetz über den Brandschutz, die allgemeine Hilfe und den Katastrophenschutz vom 20.11.1981 zu fördern. Dieser Satzungszweck wird insbesondere durch ideelle und materielle Unterstützung des Feuerwehrwesens der Freiwilligen Feuerwehr Esthal verwirklicht. So hat der Förderverein der Freiwilligen Feuerwehr Esthal e. V. inzwischen bereits zwei Mannschaftstransportfahrzeuge und ein MTF-Mehrzweckfahrzeug für die Esthaler Wehr beschafft, welche in den ersten beiden Fällen gänzlich aus Eigenleistung finanziert wurden. Durch den Verein werden kontinuierlich, in Abstimmung mit der Führung der Wehr, Ausrüstungsgegenstände beschafft, die die Ausstattung der Esthaler Wehr und des Ausrückebereichs West der VG Lambrecht sinnvoll ergänzen. Außerdem können professionelle Schulungen zu Sonderthemen mitfinanziert werden (z. B. &#8222;Alternative Antriebe und die Feuerwehr&#8220;, &#8222;VFDU-Workshops Technische Unfallhilfe&#8220; uvm.), die nicht über den&hellip;</p>
