{"id":1729,"date":"2015-12-27T18:08:16","date_gmt":"2015-12-27T17:08:16","guid":{"rendered":"http:\/\/feuerwehr-vglambrecht.de\/cms\/?page_id=1729"},"modified":"2024-12-17T16:20:09","modified_gmt":"2024-12-17T15:20:09","slug":"elmstein","status":"publish","type":"page","link":"https:\/\/feuerwehr-vglambrecht.de\/cms\/foerderverein\/elmstein\/","title":{"rendered":"Elmstein"},"content":{"rendered":"<style>\n#formhead {  background-color: rgba(0, 0, 0, 0.1);padding: 7px; border-radius: 4px;color: #820005 !important; line-height: 1.5;}#formhead a{color: #820005 !important;}<\/style>\n<div id=\"formhead\">\n<h4 style=\"text-align: center;\"><b>F\u00f6rderverein der Freiwilligen Feuerwehr Elmstein e. V.<\/b><\/h4>\n<h1 style=\"text-align: center;\"><a href=\"https:\/\/feuerwehr-vglambrecht.de\/cms\/foerderverein\/elmstein\/vorstand\/\">Vorstand<\/a><\/h1>\n<h1 style=\"text-align: center;\"><a href=\"https:\/\/feuerwehr-vglambrecht.de\/cms\/foerderverein\/elmstein\/mitgliedsantrag\/\">Mitgliedsantrag<\/a><\/h1>\n<h1 style=\"text-align: center;\"><a href=\"https:\/\/feuerwehr-vglambrecht.de\/cms\/foerderverein\/elmstein\/termine\/\">Veranstaltungen<\/a><\/h1>\n<h1 style=\"text-align: center;\"><a href=\"https:\/\/feuerwehr-vglambrecht.de\/cms\/foerderverein\/elmstein\/satzung\/\">Satzung<\/a><\/h1>\n<h1 style=\"text-align: center;\"><\/h1>\n<\/div>\n<p>&nbsp;<\/p>\n<hr \/>\n<h2 style=\"text-align: center;\">Herzlich Willkommen !<\/h2>\n<p style=\"text-align: center;\">F\u00f6rderverein der Freiwilligen Feuerwehr Elmstein e.V.<\/p>\n<p style=\"text-align: center;\">Bahnhofstra\u00dfe 14<\/p>\n<p style=\"text-align: center;\">67471 Elmstein<\/p>\n<p>&nbsp;<\/p>\n<table border=\"0\" width=\"75%\" cellpadding=\"1\">\n<tbody>\n<tr>\n<td align=\"left\"><u>Kontoverbindung<\/u><\/td>\n<td align=\"center\"><\/td>\n<\/tr>\n<tr>\n<td style=\"text-align: left;\" colspan=\"2\" align=\"center\">F\u00f6rderverein der Freiw. Feuerwehr Elmstein<\/td>\n<td align=\"center\"><\/td>\n<\/tr>\n<tr>\n<td style=\"text-align: left;\" align=\"center\">Bank<\/td>\n<td style=\"text-align: left;\" align=\"center\">Sparkasse Rhein-Haardt<\/td>\n<\/tr>\n<tr>\n<td style=\"text-align: left;\" align=\"center\">IBAN<\/td>\n<td style=\"text-align: left;\" align=\"center\"><span class=\"s1\">DE59546512400002603025<\/span><\/td>\n<\/tr>\n<tr>\n<td style=\"text-align: left;\" align=\"center\">BIC<\/td>\n<td style=\"text-align: left;\" align=\"center\">MALADE51DKH<\/td>\n<\/tr>\n<\/tbody>\n<\/table>\n","protected":false},"excerpt":{"rendered":"<p>F\u00f6rderverein der Freiwilligen Feuerwehr Elmstein e. V. Vorstand Mitgliedsantrag Veranstaltungen Satzung &nbsp; Herzlich Willkommen ! F\u00f6rderverein der Freiwilligen Feuerwehr Elmstein e.V. Bahnhofstra\u00dfe 14 67471 Elmstein &nbsp; Kontoverbindung F\u00f6rderverein der Freiw. Feuerwehr Elmstein Bank Sparkasse Rhein-Haardt IBAN DE59546512400002603025 BIC MALADE51DKH<\/p>\n","protected":false},"author":2,"featured_media":0,"parent":946,"menu_order":1,"comment_status":"closed","ping_status":"closed","template":"","meta":{"footnotes":""},"class_list":["post-1729","page","type-page","status-publish","hentry"],"better_featured_image":null,"_links":{"self":[{"href":"https:\/\/feuerwehr-vglambrecht.de\/cms\/wp-json\/wp\/v2\/pages\/1729","targetHints":{"allow":["GET"]}}],"collection":[{"href":"https:\/\/feuerwehr-vglambrecht.de\/cms\/wp-json\/wp\/v2\/pages"}],"about":[{"href":"https:\/\/feuerwehr-vglambrecht.de\/cms\/wp-json\/wp\/v2\/types\/page"}],"author":[{"embeddable":true,"href":"https:\/\/feuerwehr-vglambrecht.de\/cms\/wp-json\/wp\/v2\/users\/2"}],"replies":[{"embeddable":true,"href":"https:\/\/feuerwehr-vglambrecht.de\/cms\/wp-json\/wp\/v2\/comments?post=1729"}],"version-history":[{"count":29,"href":"https:\/\/feuerwehr-vglambrecht.de\/cms\/wp-json\/wp\/v2\/pages\/1729\/revisions"}],"predecessor-version":[{"id":13422,"href":"https:\/\/feuerwehr-vglambrecht.de\/cms\/wp-json\/wp\/v2\/pages\/1729\/revisions\/13422"}],"up":[{"embeddable":true,"href":"https:\/\/feuerwehr-vglambrecht.de\/cms\/wp-json\/wp\/v2\/pages\/946"}],"wp:attachment":[{"href":"https:\/\/feuerwehr-vglambrecht.de\/cms\/wp-json\/wp\/v2\/media?parent=1729"}],"curies":[{"name":"wp","href":"https:\/\/api.w.org\/{rel}","templated":true}]}}

<style>
#formhead {  background-color: rgba(0, 0, 0, 0.1);padding: 7px; border-radius: 4px;color: #820005 !important; line-height: 1.5;}#formhead a{color: #820005 !important;}</style>
<div id="formhead">
<h4 style="text-align: center;"><b>Förderverein der Freiwilligen Feuerwehr Elmstein e. V.</b></h4>
<h1 style="text-align: center;"><a href="https://feuerwehr-vglambrecht.de/cms/foerderverein/elmstein/vorstand/">Vorstand</a></h1>
<h1 style="text-align: center;"><a href="https://feuerwehr-vglambrecht.de/cms/foerderverein/elmstein/mitgliedsantrag/">Mitgliedsantrag</a></h1>
<h1 style="text-align: center;"><a href="https://feuerwehr-vglambrecht.de/cms/foerderverein/elmstein/termine/">Veranstaltungen</a></h1>
<h1 style="text-align: center;"><a href="https://feuerwehr-vglambrecht.de/cms/foerderverein/elmstein/satzung/">Satzung</a></h1>
<h1 style="text-align: center;"></h1>
</div>
<p>&nbsp;</p>
<hr />
<h2 style="text-align: center;">Herzlich Willkommen !</h2>
<p style="text-align: center;">Förderverein der Freiwilligen Feuerwehr Elmstein e.V.</p>
<p style="text-align: center;">Bahnhofstraße 14</p>
<p style="text-align: center;">67471 Elmstein</p>
<p>&nbsp;</p>
<table border="0" width="75%" cellpadding="1">
<tbody>
<tr>
<td align="left"><u>Kontoverbindung</u></td>
<td align="center"></td>
</tr>
<tr>
<td style="text-align: left;" colspan="2" align="center">Förderverein der Freiw. Feuerwehr Elmstein</td>
<td align="center"></td>
</tr>
<tr>
<td style="text-align: left;" align="center">Bank</td>
<td style="text-align: left;" align="center">Sparkasse Rhein-Haardt</td>
</tr>
<tr>
<td style="text-align: left;" align="center">IBAN</td>
<td style="text-align: left;" align="center"><span class="s1">DE59546512400002603025</span></td>
</tr>
<tr>
<td style="text-align: left;" align="center">BIC</td>
<td style="text-align: left;" align="center">MALADE51DKH</td>
</tr>
</tbody>
</table>

<p>Förderverein der Freiwilligen Feuerwehr Elmstein e. V. Vorstand Mitgliedsantrag Veranstaltungen Satzung &nbsp; Herzlich Willkommen ! Förderverein der Freiwilligen Feuerwehr Elmstein e.V. Bahnhofstraße 14 67471 Elmstein &nbsp; Kontoverbindung Förderverein der Freiw. Feuerwehr Elmstein Bank Sparkasse Rhein-Haardt IBAN DE59546512400002603025 BIC MALADE51DKH</p>
