{"id":1221,"date":"2015-12-04T19:12:02","date_gmt":"2015-12-04T18:12:02","guid":{"rendered":"http:\/\/feuerwehr-vglambrecht.de\/cms\/?page_id=1221"},"modified":"2016-04-14T14:03:30","modified_gmt":"2016-04-14T12:03:30","slug":"ueber-uns","status":"publish","type":"page","link":"https:\/\/feuerwehr-vglambrecht.de\/cms\/einheiten\/wehrleitung\/ueber-uns\/","title":{"rendered":"\u00dcber uns"},"content":{"rendered":"<p style=\"text-align: justify;\">Die Wehrleitung der Verbandsgemeinde Lambrecht besteht seit 2012 aus drei Mitgliedern. Wehrleiter ist Frank Flockerzi aus Iggelbach mit seinen beiden Stellvertretern Jochen Hummel aus Esthal und Markus M\u00fcller aus Lambrecht.<\/p>\n<p style=\"text-align: justify;\">Die Aufgaben der Wehrleitung sind vielschichtig: Sie repr\u00e4sentiert die Feuerwehr der Verbandsgemeinde Lambrecht nach au\u00dfen, sie ber\u00e4t den B\u00fcrgermeister \u00a0der Verbandsgemeinde in allen Fragen des Brandschutzes und der allgemeinen Hilfe und\u00a0 f\u00fchrt die Arbeiten und Interessen der Feuerwehrleute zusammen. Somit ist\u00a0 Sie auch f\u00fcr die stetige Weiterentwicklung der Feuerwehr verantwortlich.<\/p>\n<p style=\"text-align: justify;\">\u00dcber repr\u00e4sentative und politische Aufgaben hinaus ist die Wehrleitung aber auch kompetenter Einsatzleiter bei Eins\u00e4tzen mit gr\u00f6\u00dferem Umfang. Sie wird bei jedem Einsatz ab der Stufe 2 in der Verbandsgemeinde Lambrecht mitalarmiert.<\/p>\n<p style=\"text-align: justify;\">Aufgrund der Vielzahl der Aufgaben wurden diese auf die Mitglieder der Wehrleitung aufgeteilt:Wehrleiter Frank Flockerzi h\u00e4lt alle F\u00e4den in der Hand und k\u00fcmmert sich vorrangig um Personalangelegenheiten, Haushalts\u00fcberwachung sowie Beschaffung von Fahrzeugen und Ger\u00e4ten.Markus M\u00fcller ist zust\u00e4ndig f\u00fcr Funk, digitale Alarmierung, FEZ sowie Lehrg\u00e4nge auf Kreis-und Landesebene. Jochen Hummel besetzt die Themen Atemschutz, Jugendfeuerwehr und Feuerwehrpl\u00e4ne.<\/p>\n<p style=\"text-align: justify;\">\n<a href=\"https:\/\/feuerwehr-vglambrecht.de\/cms\/wp-content\/gallery\/mannschaft-wehrleitung\/img_5271.jpg\" title=\"\" class=\"shutterset_singlepic122\" >\n\t<img decoding=\"async\" class=\"ngg-singlepic\" src=\"https:\/\/feuerwehr-vglambrecht.de\/cms\/wp-content\/gallery\/cache\/122__650x450_img_5271.jpg\" alt=\"img_5271\" title=\"img_5271\" \/>\n<\/a>\n<\/p>\n<p style=\"text-align: justify;\">Jochen Hummel, Frank Flockerzi, Markus M\u00fcller<\/p>\n","protected":false},"excerpt":{"rendered":"<p>Die Wehrleitung der Verbandsgemeinde Lambrecht besteht seit 2012 aus drei Mitgliedern. Wehrleiter ist Frank Flockerzi aus Iggelbach mit seinen beiden Stellvertretern Jochen Hummel aus Esthal und Markus M\u00fcller aus Lambrecht. Die Aufgaben der Wehrleitung sind vielschichtig: Sie repr\u00e4sentiert die Feuerwehr der Verbandsgemeinde Lambrecht nach au\u00dfen, sie ber\u00e4t den B\u00fcrgermeister \u00a0der Verbandsgemeinde in allen Fragen des Brandschutzes und der allgemeinen Hilfe und\u00a0 f\u00fchrt die Arbeiten und Interessen der Feuerwehrleute zusammen. Somit ist\u00a0 Sie auch f\u00fcr die stetige Weiterentwicklung der Feuerwehr verantwortlich. \u00dcber repr\u00e4sentative und politische Aufgaben hinaus ist die Wehrleitung aber auch kompetenter Einsatzleiter bei Eins\u00e4tzen mit gr\u00f6\u00dferem Umfang. Sie wird bei jedem Einsatz ab der Stufe 2 in der Verbandsgemeinde Lambrecht mitalarmiert. Aufgrund der Vielzahl der Aufgaben wurden diese auf die Mitglieder der Wehrleitung aufgeteilt:Wehrleiter Frank Flockerzi h\u00e4lt alle F\u00e4den in der Hand und k\u00fcmmert sich vorrangig um Personalangelegenheiten, Haushalts\u00fcberwachung sowie Beschaffung von Fahrzeugen und Ger\u00e4ten.Markus M\u00fcller ist zust\u00e4ndig f\u00fcr&hellip;<\/p>\n","protected":false},"author":2,"featured_media":0,"parent":972,"menu_order":3,"comment_status":"closed","ping_status":"closed","template":"","meta":{"footnotes":""},"class_list":["post-1221","page","type-page","status-publish","hentry"],"better_featured_image":null,"_links":{"self":[{"href":"https:\/\/feuerwehr-vglambrecht.de\/cms\/wp-json\/wp\/v2\/pages\/1221","targetHints":{"allow":["GET"]}}],"collection":[{"href":"https:\/\/feuerwehr-vglambrecht.de\/cms\/wp-json\/wp\/v2\/pages"}],"about":[{"href":"https:\/\/feuerwehr-vglambrecht.de\/cms\/wp-json\/wp\/v2\/types\/page"}],"author":[{"embeddable":true,"href":"https:\/\/feuerwehr-vglambrecht.de\/cms\/wp-json\/wp\/v2\/users\/2"}],"replies":[{"embeddable":true,"href":"https:\/\/feuerwehr-vglambrecht.de\/cms\/wp-json\/wp\/v2\/comments?post=1221"}],"version-history":[{"count":5,"href":"https:\/\/feuerwehr-vglambrecht.de\/cms\/wp-json\/wp\/v2\/pages\/1221\/revisions"}],"predecessor-version":[{"id":1746,"href":"https:\/\/feuerwehr-vglambrecht.de\/cms\/wp-json\/wp\/v2\/pages\/1221\/revisions\/1746"}],"up":[{"embeddable":true,"href":"https:\/\/feuerwehr-vglambrecht.de\/cms\/wp-json\/wp\/v2\/pages\/972"}],"wp:attachment":[{"href":"https:\/\/feuerwehr-vglambrecht.de\/cms\/wp-json\/wp\/v2\/media?parent=1221"}],"curies":[{"name":"wp","href":"https:\/\/api.w.org\/{rel}","templated":true}]}}

Über uns

<p style="text-align: justify;">Die Wehrleitung der Verbandsgemeinde Lambrecht besteht seit 2012 aus drei Mitgliedern. Wehrleiter ist Frank Flockerzi aus Iggelbach mit seinen beiden Stellvertretern Jochen Hummel aus Esthal und Markus Müller aus Lambrecht.</p>
<p style="text-align: justify;">Die Aufgaben der Wehrleitung sind vielschichtig: Sie repräsentiert die Feuerwehr der Verbandsgemeinde Lambrecht nach außen, sie berät den Bürgermeister  der Verbandsgemeinde in allen Fragen des Brandschutzes und der allgemeinen Hilfe und  führt die Arbeiten und Interessen der Feuerwehrleute zusammen. Somit ist  Sie auch für die stetige Weiterentwicklung der Feuerwehr verantwortlich.</p>
<p style="text-align: justify;">Über repräsentative und politische Aufgaben hinaus ist die Wehrleitung aber auch kompetenter Einsatzleiter bei Einsätzen mit größerem Umfang. Sie wird bei jedem Einsatz ab der Stufe 2 in der Verbandsgemeinde Lambrecht mitalarmiert.</p>
<p style="text-align: justify;">Aufgrund der Vielzahl der Aufgaben wurden diese auf die Mitglieder der Wehrleitung aufgeteilt:Wehrleiter Frank Flockerzi hält alle Fäden in der Hand und kümmert sich vorrangig um Personalangelegenheiten, Haushaltsüberwachung sowie Beschaffung von Fahrzeugen und Geräten.Markus Müller ist zuständig für Funk, digitale Alarmierung, FEZ sowie Lehrgänge auf Kreis-und Landesebene. Jochen Hummel besetzt die Themen Atemschutz, Jugendfeuerwehr und Feuerwehrpläne.</p>
<p style="text-align: justify;">
<a href="https://feuerwehr-vglambrecht.de/cms/wp-content/gallery/mannschaft-wehrleitung/img_5271.jpg" title="" class="shutterset_singlepic122" >
	<img decoding="async" class="ngg-singlepic" src="https://feuerwehr-vglambrecht.de/cms/wp-content/gallery/cache/122__650x450_img_5271.jpg" alt="img_5271" title="img_5271" />
</a>
</p>
<p style="text-align: justify;">Jochen Hummel, Frank Flockerzi, Markus Müller</p>

<p>Die Wehrleitung der Verbandsgemeinde Lambrecht besteht seit 2012 aus drei Mitgliedern. Wehrleiter ist Frank Flockerzi aus Iggelbach mit seinen beiden Stellvertretern Jochen Hummel aus Esthal und Markus Müller aus Lambrecht. Die Aufgaben der Wehrleitung sind vielschichtig: Sie repräsentiert die Feuerwehr der Verbandsgemeinde Lambrecht nach außen, sie berät den Bürgermeister  der Verbandsgemeinde in allen Fragen des Brandschutzes und der allgemeinen Hilfe und  führt die Arbeiten und Interessen der Feuerwehrleute zusammen. Somit ist  Sie auch für die stetige Weiterentwicklung der Feuerwehr verantwortlich. Über repräsentative und politische Aufgaben hinaus ist die Wehrleitung aber auch kompetenter Einsatzleiter bei Einsätzen mit größerem Umfang. Sie wird bei jedem Einsatz ab der Stufe 2 in der Verbandsgemeinde Lambrecht mitalarmiert. Aufgrund der Vielzahl der Aufgaben wurden diese auf die Mitglieder der Wehrleitung aufgeteilt:Wehrleiter Frank Flockerzi hält alle Fäden in der Hand und kümmert sich vorrangig um Personalangelegenheiten, Haushaltsüberwachung sowie Beschaffung von Fahrzeugen und Geräten.Markus Müller ist zuständig für&hellip;</p>
