{"id":1209,"date":"2015-12-04T19:09:53","date_gmt":"2015-12-04T18:09:53","guid":{"rendered":"http:\/\/feuerwehr-vglambrecht.de\/cms\/?page_id=1209"},"modified":"2024-07-04T23:09:45","modified_gmt":"2024-07-04T21:09:45","slug":"ueber-uns","status":"publish","type":"page","link":"https:\/\/feuerwehr-vglambrecht.de\/cms\/einheiten\/neidenfels\/ueber-uns\/","title":{"rendered":"\u00dcber uns"},"content":{"rendered":"<hr \/>\n<p style=\"text-align: center;\"><img loading=\"lazy\" decoding=\"async\" class=\"alignnone wp-image-12794 size-medium\" src=\"https:\/\/feuerwehr-vglambrecht.de\/cms\/wp-content\/uploads\/2024\/07\/logov24-1-300x272.png\" alt=\"\" width=\"300\" height=\"272\" srcset=\"https:\/\/feuerwehr-vglambrecht.de\/cms\/wp-content\/uploads\/2024\/07\/logov24-1-300x272.png 300w, https:\/\/feuerwehr-vglambrecht.de\/cms\/wp-content\/uploads\/2024\/07\/logov24-1-768x696.png 768w, https:\/\/feuerwehr-vglambrecht.de\/cms\/wp-content\/uploads\/2024\/07\/logov24-1-1536x1392.png 1536w, https:\/\/feuerwehr-vglambrecht.de\/cms\/wp-content\/uploads\/2024\/07\/logov24-1-1024x928.png 1024w, https:\/\/feuerwehr-vglambrecht.de\/cms\/wp-content\/uploads\/2024\/07\/logov24-1.png 1750w\" sizes=\"auto, (max-width: 300px) 100vw, 300px\" \/><\/p>\n<p style=\"text-align: center;\"><strong><span style=\"text-decoration: underline;\">Herzlich Wilkommen<\/span><br \/>\n<\/strong><\/p>\n<p style=\"text-align: justify;\">Die Feuerwehr Neidenfels bildet zusammen mit der Feuerwehr Weidenthal den<\/p>\n<p style=\"text-align: center;\"><b>Ausr\u00fcckebereich Nord \u2013 West<\/b><\/p>\n<p style=\"text-align: justify;\">Der Ausr\u00fcckebereich Nord &#8211; West umfasst das Gebiet der Gemeinden Neidenfels (ab B39 Tunnel GarnTec)\u00a0 und Weidenthal (bis Sensental) Es sind die Einheiten Neidenfels und Weidenthal zust\u00e4ndig.<\/p>\n<p style=\"text-align: justify;\">Weiterhin ist die Einheit Neidenfels im Bereich Lambrecht, Lindenberg, Weidenthal und Frankeneck zust\u00e4ndig f\u00fcr unaufschiebbare Erstma\u00dfnahmen bei Gefahrgutunf\u00e4llen.<\/p>\n<p style=\"text-align: justify;\">Die Feuerwehr Neidenfels besteht derzeit aus 18 Aktiven Mitgliedern. Die Wehr besitzt 3 Einsatzfahrzeuge: ein Tragkraftspritzenfahrzeug (47), ein Mehrzweckfahrzeug (73) und ein Mannschaftstransportfahrzeug (19). Das MTF wurde 2008 vom F\u00f6rderverein der Freiwilligen Feuerwehr Neidenfels beschafft und der Wehr zur Verf\u00fcgung gestellt.<\/p>\n<p style=\"text-align: justify;\">\n","protected":false},"excerpt":{"rendered":"<p>Herzlich Wilkommen Die Feuerwehr Neidenfels bildet zusammen mit der Feuerwehr Weidenthal den Ausr\u00fcckebereich Nord \u2013 West Der Ausr\u00fcckebereich Nord &#8211; West umfasst das Gebiet der Gemeinden Neidenfels (ab B39 Tunnel GarnTec)\u00a0 und Weidenthal (bis Sensental) Es sind die Einheiten Neidenfels und Weidenthal zust\u00e4ndig. Weiterhin ist die Einheit Neidenfels im Bereich Lambrecht, Lindenberg, Weidenthal und Frankeneck zust\u00e4ndig f\u00fcr unaufschiebbare Erstma\u00dfnahmen bei Gefahrgutunf\u00e4llen. Die Feuerwehr Neidenfels besteht derzeit aus 18 Aktiven Mitgliedern. Die Wehr besitzt 3 Einsatzfahrzeuge: ein Tragkraftspritzenfahrzeug (47), ein Mehrzweckfahrzeug (73) und ein Mannschaftstransportfahrzeug (19). Das MTF wurde 2008 vom F\u00f6rderverein der Freiwilligen Feuerwehr Neidenfels beschafft und der Wehr zur Verf\u00fcgung gestellt.<\/p>\n","protected":false},"author":2,"featured_media":0,"parent":938,"menu_order":3,"comment_status":"closed","ping_status":"closed","template":"","meta":{"footnotes":""},"class_list":["post-1209","page","type-page","status-publish","hentry"],"better_featured_image":null,"_links":{"self":[{"href":"https:\/\/feuerwehr-vglambrecht.de\/cms\/wp-json\/wp\/v2\/pages\/1209","targetHints":{"allow":["GET"]}}],"collection":[{"href":"https:\/\/feuerwehr-vglambrecht.de\/cms\/wp-json\/wp\/v2\/pages"}],"about":[{"href":"https:\/\/feuerwehr-vglambrecht.de\/cms\/wp-json\/wp\/v2\/types\/page"}],"author":[{"embeddable":true,"href":"https:\/\/feuerwehr-vglambrecht.de\/cms\/wp-json\/wp\/v2\/users\/2"}],"replies":[{"embeddable":true,"href":"https:\/\/feuerwehr-vglambrecht.de\/cms\/wp-json\/wp\/v2\/comments?post=1209"}],"version-history":[{"count":10,"href":"https:\/\/feuerwehr-vglambrecht.de\/cms\/wp-json\/wp\/v2\/pages\/1209\/revisions"}],"predecessor-version":[{"id":12796,"href":"https:\/\/feuerwehr-vglambrecht.de\/cms\/wp-json\/wp\/v2\/pages\/1209\/revisions\/12796"}],"up":[{"embeddable":true,"href":"https:\/\/feuerwehr-vglambrecht.de\/cms\/wp-json\/wp\/v2\/pages\/938"}],"wp:attachment":[{"href":"https:\/\/feuerwehr-vglambrecht.de\/cms\/wp-json\/wp\/v2\/media?parent=1209"}],"curies":[{"name":"wp","href":"https:\/\/api.w.org\/{rel}","templated":true}]}}

Über uns

<hr />
<p style="text-align: center;"><img loading="lazy" decoding="async" class="alignnone wp-image-12794 size-medium" src="https://feuerwehr-vglambrecht.de/cms/wp-content/uploads/2024/07/logov24-1-300x272.png" alt="" width="300" height="272" srcset="https://feuerwehr-vglambrecht.de/cms/wp-content/uploads/2024/07/logov24-1-300x272.png 300w, https://feuerwehr-vglambrecht.de/cms/wp-content/uploads/2024/07/logov24-1-768x696.png 768w, https://feuerwehr-vglambrecht.de/cms/wp-content/uploads/2024/07/logov24-1-1536x1392.png 1536w, https://feuerwehr-vglambrecht.de/cms/wp-content/uploads/2024/07/logov24-1-1024x928.png 1024w, https://feuerwehr-vglambrecht.de/cms/wp-content/uploads/2024/07/logov24-1.png 1750w" sizes="auto, (max-width: 300px) 100vw, 300px" /></p>
<p style="text-align: center;"><strong><span style="text-decoration: underline;">Herzlich Wilkommen</span><br />
</strong></p>
<p style="text-align: justify;">Die Feuerwehr Neidenfels bildet zusammen mit der Feuerwehr Weidenthal den</p>
<p style="text-align: center;"><b>Ausrückebereich Nord – West</b></p>
<p style="text-align: justify;">Der Ausrückebereich Nord &#8211; West umfasst das Gebiet der Gemeinden Neidenfels (ab B39 Tunnel GarnTec)  und Weidenthal (bis Sensental) Es sind die Einheiten Neidenfels und Weidenthal zuständig.</p>
<p style="text-align: justify;">Weiterhin ist die Einheit Neidenfels im Bereich Lambrecht, Lindenberg, Weidenthal und Frankeneck zuständig für unaufschiebbare Erstmaßnahmen bei Gefahrgutunfällen.</p>
<p style="text-align: justify;">Die Feuerwehr Neidenfels besteht derzeit aus 18 Aktiven Mitgliedern. Die Wehr besitzt 3 Einsatzfahrzeuge: ein Tragkraftspritzenfahrzeug (47), ein Mehrzweckfahrzeug (73) und ein Mannschaftstransportfahrzeug (19). Das MTF wurde 2008 vom Förderverein der Freiwilligen Feuerwehr Neidenfels beschafft und der Wehr zur Verfügung gestellt.</p>
<p style="text-align: justify;">

<p>Herzlich Wilkommen Die Feuerwehr Neidenfels bildet zusammen mit der Feuerwehr Weidenthal den Ausrückebereich Nord – West Der Ausrückebereich Nord &#8211; West umfasst das Gebiet der Gemeinden Neidenfels (ab B39 Tunnel GarnTec)  und Weidenthal (bis Sensental) Es sind die Einheiten Neidenfels und Weidenthal zuständig. Weiterhin ist die Einheit Neidenfels im Bereich Lambrecht, Lindenberg, Weidenthal und Frankeneck zuständig für unaufschiebbare Erstmaßnahmen bei Gefahrgutunfällen. Die Feuerwehr Neidenfels besteht derzeit aus 18 Aktiven Mitgliedern. Die Wehr besitzt 3 Einsatzfahrzeuge: ein Tragkraftspritzenfahrzeug (47), ein Mehrzweckfahrzeug (73) und ein Mannschaftstransportfahrzeug (19). Das MTF wurde 2008 vom Förderverein der Freiwilligen Feuerwehr Neidenfels beschafft und der Wehr zur Verfügung gestellt.</p>
