{"id":1203,"date":"2015-12-04T19:09:00","date_gmt":"2015-12-04T18:09:00","guid":{"rendered":"http:\/\/feuerwehr-vglambrecht.de\/cms\/?page_id=1203"},"modified":"2016-04-14T13:54:35","modified_gmt":"2016-04-14T11:54:35","slug":"ueber-uns","status":"publish","type":"page","link":"https:\/\/feuerwehr-vglambrecht.de\/cms\/einheiten\/lindenberg\/ueber-uns\/","title":{"rendered":"\u00dcber uns"},"content":{"rendered":"<p style=\"text-align: justify;\">Die Freiwillige Feuerwehr Lindenberg wurde 1883 gegr\u00fcndet. Sie bildet zusammen mit der Feuerwehr Lambrecht den Ausr\u00fcckebereich Ost innerhalb der Verbandsgemeinde Lambrecht. Dieser erstreckt sich \u00fcber die Ortsbereiche von Lindenberg und Lambrecht sowie die angrenzenden Stra\u00dfen und Waldgebiete. Gem\u00e4\u00df Alarm- und Ausr\u00fcckeordnung sind die Ortswehren erstausr\u00fcckende Einheiten in ihrem jeweiligen Ortsbereich. Kleiner Eins\u00e4tze werden selbstst\u00e4ndig abgearbeitet, bei gr\u00f6\u00dferen Eins\u00e4tzen werden die Ortswehren von weiteren Einheiten unterst\u00fctzt.<\/p>\n<p style=\"text-align: justify;\">Die Feuerwehr Lindenberg hat eine Sollst\u00e4rke von 18 Mann. Bedingt durch Zu- und Abg\u00e4nge schwankt die Istst\u00e4rke zwischen 16 und 20 Mann.<\/p>\n<p style=\"text-align: justify;\">Das Ger\u00e4tehaus befindet sich unterhalb der Turnhalle am Sportplatz. Es konnte 1971, nach neuesten Kriterien mit Fahrzeughalle und Mannschaftsraum geplant, bezogen werden. Da es mittlerweile nicht mehr ganz den Vorschriften entspricht wird von der Feuerwehr und der Verwaltung nach einer besseren L\u00f6sung gesucht.<\/p>\n<p style=\"text-align: justify;\">Die Feuerwehr Lindenberg muss im Jahr 20- bis 30-mal zu Eins\u00e4tzen ausr\u00fccken. Waren es in der Vergangenheit fast nur Brandeins\u00e4tze, sind heute viele technische Hilfeleistungen wie Verkehrsunf\u00e4lle und die Beseitigung von Unwettersch\u00e4den, aber auch die Suche nach vermissten Personen hinzugekommen.<\/p>\n<p style=\"text-align: justify;\">Seit 2015 betreut die Feuerwehr Lindenberg die Sondereinheit \u201eH\u00f6hensicherung\u201c der VG Lambrecht.<\/p>\n<p style=\"text-align: justify;\">Mit dem allj\u00e4hrlichen Stellen des Maibaumes, der Beteiligung an der Kerwe und weiteren Aktionen zeigt die Mannschaft, dass sie sehr eng mit ihrem Heimatdorf verbunden ist.<\/p>\n","protected":false},"excerpt":{"rendered":"<p>Die Freiwillige Feuerwehr Lindenberg wurde 1883 gegr\u00fcndet. Sie bildet zusammen mit der Feuerwehr Lambrecht den Ausr\u00fcckebereich Ost innerhalb der Verbandsgemeinde Lambrecht. Dieser erstreckt sich \u00fcber die Ortsbereiche von Lindenberg und Lambrecht sowie die angrenzenden Stra\u00dfen und Waldgebiete. Gem\u00e4\u00df Alarm- und Ausr\u00fcckeordnung sind die Ortswehren erstausr\u00fcckende Einheiten in ihrem jeweiligen Ortsbereich. Kleiner Eins\u00e4tze werden selbstst\u00e4ndig abgearbeitet, bei gr\u00f6\u00dferen Eins\u00e4tzen werden die Ortswehren von weiteren Einheiten unterst\u00fctzt. Die Feuerwehr Lindenberg hat eine Sollst\u00e4rke von 18 Mann. Bedingt durch Zu- und Abg\u00e4nge schwankt die Istst\u00e4rke zwischen 16 und 20 Mann. Das Ger\u00e4tehaus befindet sich unterhalb der Turnhalle am Sportplatz. Es konnte 1971, nach neuesten Kriterien mit Fahrzeughalle und Mannschaftsraum geplant, bezogen werden. Da es mittlerweile nicht mehr ganz den Vorschriften entspricht wird von der Feuerwehr und der Verwaltung nach einer besseren L\u00f6sung gesucht. Die Feuerwehr Lindenberg muss im Jahr 20- bis 30-mal zu Eins\u00e4tzen ausr\u00fccken. Waren es in der Vergangenheit fast nur Brandeins\u00e4tze,&hellip;<\/p>\n","protected":false},"author":2,"featured_media":0,"parent":966,"menu_order":3,"comment_status":"closed","ping_status":"closed","template":"","meta":{"footnotes":""},"class_list":["post-1203","page","type-page","status-publish","hentry"],"better_featured_image":null,"_links":{"self":[{"href":"https:\/\/feuerwehr-vglambrecht.de\/cms\/wp-json\/wp\/v2\/pages\/1203","targetHints":{"allow":["GET"]}}],"collection":[{"href":"https:\/\/feuerwehr-vglambrecht.de\/cms\/wp-json\/wp\/v2\/pages"}],"about":[{"href":"https:\/\/feuerwehr-vglambrecht.de\/cms\/wp-json\/wp\/v2\/types\/page"}],"author":[{"embeddable":true,"href":"https:\/\/feuerwehr-vglambrecht.de\/cms\/wp-json\/wp\/v2\/users\/2"}],"replies":[{"embeddable":true,"href":"https:\/\/feuerwehr-vglambrecht.de\/cms\/wp-json\/wp\/v2\/comments?post=1203"}],"version-history":[{"count":2,"href":"https:\/\/feuerwehr-vglambrecht.de\/cms\/wp-json\/wp\/v2\/pages\/1203\/revisions"}],"predecessor-version":[{"id":1448,"href":"https:\/\/feuerwehr-vglambrecht.de\/cms\/wp-json\/wp\/v2\/pages\/1203\/revisions\/1448"}],"up":[{"embeddable":true,"href":"https:\/\/feuerwehr-vglambrecht.de\/cms\/wp-json\/wp\/v2\/pages\/966"}],"wp:attachment":[{"href":"https:\/\/feuerwehr-vglambrecht.de\/cms\/wp-json\/wp\/v2\/media?parent=1203"}],"curies":[{"name":"wp","href":"https:\/\/api.w.org\/{rel}","templated":true}]}}