{"id":1185,"date":"2015-12-04T19:05:54","date_gmt":"2015-12-04T18:05:54","guid":{"rendered":"http:\/\/feuerwehr-vglambrecht.de\/cms\/?page_id=1185"},"modified":"2016-05-08T18:01:36","modified_gmt":"2016-05-08T16:01:36","slug":"ueber-uns","status":"publish","type":"page","link":"https:\/\/feuerwehr-vglambrecht.de\/cms\/einheiten\/frankeneck\/ueber-uns\/","title":{"rendered":"\u00dcber uns"},"content":{"rendered":"<p style=\"text-align: center;\"><strong>Herzlich willkommen bei der <\/strong><\/p>\n<p style=\"text-align: center;\"><strong>Freiwilligen Feuerwehr Frankeneck<\/strong><\/p>\n<p><a href=\"http:\/\/feuerwehr-vglambrecht.de\/cms\/wp-content\/uploads\/2015\/12\/Frankeneck_Wappen250transparent.png\" rel=\"attachment wp-att-2073\"><img loading=\"lazy\" decoding=\"async\" class=\"size-full wp-image-2073 aligncenter\" src=\"http:\/\/feuerwehr-vglambrecht.de\/cms\/wp-content\/uploads\/2015\/12\/Frankeneck_Wappen250transparent.png\" alt=\"Frankeneck_Wappen250transparent\" width=\"239\" height=\"250\" \/><\/a><\/p>\n<p style=\"text-align: center;\">Das idyllisch im Pf\u00e4lzer Wald gelegene Dorf Frankeneck ist der j\u00fcngste Ort der Verbandsgemeinde Lambrecht und z\u00e4hlt zur Zeit ca. 800 Einwohner. Frankeneck entstand 1785, einst als Holzmacherdorf mit nur 20 Einwohnern. Das Ger\u00e4tehaus befindet sich Zentral im Ort in der Talstra\u00dfe und hat Platz f\u00fcr 2 Fahrzeuge, Umkleidem\u00f6glichkeit sowie Sitzm\u00f6glichkeiten f\u00fcr die 2-w\u00f6chigen \u00dcbungen.<\/p>\n<p style=\"text-align: center;\">Die Freiwillige Feuerwehr Frankeneck besteht aus 18 Einsatzkr\u00e4ften, die alle Ehrenamtlich t\u00e4tig sind. Die Frankenecker Feuerwehr r\u00fcckt im Ausr\u00fcckbereich West der Verbandsgemeinde Lambrecht zusammen mit der Feuerwehr Esthal aus. Ab Gefahrenstufe 2 wird au\u00dferdem die Feuerwehr Lambrecht mitalarmiert.<\/p>\n<p style=\"text-align: center;\">Die Feuerwehr Frankeneck wird durch die Leitstelle der Berufsfeuerwehr Ludwigshafen und teilweise auch durch die Funkeinsatzzentrale der Verbandsgemeinde Lambrecht \u00fcber digitale Funkmeldeempf\u00e4nger, welche jeder Feuerwehrangeh\u00f6rige bei sich tr\u00e4gt, alarmiert. Zu bew\u00e4ltigen sind pro Jahr etwa\u00a0 20-30 Eins\u00e4tze. Darunter Br\u00e4nde, technische Hilfeleistungen, Brandsicherheitswachen und sonstige Eins\u00e4tze wie z. B. Personensuchen oder Verkehrssicherungen<\/p>\n<p style=\"text-align: center;\">Das Einsatzgebiet (Ausr\u00fcckbereich West VG Lambrecht) der Frankenecker Wehr erstreckt sich \u00fcber Frankeneck, die Sattelm\u00fchle bis zum Ortsteil Iptestal und Erfenstein, dazu die K23 mit der Ortschaft Esthal. Au\u00dferdem wird die Landstra\u00dfe 499 von Sattelm\u00fchle bis Breitenstein und ein Teil der B39 in H\u00f6he Anschlu\u00dfstelle Frankeneck betreut. Bei gr\u00f6\u00dferen Schadensereignissen r\u00fcckt die Wehr auch Verbandsgemeindeweit aus und stellt wie alle anderen Wehren der Feuerwehr VG-Lambrecht auch Personal f\u00fcr Eins\u00e4tze auf Kreisebene.<\/p>\n<p style=\"text-align: center;\">Um diese Aufgaben bew\u00e4ltigen zu k\u00f6nnen ist ein hohes Ausbildungsniveau Voraussetzung. Zus\u00e4tzlich zur Feuerwehrgrundausbildung und der st\u00e4ndigen Aus- und Weiterbildung innerhalb der Ortswehr werden Feuerwehrlehrg\u00e4nge auf Kreisebene durchgef\u00fchrt wie z. B. Ausbildung zum Maschinisten f\u00fcr L\u00f6schfahrzeuge, Technische Unfallhilfe, Atemschutzger\u00e4tetr\u00e4ger, Motors\u00e4genf\u00fchrer, Truppf\u00fchrer oder Sprechfunktechnik. Weiterf\u00fchrende- oder spezielle Lehrg\u00e4nge wie z. B. Gruppenf\u00fchrer, Zugf\u00fchrer oder Ger\u00e4tewart werden als meist als 2-w\u00f6chige Kurse an der Feuerwehr- und Katastrophenschutzschule des Landes Rheinland-Pfalz in Koblenz absolviert.<\/p>\n","protected":false},"excerpt":{"rendered":"<p>Herzlich willkommen bei der Freiwilligen Feuerwehr Frankeneck Das idyllisch im Pf\u00e4lzer Wald gelegene Dorf Frankeneck ist der j\u00fcngste Ort der Verbandsgemeinde Lambrecht und z\u00e4hlt zur Zeit ca. 800 Einwohner. Frankeneck entstand 1785, einst als Holzmacherdorf mit nur 20 Einwohnern. Das Ger\u00e4tehaus befindet sich Zentral im Ort in der Talstra\u00dfe und hat Platz f\u00fcr 2 Fahrzeuge, Umkleidem\u00f6glichkeit sowie Sitzm\u00f6glichkeiten f\u00fcr die 2-w\u00f6chigen \u00dcbungen. Die Freiwillige Feuerwehr Frankeneck besteht aus 18 Einsatzkr\u00e4ften, die alle Ehrenamtlich t\u00e4tig sind. Die Frankenecker Feuerwehr r\u00fcckt im Ausr\u00fcckbereich West der Verbandsgemeinde Lambrecht zusammen mit der Feuerwehr Esthal aus. Ab Gefahrenstufe 2 wird au\u00dferdem die Feuerwehr Lambrecht mitalarmiert. Die Feuerwehr Frankeneck wird durch die Leitstelle der Berufsfeuerwehr Ludwigshafen und teilweise auch durch die Funkeinsatzzentrale der Verbandsgemeinde Lambrecht \u00fcber digitale Funkmeldeempf\u00e4nger, welche jeder Feuerwehrangeh\u00f6rige bei sich tr\u00e4gt, alarmiert. Zu bew\u00e4ltigen sind pro Jahr etwa\u00a0 20-30 Eins\u00e4tze. Darunter Br\u00e4nde, technische Hilfeleistungen, Brandsicherheitswachen und sonstige Eins\u00e4tze wie z. B. Personensuchen oder&hellip;<\/p>\n","protected":false},"author":2,"featured_media":0,"parent":968,"menu_order":4,"comment_status":"closed","ping_status":"closed","template":"","meta":{"footnotes":""},"class_list":["post-1185","page","type-page","status-publish","hentry"],"better_featured_image":null,"_links":{"self":[{"href":"https:\/\/feuerwehr-vglambrecht.de\/cms\/wp-json\/wp\/v2\/pages\/1185","targetHints":{"allow":["GET"]}}],"collection":[{"href":"https:\/\/feuerwehr-vglambrecht.de\/cms\/wp-json\/wp\/v2\/pages"}],"about":[{"href":"https:\/\/feuerwehr-vglambrecht.de\/cms\/wp-json\/wp\/v2\/types\/page"}],"author":[{"embeddable":true,"href":"https:\/\/feuerwehr-vglambrecht.de\/cms\/wp-json\/wp\/v2\/users\/2"}],"replies":[{"embeddable":true,"href":"https:\/\/feuerwehr-vglambrecht.de\/cms\/wp-json\/wp\/v2\/comments?post=1185"}],"version-history":[{"count":6,"href":"https:\/\/feuerwehr-vglambrecht.de\/cms\/wp-json\/wp\/v2\/pages\/1185\/revisions"}],"predecessor-version":[{"id":2983,"href":"https:\/\/feuerwehr-vglambrecht.de\/cms\/wp-json\/wp\/v2\/pages\/1185\/revisions\/2983"}],"up":[{"embeddable":true,"href":"https:\/\/feuerwehr-vglambrecht.de\/cms\/wp-json\/wp\/v2\/pages\/968"}],"wp:attachment":[{"href":"https:\/\/feuerwehr-vglambrecht.de\/cms\/wp-json\/wp\/v2\/media?parent=1185"}],"curies":[{"name":"wp","href":"https:\/\/api.w.org\/{rel}","templated":true}]}}

Über uns

<p style="text-align: center;"><strong>Herzlich willkommen bei der </strong></p>
<p style="text-align: center;"><strong>Freiwilligen Feuerwehr Frankeneck</strong></p>
<p><a href="http://feuerwehr-vglambrecht.de/cms/wp-content/uploads/2015/12/Frankeneck_Wappen250transparent.png" rel="attachment wp-att-2073"><img loading="lazy" decoding="async" class="size-full wp-image-2073 aligncenter" src="http://feuerwehr-vglambrecht.de/cms/wp-content/uploads/2015/12/Frankeneck_Wappen250transparent.png" alt="Frankeneck_Wappen250transparent" width="239" height="250" /></a></p>
<p style="text-align: center;">Das idyllisch im Pfälzer Wald gelegene Dorf Frankeneck ist der jüngste Ort der Verbandsgemeinde Lambrecht und zählt zur Zeit ca. 800 Einwohner. Frankeneck entstand 1785, einst als Holzmacherdorf mit nur 20 Einwohnern. Das Gerätehaus befindet sich Zentral im Ort in der Talstraße und hat Platz für 2 Fahrzeuge, Umkleidemöglichkeit sowie Sitzmöglichkeiten für die 2-wöchigen Übungen.</p>
<p style="text-align: center;">Die Freiwillige Feuerwehr Frankeneck besteht aus 18 Einsatzkräften, die alle Ehrenamtlich tätig sind. Die Frankenecker Feuerwehr rückt im Ausrückbereich West der Verbandsgemeinde Lambrecht zusammen mit der Feuerwehr Esthal aus. Ab Gefahrenstufe 2 wird außerdem die Feuerwehr Lambrecht mitalarmiert.</p>
<p style="text-align: center;">Die Feuerwehr Frankeneck wird durch die Leitstelle der Berufsfeuerwehr Ludwigshafen und teilweise auch durch die Funkeinsatzzentrale der Verbandsgemeinde Lambrecht über digitale Funkmeldeempfänger, welche jeder Feuerwehrangehörige bei sich trägt, alarmiert. Zu bewältigen sind pro Jahr etwa  20-30 Einsätze. Darunter Brände, technische Hilfeleistungen, Brandsicherheitswachen und sonstige Einsätze wie z. B. Personensuchen oder Verkehrssicherungen</p>
<p style="text-align: center;">Das Einsatzgebiet (Ausrückbereich West VG Lambrecht) der Frankenecker Wehr erstreckt sich über Frankeneck, die Sattelmühle bis zum Ortsteil Iptestal und Erfenstein, dazu die K23 mit der Ortschaft Esthal. Außerdem wird die Landstraße 499 von Sattelmühle bis Breitenstein und ein Teil der B39 in Höhe Anschlußstelle Frankeneck betreut. Bei größeren Schadensereignissen rückt die Wehr auch Verbandsgemeindeweit aus und stellt wie alle anderen Wehren der Feuerwehr VG-Lambrecht auch Personal für Einsätze auf Kreisebene.</p>
<p style="text-align: center;">Um diese Aufgaben bewältigen zu können ist ein hohes Ausbildungsniveau Voraussetzung. Zusätzlich zur Feuerwehrgrundausbildung und der ständigen Aus- und Weiterbildung innerhalb der Ortswehr werden Feuerwehrlehrgänge auf Kreisebene durchgeführt wie z. B. Ausbildung zum Maschinisten für Löschfahrzeuge, Technische Unfallhilfe, Atemschutzgeräteträger, Motorsägenführer, Truppführer oder Sprechfunktechnik. Weiterführende- oder spezielle Lehrgänge wie z. B. Gruppenführer, Zugführer oder Gerätewart werden als meist als 2-wöchige Kurse an der Feuerwehr- und Katastrophenschutzschule des Landes Rheinland-Pfalz in Koblenz absolviert.</p>

<p>Herzlich willkommen bei der Freiwilligen Feuerwehr Frankeneck Das idyllisch im Pfälzer Wald gelegene Dorf Frankeneck ist der jüngste Ort der Verbandsgemeinde Lambrecht und zählt zur Zeit ca. 800 Einwohner. Frankeneck entstand 1785, einst als Holzmacherdorf mit nur 20 Einwohnern. Das Gerätehaus befindet sich Zentral im Ort in der Talstraße und hat Platz für 2 Fahrzeuge, Umkleidemöglichkeit sowie Sitzmöglichkeiten für die 2-wöchigen Übungen. Die Freiwillige Feuerwehr Frankeneck besteht aus 18 Einsatzkräften, die alle Ehrenamtlich tätig sind. Die Frankenecker Feuerwehr rückt im Ausrückbereich West der Verbandsgemeinde Lambrecht zusammen mit der Feuerwehr Esthal aus. Ab Gefahrenstufe 2 wird außerdem die Feuerwehr Lambrecht mitalarmiert. Die Feuerwehr Frankeneck wird durch die Leitstelle der Berufsfeuerwehr Ludwigshafen und teilweise auch durch die Funkeinsatzzentrale der Verbandsgemeinde Lambrecht über digitale Funkmeldeempfänger, welche jeder Feuerwehrangehörige bei sich trägt, alarmiert. Zu bewältigen sind pro Jahr etwa  20-30 Einsätze. Darunter Brände, technische Hilfeleistungen, Brandsicherheitswachen und sonstige Einsätze wie z. B. Personensuchen oder&hellip;</p>
