{"id":11619,"date":"2023-06-13T10:23:39","date_gmt":"2023-06-13T08:23:39","guid":{"rendered":"https:\/\/feuerwehr-vglambrecht.de\/cms\/?page_id=11619"},"modified":"2025-08-13T10:37:17","modified_gmt":"2025-08-13T08:37:17","slug":"ueber-uns","status":"publish","type":"page","link":"https:\/\/feuerwehr-vglambrecht.de\/cms\/facheinheit-wald-und-vegetationsbrandbekaempfung\/ueber-uns\/","title":{"rendered":"\u00dcber uns"},"content":{"rendered":"<p style=\"text-align: center;\"><strong>Facheinheit Vegetationsbrandbek\u00e4mpfung<\/strong><\/p>\n<p>&nbsp;<\/p>\n<p style=\"text-align: left;\">Die Facheinheit Vegetationsbrandbek\u00e4mpfung der Feuerwehr VG Lambrecht besteht aus den Einheiten Elmstein, Iggelbach, Lambrecht und Weidenthal. Diese Einheiten haben innerhalb des Zuges fest zugewiesene Aufgaben und die daf\u00fcr notwendigen Materialien und Ger\u00e4tschaften. Die Facheinheit unterst\u00fctzt innerhalb der Verbandsgemeinde die alarmierten Wehren im Ausr\u00fcckebereich und wird standardm\u00e4\u00dfig ab dem Alarmstichwort &#8222;B2.02 &#8211; Fl\u00e4chenbrand gro\u00df&#8220; mit alarmiert.<\/p>\n<p style=\"text-align: left;\">Ebenso wurde die Facheinheit aus der VG Lambrecht mittlerweile in den Rahmenalarm- und Einsatzplan &#8222;Waldbrand&#8220;\u00a0 des Landkreises Bad D\u00fcrkheim aufgenommen und r\u00fcckt somit auf Anforderung des Einsatzleiters auch in den Landkreis aus. Wenn notwendig, ist auch eine Landkreis\u00fcbergreifende Anforderung durch die entsprechende Kommune m\u00f6glich.<\/p>\n<p>&nbsp;<\/p>\n<p style=\"text-align: left;\"><strong>Fahrzeuge\/Ausr\u00fcstung des Zuges:<\/strong><\/p>\n<ul>\n<li style=\"text-align: left;\">Einheit Elmstein: TLF16\/24, MZF1<\/li>\n<li style=\"text-align: left;\">Einheit Iggelbach: TSF-W, MTF, KDOW<\/li>\n<li style=\"text-align: left;\">Einheit Lambrecht: ELW, MZF-Wald, TLF16\/24, MZF1, TLF3000-W<\/li>\n<li style=\"text-align: left;\">Einheit Weidenthal: MZF1<\/li>\n<\/ul>\n<p>&nbsp;<\/p>\n<p style=\"text-align: left;\"><strong>Ausr\u00fcstung:<\/strong><\/p>\n<ul>\n<li>Mehrere hundert Meter D-Schlauchmaterial verlastet auf verschiedenen Schlauchrucks\u00e4cken<\/li>\n<li>Handwerkzeuge wie Gorgui-Tools und Pulaskis f\u00fcr etwa 40 Einsatzkr\u00e4fte<\/li>\n<li>Analoge Wetterstation und Zubeh\u00f6r<\/li>\n<li>Material zur Einsatzf\u00fchrung<\/li>\n<li>Tragbare Pumpen und Wasserreservoirs in Form von gro\u00dfen, geschlossenen Wassers\u00e4cken<\/li>\n<\/ul>\n<p>&nbsp;<\/p>\n<p style=\"text-align: left;\"><strong>Fachberatung:<\/strong><\/p>\n<p style=\"text-align: left;\">In der Verbandsgemeinde Lambrecht gibt es seit 2018 Fachberater f\u00fcr Wald- und Vegetationsbrandbek\u00e4mpfung. Diese wurden im Rahmen einer mehrt\u00e4gigen Weiterbildung durch den Verein \u201eWaldbrandteam e.V.\u201c ausgebildet und unterst\u00fctzen die Wehrleitung im Bereich Beschaffung von Ausr\u00fcstung, Ausbildung, sowie mit der Fachberatung im Einsatzfall. Das aktuelle Team bestehend aus 6 Personen geh\u00f6rt den verschiedenen Einheiten der Ausr\u00fcckebereiche an und kommt mit dem Waldbrandzug in den Einsatz. Diese Fachberater werden vorrangig als Abschnittsleiter w\u00e4hrend Vegetationsbr\u00e4nden eingesetzt.<\/p>\n","protected":false},"excerpt":{"rendered":"<p>Facheinheit Vegetationsbrandbek\u00e4mpfung &nbsp; Die Facheinheit Vegetationsbrandbek\u00e4mpfung der Feuerwehr VG Lambrecht besteht aus den Einheiten Elmstein, Iggelbach, Lambrecht und Weidenthal. Diese Einheiten haben innerhalb des Zuges fest zugewiesene Aufgaben und die daf\u00fcr notwendigen Materialien und Ger\u00e4tschaften. Die Facheinheit unterst\u00fctzt innerhalb der Verbandsgemeinde die alarmierten Wehren im Ausr\u00fcckebereich und wird standardm\u00e4\u00dfig ab dem Alarmstichwort &#8222;B2.02 &#8211; Fl\u00e4chenbrand gro\u00df&#8220; mit alarmiert. Ebenso wurde die Facheinheit aus der VG Lambrecht mittlerweile in den Rahmenalarm- und Einsatzplan &#8222;Waldbrand&#8220;\u00a0 des Landkreises Bad D\u00fcrkheim aufgenommen und r\u00fcckt somit auf Anforderung des Einsatzleiters auch in den Landkreis aus. Wenn notwendig, ist auch eine Landkreis\u00fcbergreifende Anforderung durch die entsprechende Kommune m\u00f6glich. &nbsp; Fahrzeuge\/Ausr\u00fcstung des Zuges: Einheit Elmstein: TLF16\/24, MZF1 Einheit Iggelbach: TSF-W, MTF, KDOW Einheit Lambrecht: ELW, MZF-Wald, TLF16\/24, MZF1, TLF3000-W Einheit Weidenthal: MZF1 &nbsp; Ausr\u00fcstung: Mehrere hundert Meter D-Schlauchmaterial verlastet auf verschiedenen Schlauchrucks\u00e4cken Handwerkzeuge wie Gorgui-Tools und Pulaskis f\u00fcr etwa 40 Einsatzkr\u00e4fte Analoge Wetterstation und Zubeh\u00f6r Material zur&hellip;<\/p>\n","protected":false},"author":17,"featured_media":0,"parent":11605,"menu_order":4,"comment_status":"closed","ping_status":"closed","template":"","meta":{"footnotes":""},"class_list":["post-11619","page","type-page","status-publish","hentry"],"better_featured_image":null,"_links":{"self":[{"href":"https:\/\/feuerwehr-vglambrecht.de\/cms\/wp-json\/wp\/v2\/pages\/11619","targetHints":{"allow":["GET"]}}],"collection":[{"href":"https:\/\/feuerwehr-vglambrecht.de\/cms\/wp-json\/wp\/v2\/pages"}],"about":[{"href":"https:\/\/feuerwehr-vglambrecht.de\/cms\/wp-json\/wp\/v2\/types\/page"}],"author":[{"embeddable":true,"href":"https:\/\/feuerwehr-vglambrecht.de\/cms\/wp-json\/wp\/v2\/users\/17"}],"replies":[{"embeddable":true,"href":"https:\/\/feuerwehr-vglambrecht.de\/cms\/wp-json\/wp\/v2\/comments?post=11619"}],"version-history":[{"count":8,"href":"https:\/\/feuerwehr-vglambrecht.de\/cms\/wp-json\/wp\/v2\/pages\/11619\/revisions"}],"predecessor-version":[{"id":14109,"href":"https:\/\/feuerwehr-vglambrecht.de\/cms\/wp-json\/wp\/v2\/pages\/11619\/revisions\/14109"}],"up":[{"embeddable":true,"href":"https:\/\/feuerwehr-vglambrecht.de\/cms\/wp-json\/wp\/v2\/pages\/11605"}],"wp:attachment":[{"href":"https:\/\/feuerwehr-vglambrecht.de\/cms\/wp-json\/wp\/v2\/media?parent=11619"}],"curies":[{"name":"wp","href":"https:\/\/api.w.org\/{rel}","templated":true}]}}