{"id":9824,"date":"2021-10-05T18:45:00","date_gmt":"2021-10-05T16:45:00","guid":{"rendered":"https:\/\/feuerwehr-vglambrecht.de\/cms\/?post_type=einsatz&#038;p=9824"},"modified":"2021-10-09T19:52:48","modified_gmt":"2021-10-09T17:52:48","slug":"verkehrsunfall-h2-03-10","status":"publish","type":"einsatz","link":"https:\/\/feuerwehr-vglambrecht.de\/cms\/einsatzberichte\/verkehrsunfall-h2-03-10\/","title":{"rendered":"Verkehrsunfall (H2.03)"},"content":{"rendered":"<p class=\"p1\"><span class=\"s1\">Am Dienstagabend wurden die Feuerwehreinheiten Elmstein, Iggelbach, Esthal und Lambrecht zu einem Verkehrsunfall auf der L499 in Appenthal alarmiert. <\/span><!--more--><\/p>\n<p class=\"p3\"><span class=\"s2\">Beim Eintreffen der Kameraden an der Unfallstelle, handelte es sich gl\u00fccklicherweise um einen leichten Auffahrunfall, bei dem es zu keinem gr\u00f6\u00dferen Personenschaden kam.\u00a0<\/span>Die Beteiligten wurden bis zum Eintreffen des Rettungsdienstes von den Feuerwehrkr\u00e4ften medizinisch erstversorgt, sowie die Unfallstelle abgesichert.<\/p>\n<p class=\"p3\"><span class=\"s2\">W\u00e4hrend des Einsatzes musste die L499 f\u00fcr ca. eine Stunde halbseitig gesperrt werden.<\/span><\/p>\n","protected":false},"author":17,"featured_media":9825,"template":"","meta":{"einsatz_weight":1,"footnotes":""},"categories":[],"tags":[395,388,139,138,383,143,268,142,386,190,161],"einsatzart":[33],"fahrzeug":[38,40,350,307,49,46,54],"exteinsatzmittel":[11,12,17,18,299,30,31],"alarmierungsart":[10],"evw_unit":[],"class_list":["post-9824","einsatz","type-einsatz","status-publish","has-post-thumbnail","hentry","tag-blaulicht","tag-ehrenamt","tag-elmstein","tag-esthal","tag-feuerwehrvglambrecht","tag-iggelbach","tag-l499","tag-lambrecht","tag-retterherzen","tag-technische-hilfe","tag-verkehrsunfall","einsatzart-th","fahrzeug-elmstein-44","fahrzeug-elmstein-73","fahrzeug-esthal-19-2","fahrzeug-307","fahrzeug-lambrecht-11","fahrzeug-iggelbach-47","fahrzeug-lambrecht-44","exteinsatzmittel-fw_elm","exteinsatzmittel-fw_est","exteinsatzmittel-fw_igg","exteinsatzmittel-fw_lam","exteinsatzmittel-fez-neustadt","exteinsatzmittel-pol","exteinsatzmittel-drk","alarmierungsart-dme-digitaler-meldeempfaenger"],"better_featured_image":{"id":9825,"alt_text":"","caption":"","description":"","media_type":"image","media_details":{"width":1920,"height":2560,"file":"2021\/10\/CE2D0BA9-A00A-4E34-98F0-B5FD135BCE8B-scaled.jpeg","filesize":1014729,"sizes":{"medium_large":{"file":"CE2D0BA9-A00A-4E34-98F0-B5FD135BCE8B-768x1024.jpeg","width":768,"height":1024,"mime-type":"image\/jpeg","filesize":191885,"source_url":"https:\/\/feuerwehr-vglambrecht.de\/cms\/wp-content\/uploads\/2021\/10\/CE2D0BA9-A00A-4E34-98F0-B5FD135BCE8B-768x1024.jpeg"},"1536x1536":{"file":"CE2D0BA9-A00A-4E34-98F0-B5FD135BCE8B-1152x1536.jpeg","width":1152,"height":1536,"mime-type":"image\/jpeg","filesize":404452,"source_url":"https:\/\/feuerwehr-vglambrecht.de\/cms\/wp-content\/uploads\/2021\/10\/CE2D0BA9-A00A-4E34-98F0-B5FD135BCE8B-1152x1536.jpeg"},"2048x2048":{"file":"CE2D0BA9-A00A-4E34-98F0-B5FD135BCE8B-1536x2048.jpeg","width":1536,"height":2048,"mime-type":"image\/jpeg","filesize":684658,"source_url":"https:\/\/feuerwehr-vglambrecht.de\/cms\/wp-content\/uploads\/2021\/10\/CE2D0BA9-A00A-4E34-98F0-B5FD135BCE8B-1536x2048.jpeg"},"wptouch-new-thumbnail":{"file":"CE2D0BA9-A00A-4E34-98F0-B5FD135BCE8B-144x144.jpeg","width":144,"height":144,"mime-type":"image\/jpeg","filesize":18593,"source_url":"https:\/\/feuerwehr-vglambrecht.de\/cms\/wp-content\/uploads\/2021\/10\/CE2D0BA9-A00A-4E34-98F0-B5FD135BCE8B-144x144.jpeg"},"landing_image":{"file":"CE2D0BA9-A00A-4E34-98F0-B5FD135BCE8B-1024x460.jpeg","width":1024,"height":460,"mime-type":"image\/jpeg","filesize":131900,"source_url":"https:\/\/feuerwehr-vglambrecht.de\/cms\/wp-content\/uploads\/2021\/10\/CE2D0BA9-A00A-4E34-98F0-B5FD135BCE8B-1024x460.jpeg"},"foundation-featured-image":{"file":"CE2D0BA9-A00A-4E34-98F0-B5FD135BCE8B-900x1200.jpeg","width":900,"height":1200,"mime-type":"image\/jpeg","filesize":257607,"source_url":"https:\/\/feuerwehr-vglambrecht.de\/cms\/wp-content\/uploads\/2021\/10\/CE2D0BA9-A00A-4E34-98F0-B5FD135BCE8B-900x1200.jpeg"},"thumbnail":{"file":"CE2D0BA9-A00A-4E34-98F0-B5FD135BCE8B-150x150.jpeg","width":150,"height":150,"source_url":"https:\/\/feuerwehr-vglambrecht.de\/cms\/wp-content\/uploads\/2021\/10\/CE2D0BA9-A00A-4E34-98F0-B5FD135BCE8B-150x150.jpeg"},"medium":{"file":"CE2D0BA9-A00A-4E34-98F0-B5FD135BCE8B-300x225.jpeg","width":300,"height":225,"source_url":"https:\/\/feuerwehr-vglambrecht.de\/cms\/wp-content\/uploads\/2021\/10\/CE2D0BA9-A00A-4E34-98F0-B5FD135BCE8B-300x225.jpeg"},"large":{"file":"CE2D0BA9-A00A-4E34-98F0-B5FD135BCE8B-1024x768.jpeg","width":1024,"height":768,"source_url":"https:\/\/feuerwehr-vglambrecht.de\/cms\/wp-content\/uploads\/2021\/10\/CE2D0BA9-A00A-4E34-98F0-B5FD135BCE8B-1024x768.jpeg"}},"image_meta":{"aperture":"0","credit":"","camera":"","caption":"","created_timestamp":"0","copyright":"","focal_length":"0","iso":"0","shutter_speed":"0","title":"","orientation":1,"keywords":[]},"original_image":"CE2D0BA9-A00A-4E34-98F0-B5FD135BCE8B.jpeg","image-converter":{"thumbnail":"IME","medium":"IME","large":"IME"}},"post":9824,"source_url":"https:\/\/feuerwehr-vglambrecht.de\/cms\/wp-content\/uploads\/2021\/10\/CE2D0BA9-A00A-4E34-98F0-B5FD135BCE8B-scaled.jpeg"},"einsatz_ort":"Appenthal","einsatz_ende":"2021-10-05 19:48","einsatz_beginn":"","_links":{"self":[{"href":"https:\/\/feuerwehr-vglambrecht.de\/cms\/wp-json\/wp\/v2\/einsatz\/9824","targetHints":{"allow":["GET"]}}],"collection":[{"href":"https:\/\/feuerwehr-vglambrecht.de\/cms\/wp-json\/wp\/v2\/einsatz"}],"about":[{"href":"https:\/\/feuerwehr-vglambrecht.de\/cms\/wp-json\/wp\/v2\/types\/einsatz"}],"author":[{"embeddable":true,"href":"https:\/\/feuerwehr-vglambrecht.de\/cms\/wp-json\/wp\/v2\/users\/17"}],"version-history":[{"count":3,"href":"https:\/\/feuerwehr-vglambrecht.de\/cms\/wp-json\/wp\/v2\/einsatz\/9824\/revisions"}],"predecessor-version":[{"id":9828,"href":"https:\/\/feuerwehr-vglambrecht.de\/cms\/wp-json\/wp\/v2\/einsatz\/9824\/revisions\/9828"}],"wp:featuredmedia":[{"embeddable":true,"href":"https:\/\/feuerwehr-vglambrecht.de\/cms\/wp-json\/wp\/v2\/media\/9825"}],"wp:attachment":[{"href":"https:\/\/feuerwehr-vglambrecht.de\/cms\/wp-json\/wp\/v2\/media?parent=9824"}],"wp:term":[{"taxonomy":"category","embeddable":true,"href":"https:\/\/feuerwehr-vglambrecht.de\/cms\/wp-json\/wp\/v2\/categories?post=9824"},{"taxonomy":"post_tag","embeddable":true,"href":"https:\/\/feuerwehr-vglambrecht.de\/cms\/wp-json\/wp\/v2\/tags?post=9824"},{"taxonomy":"einsatzart","embeddable":true,"href":"https:\/\/feuerwehr-vglambrecht.de\/cms\/wp-json\/wp\/v2\/einsatzart?post=9824"},{"taxonomy":"fahrzeug","embeddable":true,"href":"https:\/\/feuerwehr-vglambrecht.de\/cms\/wp-json\/wp\/v2\/fahrzeug?post=9824"},{"taxonomy":"exteinsatzmittel","embeddable":true,"href":"https:\/\/feuerwehr-vglambrecht.de\/cms\/wp-json\/wp\/v2\/exteinsatzmittel?post=9824"},{"taxonomy":"alarmierungsart","embeddable":true,"href":"https:\/\/feuerwehr-vglambrecht.de\/cms\/wp-json\/wp\/v2\/alarmierungsart?post=9824"},{"taxonomy":"evw_unit","embeddable":true,"href":"https:\/\/feuerwehr-vglambrecht.de\/cms\/wp-json\/wp\/v2\/evw_unit?post=9824"}],"curies":[{"name":"wp","href":"https:\/\/api.w.org\/{rel}","templated":true}]}}

<p class="p1"><span class="s1">Am Dienstagabend wurden die Feuerwehreinheiten Elmstein, Iggelbach, Esthal und Lambrecht zu einem Verkehrsunfall auf der L499 in Appenthal alarmiert. </span><!--more--></p>
<p class="p3"><span class="s2">Beim Eintreffen der Kameraden an der Unfallstelle, handelte es sich glücklicherweise um einen leichten Auffahrunfall, bei dem es zu keinem größeren Personenschaden kam. </span>Die Beteiligten wurden bis zum Eintreffen des Rettungsdienstes von den Feuerwehrkräften medizinisch erstversorgt, sowie die Unfallstelle abgesichert.</p>
<p class="p3"><span class="s2">Während des Einsatzes musste die L499 für ca. eine Stunde halbseitig gesperrt werden.</span></p>
