{"id":9800,"date":"2021-09-21T16:18:00","date_gmt":"2021-09-21T14:18:00","guid":{"rendered":"https:\/\/feuerwehr-vglambrecht.de\/cms\/?post_type=einsatz&#038;p=9800"},"modified":"2021-09-22T10:05:29","modified_gmt":"2021-09-22T08:05:29","slug":"person-im-aufzug-h1-06-3","status":"publish","type":"einsatz","link":"https:\/\/feuerwehr-vglambrecht.de\/cms\/einsatzberichte\/person-im-aufzug-h1-06-3\/","title":{"rendered":"Person im Aufzug (H1.06)"},"content":{"rendered":"<p>Die Feuerwehr Lambrecht wurde am 21.09.2021 um 16:18 Uhr zu einer Hilfeleistung an den Bahnhof in Lambrecht alarmiert.<!--more--><\/p>\n<p>Eine weibliche Person steckte in dem Aufzug zwischen den beiden Etagen fest und musste befreit werden. Die Aufzugt\u00fcr wurde von den Einsatzkr\u00e4ften per Notentriegelung ge\u00f6ffnet. Aufgrund eines technischen Defekts lie\u00df sich der Aufzug jedoch nicht bewegen, weshalb ein Techniker des Aufzugsunternehmen hinzugezogen werden musste. Dieser konnte die Person nach ca. 45 min. aus ihrer misslichen Lage befreien. Die Person war wohlauf und konnte ihre Zugfahrt mit etwas Versp\u00e4tung uneingeschr\u00e4nkt antreten.<\/p>\n","protected":false},"author":17,"featured_media":4814,"template":"","meta":{"einsatz_weight":1,"footnotes":""},"categories":[71],"tags":[],"einsatzart":[33],"fahrzeug":[54],"exteinsatzmittel":[99,18,299],"alarmierungsart":[10],"evw_unit":[],"class_list":["post-9800","einsatz","type-einsatz","status-publish","has-post-thumbnail","hentry","category-fw_lambrecht","einsatzart-th","fahrzeug-lambrecht-44","exteinsatzmittel-bundespolizei","exteinsatzmittel-fw_lam","exteinsatzmittel-fez-neustadt","alarmierungsart-dme-digitaler-meldeempfaenger"],"better_featured_image":{"id":4814,"alt_text":"","caption":"","description":"","media_type":"image","media_details":{"width":1024,"height":594,"file":"2016\/10\/img_6731.jpg","filesize":362293,"sizes":{"medium_large":{"file":"img_6731-768x446.jpg","width":768,"height":446,"mime-type":"image\/jpeg","filesize":114243,"source_url":"https:\/\/feuerwehr-vglambrecht.de\/cms\/wp-content\/uploads\/2016\/10\/img_6731-768x446.jpg"},"wptouch-new-thumbnail":{"file":"img_6731-144x144.jpg","width":144,"height":144,"mime-type":"image\/jpeg","filesize":30882,"source_url":"https:\/\/feuerwehr-vglambrecht.de\/cms\/wp-content\/uploads\/2016\/10\/img_6731-144x144.jpg"},"landing_image":{"file":"img_6731-1024x460.jpg","width":1024,"height":460,"mime-type":"image\/jpeg","filesize":155011,"source_url":"https:\/\/feuerwehr-vglambrecht.de\/cms\/wp-content\/uploads\/2016\/10\/img_6731-1024x460.jpg"},"foundation-featured-image":{"file":"img_6731-900x522.jpg","width":900,"height":522,"mime-type":"image\/jpeg","filesize":142463,"source_url":"https:\/\/feuerwehr-vglambrecht.de\/cms\/wp-content\/uploads\/2016\/10\/img_6731-900x522.jpg"},"thumbnail":{"file":"img_6731-150x150.jpg","width":150,"height":150,"source_url":"https:\/\/feuerwehr-vglambrecht.de\/cms\/wp-content\/uploads\/2016\/10\/img_6731-150x150.jpg"},"medium":{"file":"img_6731-300x174.jpg","width":300,"height":174,"source_url":"https:\/\/feuerwehr-vglambrecht.de\/cms\/wp-content\/uploads\/2016\/10\/img_6731-300x174.jpg"}},"image_meta":{"aperture":"4","credit":"(c) Jaron Schall","camera":"Canon EOS 1100D","caption":"","created_timestamp":"1428234311","copyright":"(c) Jaron Schall","focal_length":"35","iso":"160","shutter_speed":"0.0025","title":"","orientation":"1","keywords":[]},"image-converter":{"thumbnail":"IME","medium":"IME"}},"post":4813,"source_url":"https:\/\/feuerwehr-vglambrecht.de\/cms\/wp-content\/uploads\/2016\/10\/img_6731.jpg"},"einsatz_ort":"Bahnhof, Lambrecht","einsatz_ende":"2021-09-21 17:30","einsatz_beginn":"","_links":{"self":[{"href":"https:\/\/feuerwehr-vglambrecht.de\/cms\/wp-json\/wp\/v2\/einsatz\/9800","targetHints":{"allow":["GET"]}}],"collection":[{"href":"https:\/\/feuerwehr-vglambrecht.de\/cms\/wp-json\/wp\/v2\/einsatz"}],"about":[{"href":"https:\/\/feuerwehr-vglambrecht.de\/cms\/wp-json\/wp\/v2\/types\/einsatz"}],"author":[{"embeddable":true,"href":"https:\/\/feuerwehr-vglambrecht.de\/cms\/wp-json\/wp\/v2\/users\/17"}],"version-history":[{"count":1,"href":"https:\/\/feuerwehr-vglambrecht.de\/cms\/wp-json\/wp\/v2\/einsatz\/9800\/revisions"}],"predecessor-version":[{"id":9801,"href":"https:\/\/feuerwehr-vglambrecht.de\/cms\/wp-json\/wp\/v2\/einsatz\/9800\/revisions\/9801"}],"wp:featuredmedia":[{"embeddable":true,"href":"https:\/\/feuerwehr-vglambrecht.de\/cms\/wp-json\/wp\/v2\/media\/4814"}],"wp:attachment":[{"href":"https:\/\/feuerwehr-vglambrecht.de\/cms\/wp-json\/wp\/v2\/media?parent=9800"}],"wp:term":[{"taxonomy":"category","embeddable":true,"href":"https:\/\/feuerwehr-vglambrecht.de\/cms\/wp-json\/wp\/v2\/categories?post=9800"},{"taxonomy":"post_tag","embeddable":true,"href":"https:\/\/feuerwehr-vglambrecht.de\/cms\/wp-json\/wp\/v2\/tags?post=9800"},{"taxonomy":"einsatzart","embeddable":true,"href":"https:\/\/feuerwehr-vglambrecht.de\/cms\/wp-json\/wp\/v2\/einsatzart?post=9800"},{"taxonomy":"fahrzeug","embeddable":true,"href":"https:\/\/feuerwehr-vglambrecht.de\/cms\/wp-json\/wp\/v2\/fahrzeug?post=9800"},{"taxonomy":"exteinsatzmittel","embeddable":true,"href":"https:\/\/feuerwehr-vglambrecht.de\/cms\/wp-json\/wp\/v2\/exteinsatzmittel?post=9800"},{"taxonomy":"alarmierungsart","embeddable":true,"href":"https:\/\/feuerwehr-vglambrecht.de\/cms\/wp-json\/wp\/v2\/alarmierungsart?post=9800"},{"taxonomy":"evw_unit","embeddable":true,"href":"https:\/\/feuerwehr-vglambrecht.de\/cms\/wp-json\/wp\/v2\/evw_unit?post=9800"}],"curies":[{"name":"wp","href":"https:\/\/api.w.org\/{rel}","templated":true}]}}

<p>Die Feuerwehr Lambrecht wurde am 21.09.2021 um 16:18 Uhr zu einer Hilfeleistung an den Bahnhof in Lambrecht alarmiert.<!--more--></p>
<p>Eine weibliche Person steckte in dem Aufzug zwischen den beiden Etagen fest und musste befreit werden. Die Aufzugtür wurde von den Einsatzkräften per Notentriegelung geöffnet. Aufgrund eines technischen Defekts ließ sich der Aufzug jedoch nicht bewegen, weshalb ein Techniker des Aufzugsunternehmen hinzugezogen werden musste. Dieser konnte die Person nach ca. 45 min. aus ihrer misslichen Lage befreien. Die Person war wohlauf und konnte ihre Zugfahrt mit etwas Verspätung uneingeschränkt antreten.</p>
