{"id":9714,"date":"2021-08-15T17:07:00","date_gmt":"2021-08-15T15:07:00","guid":{"rendered":"https:\/\/feuerwehr-vglambrecht.de\/cms\/?post_type=einsatz&#038;p=9714"},"modified":"2021-08-15T21:06:31","modified_gmt":"2021-08-15T19:06:31","slug":"tragehilfe-rettungsdienst-h1-08-10","status":"publish","type":"einsatz","link":"https:\/\/feuerwehr-vglambrecht.de\/cms\/einsatzberichte\/tragehilfe-rettungsdienst-h1-08-10\/","title":{"rendered":"Tragehilfe Rettungsdienst (H1.08)"},"content":{"rendered":"<p>Aufgrund einer starken Ersch\u00f6pfung ihres Lebensgef\u00e4hrten, w\u00e4hlte eine Frau am fr\u00fchen Sonntagabend den Notruf. <!--more-->Die Einsatzkr\u00e4fte der Feuerwehr Esthal fanden den ersch\u00f6pften und nicht mehr eingest\u00e4ndig gehf\u00e4higen Mann im Breitenbachtal auf einer Bank vor. Der 87 j\u00e4hrige Senior verlor mehrfach das Gleichgewicht und fiel w\u00e4hrend des Laufens einfach um. Durch die Feuerwehr wurde der Mann bis zum Eintreffen des Rettungsdienstes erstversorgt und betreut. Als schwierig gestaltete sich die Position der Wandergruppe. Diese war durch einen Bach vom Fahrweg, auf dem die Rettungsmittel anfahren konnten, getrennt. So musste der Patient durch die Feuerwehr und den Rettungsdienst zu Fu\u00df, bis zu einer Br\u00fccke kurz vor Breitenstein gef\u00fchrt werden. Im Anschluss wurde der Mann im RTW durch den Rettungsdienst n\u00e4her untersucht und einem Krankenhaus zugef\u00fchrt.<\/p>\n","protected":false},"author":17,"featured_media":9254,"template":"","meta":{"einsatz_weight":1,"footnotes":""},"categories":[],"tags":[138],"einsatzart":[33],"fahrzeug":[350,307],"exteinsatzmittel":[12,299,31],"alarmierungsart":[10],"evw_unit":[],"class_list":["post-9714","einsatz","type-einsatz","status-publish","has-post-thumbnail","hentry","tag-esthal","einsatzart-th","fahrzeug-esthal-19-2","fahrzeug-307","exteinsatzmittel-fw_est","exteinsatzmittel-fez-neustadt","exteinsatzmittel-drk","alarmierungsart-dme-digitaler-meldeempfaenger"],"better_featured_image":{"id":9254,"alt_text":"","caption":"","description":"","media_type":"image","media_details":{"width":1620,"height":1080,"file":"2018\/08\/2191.jpg","filesize":2723659,"sizes":{"medium_large":{"file":"2191-768x512.jpg","width":768,"height":512,"mime-type":"image\/jpeg","filesize":107190,"source_url":"https:\/\/feuerwehr-vglambrecht.de\/cms\/wp-content\/uploads\/2018\/08\/2191-768x512.jpg"},"1536x1536":{"file":"2191-1536x1024.jpg","width":1536,"height":1024,"mime-type":"image\/jpeg","filesize":386296,"source_url":"https:\/\/feuerwehr-vglambrecht.de\/cms\/wp-content\/uploads\/2018\/08\/2191-1536x1024.jpg"},"wptouch-new-thumbnail":{"file":"2191-144x144.jpg","width":144,"height":144,"mime-type":"image\/jpeg","filesize":12356,"source_url":"https:\/\/feuerwehr-vglambrecht.de\/cms\/wp-content\/uploads\/2018\/08\/2191-144x144.jpg"},"landing_image":{"file":"2191-1024x460.jpg","width":1024,"height":460,"mime-type":"image\/jpeg","filesize":124809,"source_url":"https:\/\/feuerwehr-vglambrecht.de\/cms\/wp-content\/uploads\/2018\/08\/2191-1024x460.jpg"},"foundation-featured-image":{"file":"2191-900x600.jpg","width":900,"height":600,"mime-type":"image\/jpeg","filesize":142504,"source_url":"https:\/\/feuerwehr-vglambrecht.de\/cms\/wp-content\/uploads\/2018\/08\/2191-900x600.jpg"},"thumbnail":{"file":"2191-150x150.jpg","width":150,"height":150,"source_url":"https:\/\/feuerwehr-vglambrecht.de\/cms\/wp-content\/uploads\/2018\/08\/2191-150x150.jpg"},"medium":{"file":"2191-300x200.jpg","width":300,"height":200,"source_url":"https:\/\/feuerwehr-vglambrecht.de\/cms\/wp-content\/uploads\/2018\/08\/2191-300x200.jpg"},"large":{"file":"2191-1024x683.jpg","width":1024,"height":683,"source_url":"https:\/\/feuerwehr-vglambrecht.de\/cms\/wp-content\/uploads\/2018\/08\/2191-1024x683.jpg"}},"image_meta":{"aperture":"7.1","credit":"","camera":"Canon EOS 2000D","caption":"","created_timestamp":"1582971020","copyright":"","focal_length":"20","iso":"100","shutter_speed":"0.004","title":"","orientation":"1","keywords":[]},"image-converter":{"thumbnail":"IME","medium":"IME","large":"IME"}},"post":6946,"source_url":"https:\/\/feuerwehr-vglambrecht.de\/cms\/wp-content\/uploads\/2018\/08\/2191.jpg"},"einsatz_ort":"","einsatz_ende":"2021-08-15 18:27","einsatz_beginn":"","_links":{"self":[{"href":"https:\/\/feuerwehr-vglambrecht.de\/cms\/wp-json\/wp\/v2\/einsatz\/9714","targetHints":{"allow":["GET"]}}],"collection":[{"href":"https:\/\/feuerwehr-vglambrecht.de\/cms\/wp-json\/wp\/v2\/einsatz"}],"about":[{"href":"https:\/\/feuerwehr-vglambrecht.de\/cms\/wp-json\/wp\/v2\/types\/einsatz"}],"author":[{"embeddable":true,"href":"https:\/\/feuerwehr-vglambrecht.de\/cms\/wp-json\/wp\/v2\/users\/17"}],"version-history":[{"count":1,"href":"https:\/\/feuerwehr-vglambrecht.de\/cms\/wp-json\/wp\/v2\/einsatz\/9714\/revisions"}],"predecessor-version":[{"id":9715,"href":"https:\/\/feuerwehr-vglambrecht.de\/cms\/wp-json\/wp\/v2\/einsatz\/9714\/revisions\/9715"}],"wp:featuredmedia":[{"embeddable":true,"href":"https:\/\/feuerwehr-vglambrecht.de\/cms\/wp-json\/wp\/v2\/media\/9254"}],"wp:attachment":[{"href":"https:\/\/feuerwehr-vglambrecht.de\/cms\/wp-json\/wp\/v2\/media?parent=9714"}],"wp:term":[{"taxonomy":"category","embeddable":true,"href":"https:\/\/feuerwehr-vglambrecht.de\/cms\/wp-json\/wp\/v2\/categories?post=9714"},{"taxonomy":"post_tag","embeddable":true,"href":"https:\/\/feuerwehr-vglambrecht.de\/cms\/wp-json\/wp\/v2\/tags?post=9714"},{"taxonomy":"einsatzart","embeddable":true,"href":"https:\/\/feuerwehr-vglambrecht.de\/cms\/wp-json\/wp\/v2\/einsatzart?post=9714"},{"taxonomy":"fahrzeug","embeddable":true,"href":"https:\/\/feuerwehr-vglambrecht.de\/cms\/wp-json\/wp\/v2\/fahrzeug?post=9714"},{"taxonomy":"exteinsatzmittel","embeddable":true,"href":"https:\/\/feuerwehr-vglambrecht.de\/cms\/wp-json\/wp\/v2\/exteinsatzmittel?post=9714"},{"taxonomy":"alarmierungsart","embeddable":true,"href":"https:\/\/feuerwehr-vglambrecht.de\/cms\/wp-json\/wp\/v2\/alarmierungsart?post=9714"},{"taxonomy":"evw_unit","embeddable":true,"href":"https:\/\/feuerwehr-vglambrecht.de\/cms\/wp-json\/wp\/v2\/evw_unit?post=9714"}],"curies":[{"name":"wp","href":"https:\/\/api.w.org\/{rel}","templated":true}]}}

<p>Aufgrund einer starken Erschöpfung ihres Lebensgefährten, wählte eine Frau am frühen Sonntagabend den Notruf. <!--more-->Die Einsatzkräfte der Feuerwehr Esthal fanden den erschöpften und nicht mehr eingeständig gehfähigen Mann im Breitenbachtal auf einer Bank vor. Der 87 jährige Senior verlor mehrfach das Gleichgewicht und fiel während des Laufens einfach um. Durch die Feuerwehr wurde der Mann bis zum Eintreffen des Rettungsdienstes erstversorgt und betreut. Als schwierig gestaltete sich die Position der Wandergruppe. Diese war durch einen Bach vom Fahrweg, auf dem die Rettungsmittel anfahren konnten, getrennt. So musste der Patient durch die Feuerwehr und den Rettungsdienst zu Fuß, bis zu einer Brücke kurz vor Breitenstein geführt werden. Im Anschluss wurde der Mann im RTW durch den Rettungsdienst näher untersucht und einem Krankenhaus zugeführt.</p>
