{"id":9712,"date":"2021-08-14T14:07:00","date_gmt":"2021-08-14T12:07:00","guid":{"rendered":"https:\/\/feuerwehr-vglambrecht.de\/cms\/?post_type=einsatz&#038;p=9712"},"modified":"2021-08-15T20:57:16","modified_gmt":"2021-08-15T18:57:16","slug":"wohnungsbrand-b2-08-7","status":"publish","type":"einsatz","link":"https:\/\/feuerwehr-vglambrecht.de\/cms\/einsatzberichte\/wohnungsbrand-b2-08-7\/","title":{"rendered":"Wohnungsbrand (B2.08)"},"content":{"rendered":"<h3>Gl\u00fcck im Ungl\u00fcck hatten zwei Hausbewohner und zwei Hunde bei einem Wohnungsbrand am vergangenen Samstag<\/h3>\n<p>Die Wehren Frankeneck, Esthal und Lambrecht wurden am 14.08.2021 um 14:07 Uhr zu einem Wohungsbrand in die Talstra\u00dfe in Frankeneck alarmiert.<!--more-->Beim Eintreffen der Einsatzkr\u00e4fte hatten die zwei Hausbewohner das Haus bereits aus eigenen Kr\u00e4ften verlassen und wurden im Anschluss durch den Rettungsdienst versorgt. W\u00e4hrend die Frau unverletzt blieb, wurde ihr Mann mit einer Rauchgasvergiftung zur weiteren Behandlung in ein umliegendes Krankenhaus eingeliefert. Durch die Feuerwehr wurden zwei Hunde aus der K\u00fcche, in der sich der Brand entwickelte, gerettet. Die Tiere kamen anschliessend in eine Tierklinik. Durch das schnelle Eingreifen der Feuerwehr konnte schlimmeres verhindert werden. Die Brandursache ist derzeit Gegenstand der kriminalpolizeilichen Ermittlungen.<\/p>\n","protected":false},"author":17,"featured_media":8895,"template":"","meta":{"einsatz_weight":1,"footnotes":""},"categories":[],"tags":[138,141,142,452],"einsatzart":[7],"fahrzeug":[350,43,307,44,49,50,51,54],"exteinsatzmittel":[12,13,18,299,30,31,446],"alarmierungsart":[10],"evw_unit":[],"class_list":["post-9712","einsatz","type-einsatz","status-publish","has-post-thumbnail","hentry","tag-esthal","tag-frankeneck","tag-lambrecht","tag-wohnungsbrand","einsatzart-brand","fahrzeug-esthal-19-2","fahrzeug-esthal19","fahrzeug-307","fahrzeug-frankeneck-40","fahrzeug-lambrecht-11","fahrzeug-lambrecht-21","fahrzeug-lambrecht-241","fahrzeug-lambrecht-44","exteinsatzmittel-fw_est","exteinsatzmittel-fw_fra","exteinsatzmittel-fw_lam","exteinsatzmittel-fez-neustadt","exteinsatzmittel-pol","exteinsatzmittel-drk","exteinsatzmittel-wehrleitung-vg-lambrecht","alarmierungsart-dme-digitaler-meldeempfaenger"],"better_featured_image":{"id":8895,"alt_text":"","caption":"","description":"","media_type":"image","media_details":{"width":2560,"height":1707,"file":"2020\/08\/FB0A2C3F-9C5F-4035-AE65-ED38573F67A9-scaled.jpeg","filesize":621818,"sizes":{"medium_large":{"file":"FB0A2C3F-9C5F-4035-AE65-ED38573F67A9-768x512.jpeg","width":768,"height":512,"mime-type":"image\/jpeg","filesize":91713,"source_url":"https:\/\/feuerwehr-vglambrecht.de\/cms\/wp-content\/uploads\/2020\/08\/FB0A2C3F-9C5F-4035-AE65-ED38573F67A9-768x512.jpeg"},"1536x1536":{"file":"FB0A2C3F-9C5F-4035-AE65-ED38573F67A9-1536x1024.jpeg","width":1536,"height":1024,"mime-type":"image\/jpeg","filesize":272596,"source_url":"https:\/\/feuerwehr-vglambrecht.de\/cms\/wp-content\/uploads\/2020\/08\/FB0A2C3F-9C5F-4035-AE65-ED38573F67A9-1536x1024.jpeg"},"2048x2048":{"file":"FB0A2C3F-9C5F-4035-AE65-ED38573F67A9-2048x1365.jpeg","width":2048,"height":1365,"mime-type":"image\/jpeg","filesize":434445,"source_url":"https:\/\/feuerwehr-vglambrecht.de\/cms\/wp-content\/uploads\/2020\/08\/FB0A2C3F-9C5F-4035-AE65-ED38573F67A9-2048x1365.jpeg"},"wptouch-new-thumbnail":{"file":"FB0A2C3F-9C5F-4035-AE65-ED38573F67A9-144x144.jpeg","width":144,"height":144,"mime-type":"image\/jpeg","filesize":14900,"source_url":"https:\/\/feuerwehr-vglambrecht.de\/cms\/wp-content\/uploads\/2020\/08\/FB0A2C3F-9C5F-4035-AE65-ED38573F67A9-144x144.jpeg"},"landing_image":{"file":"FB0A2C3F-9C5F-4035-AE65-ED38573F67A9-1024x460.jpeg","width":1024,"height":460,"mime-type":"image\/jpeg","filesize":106037,"source_url":"https:\/\/feuerwehr-vglambrecht.de\/cms\/wp-content\/uploads\/2020\/08\/FB0A2C3F-9C5F-4035-AE65-ED38573F67A9-1024x460.jpeg"},"foundation-featured-image":{"file":"FB0A2C3F-9C5F-4035-AE65-ED38573F67A9-900x600.jpeg","width":900,"height":600,"mime-type":"image\/jpeg","filesize":118278,"source_url":"https:\/\/feuerwehr-vglambrecht.de\/cms\/wp-content\/uploads\/2020\/08\/FB0A2C3F-9C5F-4035-AE65-ED38573F67A9-900x600.jpeg"},"thumbnail":{"file":"FB0A2C3F-9C5F-4035-AE65-ED38573F67A9-150x150.jpeg","width":150,"height":150,"source_url":"https:\/\/feuerwehr-vglambrecht.de\/cms\/wp-content\/uploads\/2020\/08\/FB0A2C3F-9C5F-4035-AE65-ED38573F67A9-150x150.jpeg"},"medium":{"file":"FB0A2C3F-9C5F-4035-AE65-ED38573F67A9-300x200.jpeg","width":300,"height":200,"source_url":"https:\/\/feuerwehr-vglambrecht.de\/cms\/wp-content\/uploads\/2020\/08\/FB0A2C3F-9C5F-4035-AE65-ED38573F67A9-300x200.jpeg"},"large":{"file":"FB0A2C3F-9C5F-4035-AE65-ED38573F67A9-1024x683.jpeg","width":1024,"height":683,"source_url":"https:\/\/feuerwehr-vglambrecht.de\/cms\/wp-content\/uploads\/2020\/08\/FB0A2C3F-9C5F-4035-AE65-ED38573F67A9-1024x683.jpeg"}},"image_meta":{"aperture":"4.5","credit":"","camera":"Canon EOS 1300D","caption":"","created_timestamp":"1509461142","copyright":"","focal_length":"35","iso":"500","shutter_speed":"0.002","title":"","orientation":"0","keywords":[]},"original_image":"FB0A2C3F-9C5F-4035-AE65-ED38573F67A9.jpeg","image-converter":{"thumbnail":"IME","medium":"IME","large":"IME"}},"post":null,"source_url":"https:\/\/feuerwehr-vglambrecht.de\/cms\/wp-content\/uploads\/2020\/08\/FB0A2C3F-9C5F-4035-AE65-ED38573F67A9-scaled.jpeg"},"einsatz_ort":"","einsatz_ende":"2021-08-14 16:08","einsatz_beginn":"","_links":{"self":[{"href":"https:\/\/feuerwehr-vglambrecht.de\/cms\/wp-json\/wp\/v2\/einsatz\/9712","targetHints":{"allow":["GET"]}}],"collection":[{"href":"https:\/\/feuerwehr-vglambrecht.de\/cms\/wp-json\/wp\/v2\/einsatz"}],"about":[{"href":"https:\/\/feuerwehr-vglambrecht.de\/cms\/wp-json\/wp\/v2\/types\/einsatz"}],"author":[{"embeddable":true,"href":"https:\/\/feuerwehr-vglambrecht.de\/cms\/wp-json\/wp\/v2\/users\/17"}],"version-history":[{"count":1,"href":"https:\/\/feuerwehr-vglambrecht.de\/cms\/wp-json\/wp\/v2\/einsatz\/9712\/revisions"}],"predecessor-version":[{"id":9713,"href":"https:\/\/feuerwehr-vglambrecht.de\/cms\/wp-json\/wp\/v2\/einsatz\/9712\/revisions\/9713"}],"wp:featuredmedia":[{"embeddable":true,"href":"https:\/\/feuerwehr-vglambrecht.de\/cms\/wp-json\/wp\/v2\/media\/8895"}],"wp:attachment":[{"href":"https:\/\/feuerwehr-vglambrecht.de\/cms\/wp-json\/wp\/v2\/media?parent=9712"}],"wp:term":[{"taxonomy":"category","embeddable":true,"href":"https:\/\/feuerwehr-vglambrecht.de\/cms\/wp-json\/wp\/v2\/categories?post=9712"},{"taxonomy":"post_tag","embeddable":true,"href":"https:\/\/feuerwehr-vglambrecht.de\/cms\/wp-json\/wp\/v2\/tags?post=9712"},{"taxonomy":"einsatzart","embeddable":true,"href":"https:\/\/feuerwehr-vglambrecht.de\/cms\/wp-json\/wp\/v2\/einsatzart?post=9712"},{"taxonomy":"fahrzeug","embeddable":true,"href":"https:\/\/feuerwehr-vglambrecht.de\/cms\/wp-json\/wp\/v2\/fahrzeug?post=9712"},{"taxonomy":"exteinsatzmittel","embeddable":true,"href":"https:\/\/feuerwehr-vglambrecht.de\/cms\/wp-json\/wp\/v2\/exteinsatzmittel?post=9712"},{"taxonomy":"alarmierungsart","embeddable":true,"href":"https:\/\/feuerwehr-vglambrecht.de\/cms\/wp-json\/wp\/v2\/alarmierungsart?post=9712"},{"taxonomy":"evw_unit","embeddable":true,"href":"https:\/\/feuerwehr-vglambrecht.de\/cms\/wp-json\/wp\/v2\/evw_unit?post=9712"}],"curies":[{"name":"wp","href":"https:\/\/api.w.org\/{rel}","templated":true}]}}

<h3>Glück im Unglück hatten zwei Hausbewohner und zwei Hunde bei einem Wohnungsbrand am vergangenen Samstag</h3>
<p>Die Wehren Frankeneck, Esthal und Lambrecht wurden am 14.08.2021 um 14:07 Uhr zu einem Wohungsbrand in die Talstraße in Frankeneck alarmiert.<!--more-->Beim Eintreffen der Einsatzkräfte hatten die zwei Hausbewohner das Haus bereits aus eigenen Kräften verlassen und wurden im Anschluss durch den Rettungsdienst versorgt. Während die Frau unverletzt blieb, wurde ihr Mann mit einer Rauchgasvergiftung zur weiteren Behandlung in ein umliegendes Krankenhaus eingeliefert. Durch die Feuerwehr wurden zwei Hunde aus der Küche, in der sich der Brand entwickelte, gerettet. Die Tiere kamen anschliessend in eine Tierklinik. Durch das schnelle Eingreifen der Feuerwehr konnte schlimmeres verhindert werden. Die Brandursache ist derzeit Gegenstand der kriminalpolizeilichen Ermittlungen.</p>
