{"id":9579,"date":"2021-06-22T10:49:00","date_gmt":"2021-06-22T08:49:00","guid":{"rendered":"https:\/\/feuerwehr-vglambrecht.de\/cms\/?post_type=einsatz&#038;p=9579"},"modified":"2021-06-22T11:55:09","modified_gmt":"2021-06-22T09:55:09","slug":"tueroeffnung-dringend-h2-01-13","status":"publish","type":"einsatz","link":"https:\/\/feuerwehr-vglambrecht.de\/cms\/einsatzberichte\/tueroeffnung-dringend-h2-01-13\/","title":{"rendered":"T\u00fcr\u00f6ffnung dringend (H2.01)"},"content":{"rendered":"<p>Die Feuerwehren Lindenberg und Lambrecht wurden am 22.06.2021 um 10:49 Uhr zu einer dringenden T\u00fcr\u00f6ffnung in die Joppenholzstra\u00dfe in Lindenberg alarmiert.<!--more--><\/p>\n<p>Aufgrund eines medizinischen Notfalls konnte die betroffene Person nicht mehr eigenst\u00e4ndig dem alarmierten Rettungsdienst die Hauseingangst\u00fcr \u00f6ffnen, weshalb die T\u00fcr durch die Feuerwehr ge\u00f6ffnet werden sollte.<\/p>\n<p>Die Feuerwehren konnten jedoch noch auf dem Weg zur Einsatzstelle die Einsatzfahrt abbrechen, da die T\u00fcr mittlerweile ge\u00f6ffnet wurde.<\/p>\n","protected":false},"author":17,"featured_media":9388,"template":"","meta":{"einsatz_weight":1,"footnotes":""},"categories":[71,74],"tags":[],"einsatzart":[33],"fahrzeug":[54,57],"exteinsatzmittel":[18,19,321,31],"alarmierungsart":[10],"evw_unit":[],"class_list":["post-9579","einsatz","type-einsatz","status-publish","has-post-thumbnail","hentry","category-fw_lambrecht","category-fw_lindenberg","einsatzart-th","fahrzeug-lambrecht-44","fahrzeug-lindenberg-47","exteinsatzmittel-fw_lam","exteinsatzmittel-fw_lin","exteinsatzmittel-fez-lambrecht","exteinsatzmittel-drk","alarmierungsart-dme-digitaler-meldeempfaenger"],"better_featured_image":{"id":9388,"alt_text":"","caption":"","description":"","media_type":"image","media_details":{"width":310,"height":400,"file":"2021\/03\/admin-ajax.php_.png","filesize":176793,"sizes":{"wptouch-new-thumbnail":{"file":"admin-ajax.php_-144x144.png","width":144,"height":144,"mime-type":"image\/png","filesize":30607,"source_url":"https:\/\/feuerwehr-vglambrecht.de\/cms\/wp-content\/uploads\/2021\/03\/admin-ajax.php_-144x144.png"},"thumbnail":{"file":"admin-ajax.php_-150x150.png","width":150,"height":150,"source_url":"https:\/\/feuerwehr-vglambrecht.de\/cms\/wp-content\/uploads\/2021\/03\/admin-ajax.php_-150x150.png"},"medium":{"file":"admin-ajax.php_-233x300.png","width":233,"height":300,"source_url":"https:\/\/feuerwehr-vglambrecht.de\/cms\/wp-content\/uploads\/2021\/03\/admin-ajax.php_-233x300.png"}},"image_meta":{"aperture":"0","credit":"","camera":"","caption":"","created_timestamp":"0","copyright":"","focal_length":"0","iso":"0","shutter_speed":"0","title":"","orientation":"0","keywords":[]},"image-converter":{"thumbnail":"IME","medium":"IME"}},"post":9386,"source_url":"https:\/\/feuerwehr-vglambrecht.de\/cms\/wp-content\/uploads\/2021\/03\/admin-ajax.php_.png"},"einsatz_ort":"Joppenholzstra\u00dfe, Lindenberg","einsatz_ende":"2021-06-22 10:55","einsatz_beginn":"","_links":{"self":[{"href":"https:\/\/feuerwehr-vglambrecht.de\/cms\/wp-json\/wp\/v2\/einsatz\/9579","targetHints":{"allow":["GET"]}}],"collection":[{"href":"https:\/\/feuerwehr-vglambrecht.de\/cms\/wp-json\/wp\/v2\/einsatz"}],"about":[{"href":"https:\/\/feuerwehr-vglambrecht.de\/cms\/wp-json\/wp\/v2\/types\/einsatz"}],"author":[{"embeddable":true,"href":"https:\/\/feuerwehr-vglambrecht.de\/cms\/wp-json\/wp\/v2\/users\/17"}],"version-history":[{"count":3,"href":"https:\/\/feuerwehr-vglambrecht.de\/cms\/wp-json\/wp\/v2\/einsatz\/9579\/revisions"}],"predecessor-version":[{"id":9582,"href":"https:\/\/feuerwehr-vglambrecht.de\/cms\/wp-json\/wp\/v2\/einsatz\/9579\/revisions\/9582"}],"wp:featuredmedia":[{"embeddable":true,"href":"https:\/\/feuerwehr-vglambrecht.de\/cms\/wp-json\/wp\/v2\/media\/9388"}],"wp:attachment":[{"href":"https:\/\/feuerwehr-vglambrecht.de\/cms\/wp-json\/wp\/v2\/media?parent=9579"}],"wp:term":[{"taxonomy":"category","embeddable":true,"href":"https:\/\/feuerwehr-vglambrecht.de\/cms\/wp-json\/wp\/v2\/categories?post=9579"},{"taxonomy":"post_tag","embeddable":true,"href":"https:\/\/feuerwehr-vglambrecht.de\/cms\/wp-json\/wp\/v2\/tags?post=9579"},{"taxonomy":"einsatzart","embeddable":true,"href":"https:\/\/feuerwehr-vglambrecht.de\/cms\/wp-json\/wp\/v2\/einsatzart?post=9579"},{"taxonomy":"fahrzeug","embeddable":true,"href":"https:\/\/feuerwehr-vglambrecht.de\/cms\/wp-json\/wp\/v2\/fahrzeug?post=9579"},{"taxonomy":"exteinsatzmittel","embeddable":true,"href":"https:\/\/feuerwehr-vglambrecht.de\/cms\/wp-json\/wp\/v2\/exteinsatzmittel?post=9579"},{"taxonomy":"alarmierungsart","embeddable":true,"href":"https:\/\/feuerwehr-vglambrecht.de\/cms\/wp-json\/wp\/v2\/alarmierungsart?post=9579"},{"taxonomy":"evw_unit","embeddable":true,"href":"https:\/\/feuerwehr-vglambrecht.de\/cms\/wp-json\/wp\/v2\/evw_unit?post=9579"}],"curies":[{"name":"wp","href":"https:\/\/api.w.org\/{rel}","templated":true}]}}

Türöffnung dringend (H2.01)

<p>Die Feuerwehren Lindenberg und Lambrecht wurden am 22.06.2021 um 10:49 Uhr zu einer dringenden Türöffnung in die Joppenholzstraße in Lindenberg alarmiert.<!--more--></p>
<p>Aufgrund eines medizinischen Notfalls konnte die betroffene Person nicht mehr eigenständig dem alarmierten Rettungsdienst die Hauseingangstür öffnen, weshalb die Tür durch die Feuerwehr geöffnet werden sollte.</p>
<p>Die Feuerwehren konnten jedoch noch auf dem Weg zur Einsatzstelle die Einsatzfahrt abbrechen, da die Tür mittlerweile geöffnet wurde.</p>

Joppenholzstraße, Lindenberg
