{"id":9523,"date":"2021-05-30T10:18:00","date_gmt":"2021-05-30T08:18:00","guid":{"rendered":"https:\/\/feuerwehr-vglambrecht.de\/cms\/?post_type=einsatz&#038;p=9523"},"modified":"2021-05-31T11:43:33","modified_gmt":"2021-05-31T09:43:33","slug":"tragehilfe-rettungsdienst-h1-08-8","status":"publish","type":"einsatz","link":"https:\/\/feuerwehr-vglambrecht.de\/cms\/einsatzberichte\/tragehilfe-rettungsdienst-h1-08-8\/","title":{"rendered":"Tragehilfe-Rettungsdienst (H1.08)"},"content":{"rendered":"<p>Die Feuerwehr Lambrecht wurde am 30.05.2021 um 10:18 Uhr zu einer Tragehilfe in die \u00f6stliche Luhrbachstra\u00dfe in Lambrecht alarmiert.<!--more--><span id=\"more-9405\"><\/span><\/p>\n<p>Aufgrund der \u00f6rtlichen Gegebenheiten, war es den Kollegen des Rettungsdienstes nicht m\u00f6glich, den Patienten ohne Hilfe aus dem Haus in den Rettungswagen zu transportieren. Die Kameraden unterst\u00fctzten mit &#8222;Manpower&#8220;, sodass die Person schonend in den Rettungswagen und in ein nahegelegenes Krankenhaus verbracht werden konnte.<\/p>\n<p>Durch den Einsatz war die \u00f6stliche Luhrbachstra\u00dfe ca. 30 Minuten komplett gesperrt.<\/p>\n","protected":false},"author":17,"featured_media":4823,"template":"","meta":{"einsatz_weight":1,"footnotes":""},"categories":[71],"tags":[],"einsatzart":[33],"fahrzeug":[49,53,55],"exteinsatzmittel":[18,299,187,31],"alarmierungsart":[10],"evw_unit":[],"class_list":["post-9523","einsatz","type-einsatz","status-publish","has-post-thumbnail","hentry","category-fw_lambrecht","einsatzart-th","fahrzeug-lambrecht-11","fahrzeug-lambrecht-33","fahrzeug-lambrecht-51","exteinsatzmittel-fw_lam","exteinsatzmittel-fez-neustadt","exteinsatzmittel-notarzt","exteinsatzmittel-drk","alarmierungsart-dme-digitaler-meldeempfaenger"],"better_featured_image":{"id":4823,"alt_text":"","caption":"","description":"","media_type":"image","media_details":{"width":841,"height":516,"file":"2016\/10\/img_3124.jpg","filesize":289115,"sizes":{"medium_large":{"file":"img_3124-768x471.jpg","width":768,"height":471,"mime-type":"image\/jpeg","filesize":117054,"source_url":"https:\/\/feuerwehr-vglambrecht.de\/cms\/wp-content\/uploads\/2016\/10\/img_3124-768x471.jpg"},"wptouch-new-thumbnail":{"file":"img_3124-144x144.jpg","width":144,"height":144,"mime-type":"image\/jpeg","filesize":29847,"source_url":"https:\/\/feuerwehr-vglambrecht.de\/cms\/wp-content\/uploads\/2016\/10\/img_3124-144x144.jpg"},"landing_image":{"file":"img_3124-841x460.jpg","width":841,"height":460,"mime-type":"image\/jpeg","filesize":139736,"source_url":"https:\/\/feuerwehr-vglambrecht.de\/cms\/wp-content\/uploads\/2016\/10\/img_3124-841x460.jpg"},"thumbnail":{"file":"img_3124-150x150.jpg","width":150,"height":150,"source_url":"https:\/\/feuerwehr-vglambrecht.de\/cms\/wp-content\/uploads\/2016\/10\/img_3124-150x150.jpg"},"medium":{"file":"img_3124-300x184.jpg","width":300,"height":184,"source_url":"https:\/\/feuerwehr-vglambrecht.de\/cms\/wp-content\/uploads\/2016\/10\/img_3124-300x184.jpg"}},"image_meta":{"aperture":"4","credit":"(c) Jaron Schall","camera":"Canon EOS 1100D","caption":"","created_timestamp":"1412425854","copyright":"(c) Jaron Schall","focal_length":"25","iso":"100","shutter_speed":"0.003125","title":"","orientation":"1","keywords":[]},"image-converter":{"thumbnail":"IME","medium":"IME"}},"post":4822,"source_url":"https:\/\/feuerwehr-vglambrecht.de\/cms\/wp-content\/uploads\/2016\/10\/img_3124.jpg"},"einsatz_ort":"\u00d6stliche Luhrbachstra\u00dfe, Lambrecht","einsatz_ende":"2021-05-30 10:51","einsatz_beginn":"","_links":{"self":[{"href":"https:\/\/feuerwehr-vglambrecht.de\/cms\/wp-json\/wp\/v2\/einsatz\/9523","targetHints":{"allow":["GET"]}}],"collection":[{"href":"https:\/\/feuerwehr-vglambrecht.de\/cms\/wp-json\/wp\/v2\/einsatz"}],"about":[{"href":"https:\/\/feuerwehr-vglambrecht.de\/cms\/wp-json\/wp\/v2\/types\/einsatz"}],"author":[{"embeddable":true,"href":"https:\/\/feuerwehr-vglambrecht.de\/cms\/wp-json\/wp\/v2\/users\/17"}],"version-history":[{"count":1,"href":"https:\/\/feuerwehr-vglambrecht.de\/cms\/wp-json\/wp\/v2\/einsatz\/9523\/revisions"}],"predecessor-version":[{"id":9524,"href":"https:\/\/feuerwehr-vglambrecht.de\/cms\/wp-json\/wp\/v2\/einsatz\/9523\/revisions\/9524"}],"wp:featuredmedia":[{"embeddable":true,"href":"https:\/\/feuerwehr-vglambrecht.de\/cms\/wp-json\/wp\/v2\/media\/4823"}],"wp:attachment":[{"href":"https:\/\/feuerwehr-vglambrecht.de\/cms\/wp-json\/wp\/v2\/media?parent=9523"}],"wp:term":[{"taxonomy":"category","embeddable":true,"href":"https:\/\/feuerwehr-vglambrecht.de\/cms\/wp-json\/wp\/v2\/categories?post=9523"},{"taxonomy":"post_tag","embeddable":true,"href":"https:\/\/feuerwehr-vglambrecht.de\/cms\/wp-json\/wp\/v2\/tags?post=9523"},{"taxonomy":"einsatzart","embeddable":true,"href":"https:\/\/feuerwehr-vglambrecht.de\/cms\/wp-json\/wp\/v2\/einsatzart?post=9523"},{"taxonomy":"fahrzeug","embeddable":true,"href":"https:\/\/feuerwehr-vglambrecht.de\/cms\/wp-json\/wp\/v2\/fahrzeug?post=9523"},{"taxonomy":"exteinsatzmittel","embeddable":true,"href":"https:\/\/feuerwehr-vglambrecht.de\/cms\/wp-json\/wp\/v2\/exteinsatzmittel?post=9523"},{"taxonomy":"alarmierungsart","embeddable":true,"href":"https:\/\/feuerwehr-vglambrecht.de\/cms\/wp-json\/wp\/v2\/alarmierungsart?post=9523"},{"taxonomy":"evw_unit","embeddable":true,"href":"https:\/\/feuerwehr-vglambrecht.de\/cms\/wp-json\/wp\/v2\/evw_unit?post=9523"}],"curies":[{"name":"wp","href":"https:\/\/api.w.org\/{rel}","templated":true}]}}

<p>Die Feuerwehr Lambrecht wurde am 30.05.2021 um 10:18 Uhr zu einer Tragehilfe in die östliche Luhrbachstraße in Lambrecht alarmiert.<!--more--><span id="more-9405"></span></p>
<p>Aufgrund der örtlichen Gegebenheiten, war es den Kollegen des Rettungsdienstes nicht möglich, den Patienten ohne Hilfe aus dem Haus in den Rettungswagen zu transportieren. Die Kameraden unterstützten mit &#8222;Manpower&#8220;, sodass die Person schonend in den Rettungswagen und in ein nahegelegenes Krankenhaus verbracht werden konnte.</p>
<p>Durch den Einsatz war die östliche Luhrbachstraße ca. 30 Minuten komplett gesperrt.</p>

Östliche Luhrbachstraße, Lambrecht
