{"id":9037,"date":"2020-09-11T10:06:00","date_gmt":"2020-09-11T08:06:00","guid":{"rendered":"https:\/\/feuerwehr-vglambrecht.de\/cms\/?post_type=einsatz&#038;p=9037"},"modified":"2020-09-12T10:59:50","modified_gmt":"2020-09-12T08:59:50","slug":"tuer-oeffnen-dringend-h2-01-13","status":"publish","type":"einsatz","link":"https:\/\/feuerwehr-vglambrecht.de\/cms\/einsatzberichte\/tuer-oeffnen-dringend-h2-01-13\/","title":{"rendered":"T\u00fcr \u00f6ffnen dringend (H2.01)"},"content":{"rendered":"<p><strong>T\u00fcr\u00f6ffnung<\/strong><\/p>\n<p>Am 11. September 2020 gegen 10:06 Uhr wurden die Feuerwehren Esthal und Frankeneck mit dem Alarmstichwort \u201eT\u00fcr \u00f6ffnen dringend \u201e in Esthal alarmiert.<!--more--><\/p>\n<p>Im Beisein der Polizei und des Rettungsdienstes \u00f6ffnete die Feuerwehr eine T\u00fcr zum Geb\u00e4ude. Der Bewohner war seit mehreren Tagen nicht erreichbar.<\/p>\n<p>Die Einsatzstelle wurde zur weiteren Vorgehensweise der Polizei \u00fcbergeben.<\/p>\n<p>Bildquelle: Pfalzfeuer<\/p>\n<p>&nbsp;<\/p>\n","protected":false},"author":5,"featured_media":9040,"template":"","meta":{"einsatz_weight":1,"footnotes":""},"categories":[1,6,70],"tags":[138,141,190,174],"einsatzart":[33],"fahrzeug":[307,44],"exteinsatzmittel":[12,13,299,30,31],"alarmierungsart":[10],"evw_unit":[],"class_list":["post-9037","einsatz","type-einsatz","status-publish","has-post-thumbnail","hentry","category-allgemein","category-fw_esthal","category-fw_frankeneck","tag-esthal","tag-frankeneck","tag-technische-hilfe","tag-tueroeffnung","einsatzart-th","fahrzeug-307","fahrzeug-frankeneck-40","exteinsatzmittel-fw_est","exteinsatzmittel-fw_fra","exteinsatzmittel-fez-neustadt","exteinsatzmittel-pol","exteinsatzmittel-drk","alarmierungsart-dme-digitaler-meldeempfaenger"],"better_featured_image":{"id":9040,"alt_text":"","caption":"","description":"","media_type":"image","media_details":{"width":2560,"height":1707,"file":"2020\/09\/IMG_9314-01-scaled.jpeg","filesize":673326,"sizes":{"medium_large":{"file":"IMG_9314-01-768x512.jpeg","width":768,"height":512,"mime-type":"image\/jpeg","filesize":84182,"source_url":"https:\/\/feuerwehr-vglambrecht.de\/cms\/wp-content\/uploads\/2020\/09\/IMG_9314-01-768x512.jpeg"},"1536x1536":{"file":"IMG_9314-01-1536x1024.jpeg","width":1536,"height":1024,"mime-type":"image\/jpeg","filesize":281891,"source_url":"https:\/\/feuerwehr-vglambrecht.de\/cms\/wp-content\/uploads\/2020\/09\/IMG_9314-01-1536x1024.jpeg"},"2048x2048":{"file":"IMG_9314-01-2048x1365.jpeg","width":2048,"height":1365,"mime-type":"image\/jpeg","filesize":463182,"source_url":"https:\/\/feuerwehr-vglambrecht.de\/cms\/wp-content\/uploads\/2020\/09\/IMG_9314-01-2048x1365.jpeg"},"wptouch-new-thumbnail":{"file":"IMG_9314-01-144x144.jpeg","width":144,"height":144,"mime-type":"image\/jpeg","filesize":10153,"source_url":"https:\/\/feuerwehr-vglambrecht.de\/cms\/wp-content\/uploads\/2020\/09\/IMG_9314-01-144x144.jpeg"},"landing_image":{"file":"IMG_9314-01-1024x460.jpeg","width":1024,"height":460,"mime-type":"image\/jpeg","filesize":96243,"source_url":"https:\/\/feuerwehr-vglambrecht.de\/cms\/wp-content\/uploads\/2020\/09\/IMG_9314-01-1024x460.jpeg"},"foundation-featured-image":{"file":"IMG_9314-01-900x600.jpeg","width":900,"height":600,"mime-type":"image\/jpeg","filesize":111524,"source_url":"https:\/\/feuerwehr-vglambrecht.de\/cms\/wp-content\/uploads\/2020\/09\/IMG_9314-01-900x600.jpeg"},"thumbnail":{"file":"IMG_9314-01-150x150.jpeg","width":150,"height":150,"source_url":"https:\/\/feuerwehr-vglambrecht.de\/cms\/wp-content\/uploads\/2020\/09\/IMG_9314-01-150x150.jpeg"},"medium":{"file":"IMG_9314-01-300x200.jpeg","width":300,"height":200,"source_url":"https:\/\/feuerwehr-vglambrecht.de\/cms\/wp-content\/uploads\/2020\/09\/IMG_9314-01-300x200.jpeg"},"large":{"file":"IMG_9314-01-1024x683.jpeg","width":1024,"height":683,"source_url":"https:\/\/feuerwehr-vglambrecht.de\/cms\/wp-content\/uploads\/2020\/09\/IMG_9314-01-1024x683.jpeg"}},"image_meta":{"aperture":"5.6","credit":"","camera":"Canon EOS 2000D","caption":"","created_timestamp":"1582970201","copyright":"","focal_length":"23","iso":"100","shutter_speed":"0.005","title":"","orientation":"1","keywords":[]},"original_image":"IMG_9314-01.jpeg","image-converter":{"thumbnail":"IME","medium":"IME","large":"IME"}},"post":9037,"source_url":"https:\/\/feuerwehr-vglambrecht.de\/cms\/wp-content\/uploads\/2020\/09\/IMG_9314-01-scaled.jpeg"},"einsatz_ort":"Esthal","einsatz_ende":"2020-09-11 10:59","einsatz_beginn":"","_links":{"self":[{"href":"https:\/\/feuerwehr-vglambrecht.de\/cms\/wp-json\/wp\/v2\/einsatz\/9037","targetHints":{"allow":["GET"]}}],"collection":[{"href":"https:\/\/feuerwehr-vglambrecht.de\/cms\/wp-json\/wp\/v2\/einsatz"}],"about":[{"href":"https:\/\/feuerwehr-vglambrecht.de\/cms\/wp-json\/wp\/v2\/types\/einsatz"}],"author":[{"embeddable":true,"href":"https:\/\/feuerwehr-vglambrecht.de\/cms\/wp-json\/wp\/v2\/users\/5"}],"version-history":[{"count":3,"href":"https:\/\/feuerwehr-vglambrecht.de\/cms\/wp-json\/wp\/v2\/einsatz\/9037\/revisions"}],"predecessor-version":[{"id":9041,"href":"https:\/\/feuerwehr-vglambrecht.de\/cms\/wp-json\/wp\/v2\/einsatz\/9037\/revisions\/9041"}],"wp:featuredmedia":[{"embeddable":true,"href":"https:\/\/feuerwehr-vglambrecht.de\/cms\/wp-json\/wp\/v2\/media\/9040"}],"wp:attachment":[{"href":"https:\/\/feuerwehr-vglambrecht.de\/cms\/wp-json\/wp\/v2\/media?parent=9037"}],"wp:term":[{"taxonomy":"category","embeddable":true,"href":"https:\/\/feuerwehr-vglambrecht.de\/cms\/wp-json\/wp\/v2\/categories?post=9037"},{"taxonomy":"post_tag","embeddable":true,"href":"https:\/\/feuerwehr-vglambrecht.de\/cms\/wp-json\/wp\/v2\/tags?post=9037"},{"taxonomy":"einsatzart","embeddable":true,"href":"https:\/\/feuerwehr-vglambrecht.de\/cms\/wp-json\/wp\/v2\/einsatzart?post=9037"},{"taxonomy":"fahrzeug","embeddable":true,"href":"https:\/\/feuerwehr-vglambrecht.de\/cms\/wp-json\/wp\/v2\/fahrzeug?post=9037"},{"taxonomy":"exteinsatzmittel","embeddable":true,"href":"https:\/\/feuerwehr-vglambrecht.de\/cms\/wp-json\/wp\/v2\/exteinsatzmittel?post=9037"},{"taxonomy":"alarmierungsart","embeddable":true,"href":"https:\/\/feuerwehr-vglambrecht.de\/cms\/wp-json\/wp\/v2\/alarmierungsart?post=9037"},{"taxonomy":"evw_unit","embeddable":true,"href":"https:\/\/feuerwehr-vglambrecht.de\/cms\/wp-json\/wp\/v2\/evw_unit?post=9037"}],"curies":[{"name":"wp","href":"https:\/\/api.w.org\/{rel}","templated":true}]}}

Tür öffnen dringend (H2.01)

<p><strong>Türöffnung</strong></p>
<p>Am 11. September 2020 gegen 10:06 Uhr wurden die Feuerwehren Esthal und Frankeneck mit dem Alarmstichwort „Tür öffnen dringend „ in Esthal alarmiert.<!--more--></p>
<p>Im Beisein der Polizei und des Rettungsdienstes öffnete die Feuerwehr eine Tür zum Gebäude. Der Bewohner war seit mehreren Tagen nicht erreichbar.</p>
<p>Die Einsatzstelle wurde zur weiteren Vorgehensweise der Polizei übergeben.</p>
<p>Bildquelle: Pfalzfeuer</p>
<p>&nbsp;</p>
