{"id":8858,"date":"2020-07-24T16:42:00","date_gmt":"2020-07-24T14:42:00","guid":{"rendered":"https:\/\/feuerwehr-vglambrecht.de\/cms\/?post_type=einsatz&#038;p=8858"},"modified":"2020-07-25T08:37:25","modified_gmt":"2020-07-25T06:37:25","slug":"verkehrsunfall-h2-03-5","status":"publish","type":"einsatz","link":"https:\/\/feuerwehr-vglambrecht.de\/cms\/einsatzberichte\/verkehrsunfall-h2-03-5\/","title":{"rendered":"Verkehrsunfall (H2.03)"},"content":{"rendered":"<p>Am Freitag, den 24.07.2020 um 16:42 Uhr wurden die Feuerwehren Frankeneck, Esthal und Lambrecht zu einem Verkehrsunfall auf die L499 alarmiert. <!--more-->Aus bisher ungekl\u00e4rten Gr\u00fcnden kam ein Fahrzeugf\u00fchrer mit seinem PKW in einer Kurve am Ortsausgang Sattelm\u00fchle, Richtung Elmstein von der Fahrbahn ab, \u00fcberschlug sich und blieb auf dem Dach liegen. Beim Eintreffen der Einsatzkr\u00e4fte befand sich keine Person mehr im Fahrzeug, jedoch liefen Betriebsmittel aus. Durch das Aufrichten des Fahrzeugs konnte der Austritt der Betriebsmitte gestoppt werden. Die Einsatzstelle wurde der Polizei \u00fcbergeben.<\/p>\n\n<div class=\"ngg-galleryoverview\" id=\"ngg-gallery-306-8858\">\n\n\t<!-- Slideshow link -->\n\t<div class=\"slideshowlink\">\n\t\t<a class=\"slideshowlink\" href=\"https:\/\/feuerwehr-vglambrecht.de\/cms\/einsatzberichte\/verkehrsunfall-h2-03-5\/nggallery\/slideshow\">\n\t\t\t[Show as slideshow]\t\t<\/a>\n\t<\/div>\n\n\t\n\t<!-- Thumbnails -->\n\t\t\n\t<div id=\"ngg-image-1805\" class=\"ngg-gallery-thumbnail-box\"  >\n\t\t<div class=\"ngg-gallery-thumbnail\" >\n\t\t\t<a href=\"https:\/\/feuerwehr-vglambrecht.de\/cms\/wp-content\/gallery\/vu-24072020\/img_20200724_170629.jpg\" title=\" \" class=\"shutterset_set_306\" >\n\t\t\t\t\t\t\t\t<img loading=\"lazy\" decoding=\"async\" title=\"img_20200724_170629\" alt=\"img_20200724_170629\" src=\"https:\/\/feuerwehr-vglambrecht.de\/cms\/wp-content\/gallery\/vu-24072020\/thumbs\/thumbs_img_20200724_170629.jpg\" width=\"100\" height=\"75\" \/>\n\t\t\t\t\t\t\t<\/a>\n\t\t<\/div>\n\t<\/div>\n\t\n\t\t\n \t\t\n\t<div id=\"ngg-image-1806\" class=\"ngg-gallery-thumbnail-box\"  >\n\t\t<div class=\"ngg-gallery-thumbnail\" >\n\t\t\t<a href=\"https:\/\/feuerwehr-vglambrecht.de\/cms\/wp-content\/gallery\/vu-24072020\/img_20200724_170647.jpg\" title=\" \" class=\"shutterset_set_306\" >\n\t\t\t\t\t\t\t\t<img loading=\"lazy\" decoding=\"async\" title=\"img_20200724_170647\" alt=\"img_20200724_170647\" src=\"https:\/\/feuerwehr-vglambrecht.de\/cms\/wp-content\/gallery\/vu-24072020\/thumbs\/thumbs_img_20200724_170647.jpg\" width=\"100\" height=\"75\" \/>\n\t\t\t\t\t\t\t<\/a>\n\t\t<\/div>\n\t<\/div>\n\t\n\t\t\n \t\t\n\t<div id=\"ngg-image-1807\" class=\"ngg-gallery-thumbnail-box\"  >\n\t\t<div class=\"ngg-gallery-thumbnail\" >\n\t\t\t<a href=\"https:\/\/feuerwehr-vglambrecht.de\/cms\/wp-content\/gallery\/vu-24072020\/img_0780.jpg\" title=\" \" class=\"shutterset_set_306\" >\n\t\t\t\t\t\t\t\t<img loading=\"lazy\" decoding=\"async\" title=\"img_0780\" alt=\"img_0780\" src=\"https:\/\/feuerwehr-vglambrecht.de\/cms\/wp-content\/gallery\/vu-24072020\/thumbs\/thumbs_img_0780.jpg\" width=\"100\" height=\"75\" \/>\n\t\t\t\t\t\t\t<\/a>\n\t\t<\/div>\n\t<\/div>\n\t\n\t\t\n \t \t\n\t<!-- Pagination -->\n \t<div class='ngg-clear'><\/div>\n \t\n<\/div>\n\n\n<p>&nbsp;<\/p>\n<p>Bericht der Polizei NW:<\/p>\n<p>POL-PDNW: Frontalzusammensto\u00df verhindert &#8211; PKW \u00fcberschlagen,<br \/>\nVerursacher f\u00e4hrt weiter<\/p>\n<p>Neustadt\/Weinstra\u00dfe (ots) &#8211; Am heutigen Nachmittag um 16:45 Uhr bef\u00e4hrt ein<br \/>\n45-j\u00e4hriger Mann die L499 von Frankeneck aus kommend in Richtung Elmstein. Ein<br \/>\nihm entgegenkommender PKW kam nach einem \u00dcberholman\u00f6ver von zwei Radfahrern vor<br \/>\neiner Rechtskurve auf die Gegenfahrbahn. Der 45-J\u00e4hrige aus Elmsteiner wollte<br \/>\neinen Frontalzusammensto\u00df vermeiden. Aufgrund dessen machte dieser eine<br \/>\nVollbremsung und lenkte nach rechts um dem PKW auszuweichen. Hierdurch kam er<br \/>\nvon der Fahrbahn ab und \u00fcberschlug sich. Der Fahrer blieb unverletzt, sein<br \/>\nFahrzeug erlitt einen wirtschaftl. Totalschaden. Der \u00dcberholer fuhr im Anschluss<br \/>\neinfach weiter und entfernte sich unerlaubt von der Unfall\u00f6rtlichkeit.<\/p>\n<p>Hinweise auf den Unfallverursacher bitte an die Polizeiinspektion<br \/>\nNeustadt\/Weinstra\u00dfe. Telefonnummer: 06321-8540 E-Mail: <a href=\"mailto:pineustadt@polizei.rlp.de\">pineustadt@polizei.rlp.de<\/a><\/p>\n<p>&nbsp;<\/p>\n","protected":false},"author":1,"featured_media":8866,"template":"","meta":{"einsatz_weight":1,"footnotes":""},"categories":[],"tags":[138,141,161],"einsatzart":[33],"fahrzeug":[44,45,49],"exteinsatzmittel":[12,13,18,30,37,31],"alarmierungsart":[10],"evw_unit":[],"class_list":["post-8858","einsatz","type-einsatz","status-publish","has-post-thumbnail","hentry","tag-esthal","tag-frankeneck","tag-verkehrsunfall","einsatzart-th","fahrzeug-frankeneck-40","fahrzeug-frankeneck-73","fahrzeug-lambrecht-11","exteinsatzmittel-fw_est","exteinsatzmittel-fw_fra","exteinsatzmittel-fw_lam","exteinsatzmittel-pol","exteinsatzmittel-fw_pre","exteinsatzmittel-drk","alarmierungsart-dme-digitaler-meldeempfaenger"],"better_featured_image":{"id":8866,"alt_text":"","caption":"","description":"","media_type":"image","media_details":{"width":2560,"height":1920,"file":"2020\/07\/13772D69-310C-4942-95A0-4D24D0009D15-scaled.jpeg","filesize":893213,"sizes":{"medium_large":{"file":"13772D69-310C-4942-95A0-4D24D0009D15-768x576.jpeg","width":768,"height":576,"mime-type":"image\/jpeg","filesize":126760,"source_url":"https:\/\/feuerwehr-vglambrecht.de\/cms\/wp-content\/uploads\/2020\/07\/13772D69-310C-4942-95A0-4D24D0009D15-768x576.jpeg"},"1536x1536":{"file":"13772D69-310C-4942-95A0-4D24D0009D15-1536x1152.jpeg","width":1536,"height":1152,"mime-type":"image\/jpeg","filesize":382232,"source_url":"https:\/\/feuerwehr-vglambrecht.de\/cms\/wp-content\/uploads\/2020\/07\/13772D69-310C-4942-95A0-4D24D0009D15-1536x1152.jpeg"},"2048x2048":{"file":"13772D69-310C-4942-95A0-4D24D0009D15-2048x1536.jpeg","width":2048,"height":1536,"mime-type":"image\/jpeg","filesize":615770,"source_url":"https:\/\/feuerwehr-vglambrecht.de\/cms\/wp-content\/uploads\/2020\/07\/13772D69-310C-4942-95A0-4D24D0009D15-2048x1536.jpeg"},"wptouch-new-thumbnail":{"file":"13772D69-310C-4942-95A0-4D24D0009D15-144x144.jpeg","width":144,"height":144,"mime-type":"image\/jpeg","filesize":20719,"source_url":"https:\/\/feuerwehr-vglambrecht.de\/cms\/wp-content\/uploads\/2020\/07\/13772D69-310C-4942-95A0-4D24D0009D15-144x144.jpeg"},"landing_image":{"file":"13772D69-310C-4942-95A0-4D24D0009D15-1024x460.jpeg","width":1024,"height":460,"mime-type":"image\/jpeg","filesize":110006,"source_url":"https:\/\/feuerwehr-vglambrecht.de\/cms\/wp-content\/uploads\/2020\/07\/13772D69-310C-4942-95A0-4D24D0009D15-1024x460.jpeg"},"foundation-featured-image":{"file":"13772D69-310C-4942-95A0-4D24D0009D15-900x675.jpeg","width":900,"height":675,"mime-type":"image\/jpeg","filesize":163914,"source_url":"https:\/\/feuerwehr-vglambrecht.de\/cms\/wp-content\/uploads\/2020\/07\/13772D69-310C-4942-95A0-4D24D0009D15-900x675.jpeg"},"thumbnail":{"file":"13772D69-310C-4942-95A0-4D24D0009D15-150x150.jpeg","width":150,"height":150,"source_url":"https:\/\/feuerwehr-vglambrecht.de\/cms\/wp-content\/uploads\/2020\/07\/13772D69-310C-4942-95A0-4D24D0009D15-150x150.jpeg"},"medium":{"file":"13772D69-310C-4942-95A0-4D24D0009D15-300x225.jpeg","width":300,"height":225,"source_url":"https:\/\/feuerwehr-vglambrecht.de\/cms\/wp-content\/uploads\/2020\/07\/13772D69-310C-4942-95A0-4D24D0009D15-300x225.jpeg"},"large":{"file":"13772D69-310C-4942-95A0-4D24D0009D15-1024x768.jpeg","width":1024,"height":768,"source_url":"https:\/\/feuerwehr-vglambrecht.de\/cms\/wp-content\/uploads\/2020\/07\/13772D69-310C-4942-95A0-4D24D0009D15-1024x768.jpeg"}},"image_meta":{"aperture":"0","credit":"","camera":"","caption":"","created_timestamp":"0","copyright":"","focal_length":"0","iso":"0","shutter_speed":"0","title":"","orientation":"1","keywords":[]},"original_image":"13772D69-310C-4942-95A0-4D24D0009D15.jpeg","image-converter":{"thumbnail":"IME","medium":"IME","large":"IME"}},"post":8858,"source_url":"https:\/\/feuerwehr-vglambrecht.de\/cms\/wp-content\/uploads\/2020\/07\/13772D69-310C-4942-95A0-4D24D0009D15-scaled.jpeg"},"einsatz_ort":"","einsatz_ende":"2020-07-24 17:18","einsatz_beginn":"","_links":{"self":[{"href":"https:\/\/feuerwehr-vglambrecht.de\/cms\/wp-json\/wp\/v2\/einsatz\/8858","targetHints":{"allow":["GET"]}}],"collection":[{"href":"https:\/\/feuerwehr-vglambrecht.de\/cms\/wp-json\/wp\/v2\/einsatz"}],"about":[{"href":"https:\/\/feuerwehr-vglambrecht.de\/cms\/wp-json\/wp\/v2\/types\/einsatz"}],"author":[{"embeddable":true,"href":"https:\/\/feuerwehr-vglambrecht.de\/cms\/wp-json\/wp\/v2\/users\/1"}],"version-history":[{"count":4,"href":"https:\/\/feuerwehr-vglambrecht.de\/cms\/wp-json\/wp\/v2\/einsatz\/8858\/revisions"}],"predecessor-version":[{"id":8868,"href":"https:\/\/feuerwehr-vglambrecht.de\/cms\/wp-json\/wp\/v2\/einsatz\/8858\/revisions\/8868"}],"wp:featuredmedia":[{"embeddable":true,"href":"https:\/\/feuerwehr-vglambrecht.de\/cms\/wp-json\/wp\/v2\/media\/8866"}],"wp:attachment":[{"href":"https:\/\/feuerwehr-vglambrecht.de\/cms\/wp-json\/wp\/v2\/media?parent=8858"}],"wp:term":[{"taxonomy":"category","embeddable":true,"href":"https:\/\/feuerwehr-vglambrecht.de\/cms\/wp-json\/wp\/v2\/categories?post=8858"},{"taxonomy":"post_tag","embeddable":true,"href":"https:\/\/feuerwehr-vglambrecht.de\/cms\/wp-json\/wp\/v2\/tags?post=8858"},{"taxonomy":"einsatzart","embeddable":true,"href":"https:\/\/feuerwehr-vglambrecht.de\/cms\/wp-json\/wp\/v2\/einsatzart?post=8858"},{"taxonomy":"fahrzeug","embeddable":true,"href":"https:\/\/feuerwehr-vglambrecht.de\/cms\/wp-json\/wp\/v2\/fahrzeug?post=8858"},{"taxonomy":"exteinsatzmittel","embeddable":true,"href":"https:\/\/feuerwehr-vglambrecht.de\/cms\/wp-json\/wp\/v2\/exteinsatzmittel?post=8858"},{"taxonomy":"alarmierungsart","embeddable":true,"href":"https:\/\/feuerwehr-vglambrecht.de\/cms\/wp-json\/wp\/v2\/alarmierungsart?post=8858"},{"taxonomy":"evw_unit","embeddable":true,"href":"https:\/\/feuerwehr-vglambrecht.de\/cms\/wp-json\/wp\/v2\/evw_unit?post=8858"}],"curies":[{"name":"wp","href":"https:\/\/api.w.org\/{rel}","templated":true}]}}

<p>Am Freitag, den 24.07.2020 um 16:42 Uhr wurden die Feuerwehren Frankeneck, Esthal und Lambrecht zu einem Verkehrsunfall auf die L499 alarmiert. <!--more-->Aus bisher ungeklärten Gründen kam ein Fahrzeugführer mit seinem PKW in einer Kurve am Ortsausgang Sattelmühle, Richtung Elmstein von der Fahrbahn ab, überschlug sich und blieb auf dem Dach liegen. Beim Eintreffen der Einsatzkräfte befand sich keine Person mehr im Fahrzeug, jedoch liefen Betriebsmittel aus. Durch das Aufrichten des Fahrzeugs konnte der Austritt der Betriebsmitte gestoppt werden. Die Einsatzstelle wurde der Polizei übergeben.</p>

<div class="ngg-galleryoverview" id="ngg-gallery-306-8858">

	<!-- Slideshow link -->
	<div class="slideshowlink">
		<a class="slideshowlink" href="https://feuerwehr-vglambrecht.de/cms/einsatzberichte/verkehrsunfall-h2-03-5/nggallery/slideshow">
			[Show as slideshow]		</a>
	</div>

	
	<!-- Thumbnails -->
		
	<div id="ngg-image-1805" class="ngg-gallery-thumbnail-box"  >
		<div class="ngg-gallery-thumbnail" >
			<a href="https://feuerwehr-vglambrecht.de/cms/wp-content/gallery/vu-24072020/img_20200724_170629.jpg" title=" " class="shutterset_set_306" >
								<img loading="lazy" decoding="async" title="img_20200724_170629" alt="img_20200724_170629" src="https://feuerwehr-vglambrecht.de/cms/wp-content/gallery/vu-24072020/thumbs/thumbs_img_20200724_170629.jpg" width="100" height="75" />
							</a>
		</div>
	</div>
	
		
 		
	<div id="ngg-image-1806" class="ngg-gallery-thumbnail-box"  >
		<div class="ngg-gallery-thumbnail" >
			<a href="https://feuerwehr-vglambrecht.de/cms/wp-content/gallery/vu-24072020/img_20200724_170647.jpg" title=" " class="shutterset_set_306" >
								<img loading="lazy" decoding="async" title="img_20200724_170647" alt="img_20200724_170647" src="https://feuerwehr-vglambrecht.de/cms/wp-content/gallery/vu-24072020/thumbs/thumbs_img_20200724_170647.jpg" width="100" height="75" />
							</a>
		</div>
	</div>
	
		
 		
	<div id="ngg-image-1807" class="ngg-gallery-thumbnail-box"  >
		<div class="ngg-gallery-thumbnail" >
			<a href="https://feuerwehr-vglambrecht.de/cms/wp-content/gallery/vu-24072020/img_0780.jpg" title=" " class="shutterset_set_306" >
								<img loading="lazy" decoding="async" title="img_0780" alt="img_0780" src="https://feuerwehr-vglambrecht.de/cms/wp-content/gallery/vu-24072020/thumbs/thumbs_img_0780.jpg" width="100" height="75" />
							</a>
		</div>
	</div>
	
		
 	 	
	<!-- Pagination -->
 	<div class='ngg-clear'></div>
 	
</div>


<p>&nbsp;</p>
<p>Bericht der Polizei NW:</p>
<p>POL-PDNW: Frontalzusammenstoß verhindert &#8211; PKW überschlagen,<br />
Verursacher fährt weiter</p>
<p>Neustadt/Weinstraße (ots) &#8211; Am heutigen Nachmittag um 16:45 Uhr befährt ein<br />
45-jähriger Mann die L499 von Frankeneck aus kommend in Richtung Elmstein. Ein<br />
ihm entgegenkommender PKW kam nach einem Überholmanöver von zwei Radfahrern vor<br />
einer Rechtskurve auf die Gegenfahrbahn. Der 45-Jährige aus Elmsteiner wollte<br />
einen Frontalzusammenstoß vermeiden. Aufgrund dessen machte dieser eine<br />
Vollbremsung und lenkte nach rechts um dem PKW auszuweichen. Hierdurch kam er<br />
von der Fahrbahn ab und überschlug sich. Der Fahrer blieb unverletzt, sein<br />
Fahrzeug erlitt einen wirtschaftl. Totalschaden. Der Überholer fuhr im Anschluss<br />
einfach weiter und entfernte sich unerlaubt von der Unfallörtlichkeit.</p>
<p>Hinweise auf den Unfallverursacher bitte an die Polizeiinspektion<br />
Neustadt/Weinstraße. Telefonnummer: 06321-8540 E-Mail: <a href="mailto:pineustadt@polizei.rlp.de">pineustadt@polizei.rlp.de</a></p>
<p>&nbsp;</p>
