{"id":8804,"date":"2020-06-15T21:32:00","date_gmt":"2020-06-15T19:32:00","guid":{"rendered":"https:\/\/feuerwehr-vglambrecht.de\/cms\/?post_type=einsatz&#038;p=8804"},"modified":"2020-06-16T13:11:43","modified_gmt":"2020-06-16T11:11:43","slug":"grundstufe-h1-baum-auf-fahrbahn","status":"publish","type":"einsatz","link":"https:\/\/feuerwehr-vglambrecht.de\/cms\/einsatzberichte\/grundstufe-h1-baum-auf-fahrbahn\/","title":{"rendered":"Grundstufe (H1) Baum auf Fahrbahn"},"content":{"rendered":"<p><strong>Baum auf Fahrbahn<\/strong><\/p>\n<p>Am 15.Juni 2020 gegen 21:32 Uhr wurden die Feuerwehren Esthal und Frankeneck wegen einem Baum auf der Fahrbahn der L499 alarmiert.<!--more--><\/p>\n<p>Kurz hinter der Ortschaft Erfenstein, in Fahrtrichtung Elmstein, ragte beim Eintreffen der Einsatzkr\u00e4fte nur ein kleiner Baum in die Fahrbahn der Landesstra\u00dfe 499. Mittels Motors\u00e4ge wurde das Hindernis beseitigt.<\/p>\n<p><strong>\u00a0Symbolbild: Presseteam VG Lambrecht Feuerwehr<\/strong><\/p>\n","protected":false},"author":5,"featured_media":8616,"template":"","meta":{"einsatz_weight":1,"footnotes":""},"categories":[1],"tags":[176,138,383,141,373,190],"einsatzart":[33],"fahrzeug":[350,43,307,44,45],"exteinsatzmittel":[12,13,299],"alarmierungsart":[10],"evw_unit":[],"class_list":["post-8804","einsatz","type-einsatz","status-publish","has-post-thumbnail","hentry","category-allgemein","tag-baum-umgestuerzt","tag-esthal","tag-feuerwehrvglambrecht","tag-frankeneck","tag-immerda","tag-technische-hilfe","einsatzart-th","fahrzeug-esthal-19-2","fahrzeug-esthal19","fahrzeug-307","fahrzeug-frankeneck-40","fahrzeug-frankeneck-73","exteinsatzmittel-fw_est","exteinsatzmittel-fw_fra","exteinsatzmittel-fez-neustadt","alarmierungsart-dme-digitaler-meldeempfaenger"],"better_featured_image":{"id":8616,"alt_text":"","caption":"","description":"","media_type":"image","media_details":{"width":2560,"height":960,"file":"2020\/04\/IMG_7724-e1587562974563-scaled.jpg","filesize":653283,"sizes":{"medium_large":{"file":"IMG_7724-e1587562974563-768x288.jpg","width":768,"height":288,"mime-type":"image\/jpeg","filesize":86390,"source_url":"https:\/\/feuerwehr-vglambrecht.de\/cms\/wp-content\/uploads\/2020\/04\/IMG_7724-e1587562974563-768x288.jpg"},"1536x1536":{"file":"IMG_7724-e1587562974563-1536x576.jpg","width":1536,"height":576,"mime-type":"image\/jpeg","filesize":276357,"source_url":"https:\/\/feuerwehr-vglambrecht.de\/cms\/wp-content\/uploads\/2020\/04\/IMG_7724-e1587562974563-1536x576.jpg"},"2048x2048":{"file":"IMG_7724-e1587562974563-2048x768.jpg","width":2048,"height":768,"mime-type":"image\/jpeg","filesize":450954,"source_url":"https:\/\/feuerwehr-vglambrecht.de\/cms\/wp-content\/uploads\/2020\/04\/IMG_7724-e1587562974563-2048x768.jpg"},"wptouch-new-thumbnail":{"file":"IMG_7724-e1587562974563-144x144.jpg","width":144,"height":144,"mime-type":"image\/jpeg","filesize":23119,"source_url":"https:\/\/feuerwehr-vglambrecht.de\/cms\/wp-content\/uploads\/2020\/04\/IMG_7724-e1587562974563-144x144.jpg"},"landing_image":{"file":"IMG_7724-e1587562974563-1024x460.jpg","width":1024,"height":460,"mime-type":"image\/jpeg","filesize":158218,"source_url":"https:\/\/feuerwehr-vglambrecht.de\/cms\/wp-content\/uploads\/2020\/04\/IMG_7724-e1587562974563-1024x460.jpg"},"foundation-featured-image":{"file":"IMG_7724-e1587562974563-900x338.jpg","width":900,"height":338,"mime-type":"image\/jpeg","filesize":112975,"source_url":"https:\/\/feuerwehr-vglambrecht.de\/cms\/wp-content\/uploads\/2020\/04\/IMG_7724-e1587562974563-900x338.jpg"},"thumbnail":{"file":"IMG_7724-e1587562974563-150x150.jpg","width":150,"height":150,"source_url":"https:\/\/feuerwehr-vglambrecht.de\/cms\/wp-content\/uploads\/2020\/04\/IMG_7724-e1587562974563-150x150.jpg"},"medium":{"file":"IMG_7724-e1587562974563-300x113.jpg","width":300,"height":113,"source_url":"https:\/\/feuerwehr-vglambrecht.de\/cms\/wp-content\/uploads\/2020\/04\/IMG_7724-e1587562974563-300x113.jpg"},"large":{"file":"IMG_7724-e1587562974563-1024x384.jpg","width":1024,"height":384,"source_url":"https:\/\/feuerwehr-vglambrecht.de\/cms\/wp-content\/uploads\/2020\/04\/IMG_7724-e1587562974563-1024x384.jpg"}},"image_meta":{"aperture":"2.2","credit":"","camera":"iPhone SE","caption":"","created_timestamp":"1511014665","copyright":"","focal_length":"4.15","iso":"25","shutter_speed":"0.03030303030303","title":"","orientation":"1","keywords":[]},"original_image":"IMG_7724-e1587562974563.jpg","image-converter":{"thumbnail":"IME","medium":"IME","large":"IME"}},"post":8613,"source_url":"https:\/\/feuerwehr-vglambrecht.de\/cms\/wp-content\/uploads\/2020\/04\/IMG_7724-e1587562974563-scaled.jpg"},"einsatz_ort":"L499 Erfenstein","einsatz_ende":"2020-06-15 22:01","einsatz_beginn":"","_links":{"self":[{"href":"https:\/\/feuerwehr-vglambrecht.de\/cms\/wp-json\/wp\/v2\/einsatz\/8804","targetHints":{"allow":["GET"]}}],"collection":[{"href":"https:\/\/feuerwehr-vglambrecht.de\/cms\/wp-json\/wp\/v2\/einsatz"}],"about":[{"href":"https:\/\/feuerwehr-vglambrecht.de\/cms\/wp-json\/wp\/v2\/types\/einsatz"}],"author":[{"embeddable":true,"href":"https:\/\/feuerwehr-vglambrecht.de\/cms\/wp-json\/wp\/v2\/users\/5"}],"version-history":[{"count":4,"href":"https:\/\/feuerwehr-vglambrecht.de\/cms\/wp-json\/wp\/v2\/einsatz\/8804\/revisions"}],"predecessor-version":[{"id":8808,"href":"https:\/\/feuerwehr-vglambrecht.de\/cms\/wp-json\/wp\/v2\/einsatz\/8804\/revisions\/8808"}],"wp:featuredmedia":[{"embeddable":true,"href":"https:\/\/feuerwehr-vglambrecht.de\/cms\/wp-json\/wp\/v2\/media\/8616"}],"wp:attachment":[{"href":"https:\/\/feuerwehr-vglambrecht.de\/cms\/wp-json\/wp\/v2\/media?parent=8804"}],"wp:term":[{"taxonomy":"category","embeddable":true,"href":"https:\/\/feuerwehr-vglambrecht.de\/cms\/wp-json\/wp\/v2\/categories?post=8804"},{"taxonomy":"post_tag","embeddable":true,"href":"https:\/\/feuerwehr-vglambrecht.de\/cms\/wp-json\/wp\/v2\/tags?post=8804"},{"taxonomy":"einsatzart","embeddable":true,"href":"https:\/\/feuerwehr-vglambrecht.de\/cms\/wp-json\/wp\/v2\/einsatzart?post=8804"},{"taxonomy":"fahrzeug","embeddable":true,"href":"https:\/\/feuerwehr-vglambrecht.de\/cms\/wp-json\/wp\/v2\/fahrzeug?post=8804"},{"taxonomy":"exteinsatzmittel","embeddable":true,"href":"https:\/\/feuerwehr-vglambrecht.de\/cms\/wp-json\/wp\/v2\/exteinsatzmittel?post=8804"},{"taxonomy":"alarmierungsart","embeddable":true,"href":"https:\/\/feuerwehr-vglambrecht.de\/cms\/wp-json\/wp\/v2\/alarmierungsart?post=8804"},{"taxonomy":"evw_unit","embeddable":true,"href":"https:\/\/feuerwehr-vglambrecht.de\/cms\/wp-json\/wp\/v2\/evw_unit?post=8804"}],"curies":[{"name":"wp","href":"https:\/\/api.w.org\/{rel}","templated":true}]}}

<p><strong>Baum auf Fahrbahn</strong></p>
<p>Am 15.Juni 2020 gegen 21:32 Uhr wurden die Feuerwehren Esthal und Frankeneck wegen einem Baum auf der Fahrbahn der L499 alarmiert.<!--more--></p>
<p>Kurz hinter der Ortschaft Erfenstein, in Fahrtrichtung Elmstein, ragte beim Eintreffen der Einsatzkräfte nur ein kleiner Baum in die Fahrbahn der Landesstraße 499. Mittels Motorsäge wurde das Hindernis beseitigt.</p>
<p><strong> Symbolbild: Presseteam VG Lambrecht Feuerwehr</strong></p>
