{"id":8692,"date":"2020-05-05T12:20:00","date_gmt":"2020-05-05T10:20:00","guid":{"rendered":"https:\/\/feuerwehr-vglambrecht.de\/cms\/?post_type=einsatz&#038;p=8692"},"modified":"2020-05-05T15:57:44","modified_gmt":"2020-05-05T13:57:44","slug":"gewaesserverunreinigung-g1","status":"publish","type":"einsatz","link":"https:\/\/feuerwehr-vglambrecht.de\/cms\/einsatzberichte\/gewaesserverunreinigung-g1\/","title":{"rendered":"Gew\u00e4sserverunreinigung (G1)"},"content":{"rendered":"<p>Die Wehrf\u00fchrung der Feuerwehr Esthal wurde aufgrund einer starken Gew\u00e4sserverunreinigung des Breitenbachs an die PWV-H\u00fctte Esthal alarmiert. Nach Kontrolle vor Ort und Feststellen der Ursache an der Kl\u00e4ranlage Esthal, wurde die Einsatzstelle umgehend den Werken der Verbandsgemeindeverwaltung zur Behebung \u00fcbergeben.<\/p>\n","protected":false},"author":3,"featured_media":0,"template":"","meta":{"einsatz_weight":1,"footnotes":""},"categories":[],"tags":[138],"einsatzart":[23],"fahrzeug":[350],"exteinsatzmittel":[423,12],"alarmierungsart":[65],"evw_unit":[],"class_list":["post-8692","einsatz","type-einsatz","status-publish","hentry","tag-esthal","einsatzart-gff","fahrzeug-esthal-19-2","exteinsatzmittel-abwasserwerk-vg-lambrecht","exteinsatzmittel-fw_est","alarmierungsart-telefon"],"better_featured_image":null,"einsatz_ort":"Kl\u00e4ranlage Esthal","einsatz_ende":"2020-05-05 12:50","einsatz_beginn":"","_links":{"self":[{"href":"https:\/\/feuerwehr-vglambrecht.de\/cms\/wp-json\/wp\/v2\/einsatz\/8692","targetHints":{"allow":["GET"]}}],"collection":[{"href":"https:\/\/feuerwehr-vglambrecht.de\/cms\/wp-json\/wp\/v2\/einsatz"}],"about":[{"href":"https:\/\/feuerwehr-vglambrecht.de\/cms\/wp-json\/wp\/v2\/types\/einsatz"}],"author":[{"embeddable":true,"href":"https:\/\/feuerwehr-vglambrecht.de\/cms\/wp-json\/wp\/v2\/users\/3"}],"version-history":[{"count":1,"href":"https:\/\/feuerwehr-vglambrecht.de\/cms\/wp-json\/wp\/v2\/einsatz\/8692\/revisions"}],"predecessor-version":[{"id":8693,"href":"https:\/\/feuerwehr-vglambrecht.de\/cms\/wp-json\/wp\/v2\/einsatz\/8692\/revisions\/8693"}],"wp:attachment":[{"href":"https:\/\/feuerwehr-vglambrecht.de\/cms\/wp-json\/wp\/v2\/media?parent=8692"}],"wp:term":[{"taxonomy":"category","embeddable":true,"href":"https:\/\/feuerwehr-vglambrecht.de\/cms\/wp-json\/wp\/v2\/categories?post=8692"},{"taxonomy":"post_tag","embeddable":true,"href":"https:\/\/feuerwehr-vglambrecht.de\/cms\/wp-json\/wp\/v2\/tags?post=8692"},{"taxonomy":"einsatzart","embeddable":true,"href":"https:\/\/feuerwehr-vglambrecht.de\/cms\/wp-json\/wp\/v2\/einsatzart?post=8692"},{"taxonomy":"fahrzeug","embeddable":true,"href":"https:\/\/feuerwehr-vglambrecht.de\/cms\/wp-json\/wp\/v2\/fahrzeug?post=8692"},{"taxonomy":"exteinsatzmittel","embeddable":true,"href":"https:\/\/feuerwehr-vglambrecht.de\/cms\/wp-json\/wp\/v2\/exteinsatzmittel?post=8692"},{"taxonomy":"alarmierungsart","embeddable":true,"href":"https:\/\/feuerwehr-vglambrecht.de\/cms\/wp-json\/wp\/v2\/alarmierungsart?post=8692"},{"taxonomy":"evw_unit","embeddable":true,"href":"https:\/\/feuerwehr-vglambrecht.de\/cms\/wp-json\/wp\/v2\/evw_unit?post=8692"}],"curies":[{"name":"wp","href":"https:\/\/api.w.org\/{rel}","templated":true}]}}

Gewässerverunreinigung (G1)

<p>Die Wehrführung der Feuerwehr Esthal wurde aufgrund einer starken Gewässerverunreinigung des Breitenbachs an die PWV-Hütte Esthal alarmiert. Nach Kontrolle vor Ort und Feststellen der Ursache an der Kläranlage Esthal, wurde die Einsatzstelle umgehend den Werken der Verbandsgemeindeverwaltung zur Behebung übergeben.</p>

Kläranlage Esthal
