{"id":8656,"date":"2020-04-28T09:27:00","date_gmt":"2020-04-28T07:27:00","guid":{"rendered":"https:\/\/feuerwehr-vglambrecht.de\/cms\/?post_type=einsatz&#038;p=8656"},"modified":"2020-04-28T12:41:29","modified_gmt":"2020-04-28T10:41:29","slug":"brandmeldeanlage-b2-07-17","status":"publish","type":"einsatz","link":"https:\/\/feuerwehr-vglambrecht.de\/cms\/einsatzberichte\/brandmeldeanlage-b2-07-17\/","title":{"rendered":"Brandmeldeanlage (B2.07)"},"content":{"rendered":"<p>Die Feuerwehren Lindenberg und Lambrecht wurden am 28.04.2020 um 09:27 Uhr zu einer ausgel\u00f6sten Brandmeldeanlage in die Sommerbergstra\u00dfe in Lambrecht alarmiert.<!--more--><span id=\"more-8101\"><\/span><\/p>\n<p>Nach der Erkundung durch den Einsatzleiter stellte sich heraus, dass es sich um einen Fehlalarm handelte.\u00a0Die Brandmeldeanlage wurde durch die Feuerwehr zur\u00fcckgesetzt und das Geb\u00e4ude an den Eigent\u00fcmer \u00fcbergeben.<\/p>\n","protected":false},"author":17,"featured_media":4814,"template":"","meta":{"einsatz_weight":1,"footnotes":""},"categories":[71,74],"tags":[],"einsatzart":[8],"fahrzeug":[53,54,57],"exteinsatzmittel":[18,19],"alarmierungsart":[10],"evw_unit":[],"class_list":["post-8656","einsatz","type-einsatz","status-publish","has-post-thumbnail","hentry","category-fw_lambrecht","category-fw_lindenberg","einsatzart-bma","fahrzeug-lambrecht-33","fahrzeug-lambrecht-44","fahrzeug-lindenberg-47","exteinsatzmittel-fw_lam","exteinsatzmittel-fw_lin","alarmierungsart-dme-digitaler-meldeempfaenger"],"better_featured_image":{"id":4814,"alt_text":"","caption":"","description":"","media_type":"image","media_details":{"width":1024,"height":594,"file":"2016\/10\/img_6731.jpg","filesize":362293,"sizes":{"medium_large":{"file":"img_6731-768x446.jpg","width":768,"height":446,"mime-type":"image\/jpeg","filesize":114243,"source_url":"https:\/\/feuerwehr-vglambrecht.de\/cms\/wp-content\/uploads\/2016\/10\/img_6731-768x446.jpg"},"wptouch-new-thumbnail":{"file":"img_6731-144x144.jpg","width":144,"height":144,"mime-type":"image\/jpeg","filesize":30882,"source_url":"https:\/\/feuerwehr-vglambrecht.de\/cms\/wp-content\/uploads\/2016\/10\/img_6731-144x144.jpg"},"landing_image":{"file":"img_6731-1024x460.jpg","width":1024,"height":460,"mime-type":"image\/jpeg","filesize":155011,"source_url":"https:\/\/feuerwehr-vglambrecht.de\/cms\/wp-content\/uploads\/2016\/10\/img_6731-1024x460.jpg"},"foundation-featured-image":{"file":"img_6731-900x522.jpg","width":900,"height":522,"mime-type":"image\/jpeg","filesize":142463,"source_url":"https:\/\/feuerwehr-vglambrecht.de\/cms\/wp-content\/uploads\/2016\/10\/img_6731-900x522.jpg"},"thumbnail":{"file":"img_6731-150x150.jpg","width":150,"height":150,"source_url":"https:\/\/feuerwehr-vglambrecht.de\/cms\/wp-content\/uploads\/2016\/10\/img_6731-150x150.jpg"},"medium":{"file":"img_6731-300x174.jpg","width":300,"height":174,"source_url":"https:\/\/feuerwehr-vglambrecht.de\/cms\/wp-content\/uploads\/2016\/10\/img_6731-300x174.jpg"}},"image_meta":{"aperture":"4","credit":"(c) Jaron Schall","camera":"Canon EOS 1100D","caption":"","created_timestamp":"1428234311","copyright":"(c) Jaron Schall","focal_length":"35","iso":"160","shutter_speed":"0.0025","title":"","orientation":"1","keywords":[]},"image-converter":{"thumbnail":"IME","medium":"IME"}},"post":4813,"source_url":"https:\/\/feuerwehr-vglambrecht.de\/cms\/wp-content\/uploads\/2016\/10\/img_6731.jpg"},"einsatz_ort":"Sommerbergstra\u00dfe, Lambrecht","einsatz_ende":"2020-04-28 09:49","einsatz_beginn":"","_links":{"self":[{"href":"https:\/\/feuerwehr-vglambrecht.de\/cms\/wp-json\/wp\/v2\/einsatz\/8656","targetHints":{"allow":["GET"]}}],"collection":[{"href":"https:\/\/feuerwehr-vglambrecht.de\/cms\/wp-json\/wp\/v2\/einsatz"}],"about":[{"href":"https:\/\/feuerwehr-vglambrecht.de\/cms\/wp-json\/wp\/v2\/types\/einsatz"}],"author":[{"embeddable":true,"href":"https:\/\/feuerwehr-vglambrecht.de\/cms\/wp-json\/wp\/v2\/users\/17"}],"version-history":[{"count":1,"href":"https:\/\/feuerwehr-vglambrecht.de\/cms\/wp-json\/wp\/v2\/einsatz\/8656\/revisions"}],"predecessor-version":[{"id":8657,"href":"https:\/\/feuerwehr-vglambrecht.de\/cms\/wp-json\/wp\/v2\/einsatz\/8656\/revisions\/8657"}],"wp:featuredmedia":[{"embeddable":true,"href":"https:\/\/feuerwehr-vglambrecht.de\/cms\/wp-json\/wp\/v2\/media\/4814"}],"wp:attachment":[{"href":"https:\/\/feuerwehr-vglambrecht.de\/cms\/wp-json\/wp\/v2\/media?parent=8656"}],"wp:term":[{"taxonomy":"category","embeddable":true,"href":"https:\/\/feuerwehr-vglambrecht.de\/cms\/wp-json\/wp\/v2\/categories?post=8656"},{"taxonomy":"post_tag","embeddable":true,"href":"https:\/\/feuerwehr-vglambrecht.de\/cms\/wp-json\/wp\/v2\/tags?post=8656"},{"taxonomy":"einsatzart","embeddable":true,"href":"https:\/\/feuerwehr-vglambrecht.de\/cms\/wp-json\/wp\/v2\/einsatzart?post=8656"},{"taxonomy":"fahrzeug","embeddable":true,"href":"https:\/\/feuerwehr-vglambrecht.de\/cms\/wp-json\/wp\/v2\/fahrzeug?post=8656"},{"taxonomy":"exteinsatzmittel","embeddable":true,"href":"https:\/\/feuerwehr-vglambrecht.de\/cms\/wp-json\/wp\/v2\/exteinsatzmittel?post=8656"},{"taxonomy":"alarmierungsart","embeddable":true,"href":"https:\/\/feuerwehr-vglambrecht.de\/cms\/wp-json\/wp\/v2\/alarmierungsart?post=8656"},{"taxonomy":"evw_unit","embeddable":true,"href":"https:\/\/feuerwehr-vglambrecht.de\/cms\/wp-json\/wp\/v2\/evw_unit?post=8656"}],"curies":[{"name":"wp","href":"https:\/\/api.w.org\/{rel}","templated":true}]}}

<p>Die Feuerwehren Lindenberg und Lambrecht wurden am 28.04.2020 um 09:27 Uhr zu einer ausgelösten Brandmeldeanlage in die Sommerbergstraße in Lambrecht alarmiert.<!--more--><span id="more-8101"></span></p>
<p>Nach der Erkundung durch den Einsatzleiter stellte sich heraus, dass es sich um einen Fehlalarm handelte. Die Brandmeldeanlage wurde durch die Feuerwehr zurückgesetzt und das Gebäude an den Eigentümer übergeben.</p>

Sommerbergstraße, Lambrecht
