{"id":8553,"date":"2020-03-07T19:30:00","date_gmt":"2020-03-07T18:30:00","guid":{"rendered":"https:\/\/feuerwehr-vglambrecht.de\/cms\/?post_type=einsatz&#038;p=8553"},"modified":"2020-03-10T14:35:59","modified_gmt":"2020-03-10T13:35:59","slug":"brandsicherheitswache-54","status":"publish","type":"einsatz","link":"https:\/\/feuerwehr-vglambrecht.de\/cms\/einsatzberichte\/brandsicherheitswache-54\/","title":{"rendered":"Brandsicherheitswache"},"content":{"rendered":"<p>Die Feuerwehr Esthal wurde im Rahmen einer \u00f6ffentlichen Gro\u00dfveranstaltung zu einer Brandsicherheitswache in die Mehrzweckhalle Esthal angefordert. Vor Beginn der Veranstaltung wurden die Belegung der Halle, die Brandschutzeinrichtungen und die Rettungswege \u00fcberpr\u00fcft. W\u00e4hrend der Veranstaltung wurde die Sicherheitswache gestellt.<\/p>\n","protected":false},"author":3,"featured_media":0,"template":"","meta":{"einsatz_weight":1,"footnotes":""},"categories":[],"tags":[138,373,386],"einsatzart":[9],"fahrzeug":[43],"exteinsatzmittel":[12],"alarmierungsart":[65],"evw_unit":[],"class_list":["post-8553","einsatz","type-einsatz","status-publish","hentry","tag-esthal","tag-immerda","tag-retterherzen","einsatzart-bsw","fahrzeug-esthal19","exteinsatzmittel-fw_est","alarmierungsart-telefon"],"better_featured_image":null,"einsatz_ort":"Mehrzweckhalle Esthal","einsatz_ende":"2020-03-07 13:00","einsatz_beginn":"","_links":{"self":[{"href":"https:\/\/feuerwehr-vglambrecht.de\/cms\/wp-json\/wp\/v2\/einsatz\/8553","targetHints":{"allow":["GET"]}}],"collection":[{"href":"https:\/\/feuerwehr-vglambrecht.de\/cms\/wp-json\/wp\/v2\/einsatz"}],"about":[{"href":"https:\/\/feuerwehr-vglambrecht.de\/cms\/wp-json\/wp\/v2\/types\/einsatz"}],"author":[{"embeddable":true,"href":"https:\/\/feuerwehr-vglambrecht.de\/cms\/wp-json\/wp\/v2\/users\/3"}],"version-history":[{"count":1,"href":"https:\/\/feuerwehr-vglambrecht.de\/cms\/wp-json\/wp\/v2\/einsatz\/8553\/revisions"}],"predecessor-version":[{"id":8554,"href":"https:\/\/feuerwehr-vglambrecht.de\/cms\/wp-json\/wp\/v2\/einsatz\/8553\/revisions\/8554"}],"wp:attachment":[{"href":"https:\/\/feuerwehr-vglambrecht.de\/cms\/wp-json\/wp\/v2\/media?parent=8553"}],"wp:term":[{"taxonomy":"category","embeddable":true,"href":"https:\/\/feuerwehr-vglambrecht.de\/cms\/wp-json\/wp\/v2\/categories?post=8553"},{"taxonomy":"post_tag","embeddable":true,"href":"https:\/\/feuerwehr-vglambrecht.de\/cms\/wp-json\/wp\/v2\/tags?post=8553"},{"taxonomy":"einsatzart","embeddable":true,"href":"https:\/\/feuerwehr-vglambrecht.de\/cms\/wp-json\/wp\/v2\/einsatzart?post=8553"},{"taxonomy":"fahrzeug","embeddable":true,"href":"https:\/\/feuerwehr-vglambrecht.de\/cms\/wp-json\/wp\/v2\/fahrzeug?post=8553"},{"taxonomy":"exteinsatzmittel","embeddable":true,"href":"https:\/\/feuerwehr-vglambrecht.de\/cms\/wp-json\/wp\/v2\/exteinsatzmittel?post=8553"},{"taxonomy":"alarmierungsart","embeddable":true,"href":"https:\/\/feuerwehr-vglambrecht.de\/cms\/wp-json\/wp\/v2\/alarmierungsart?post=8553"},{"taxonomy":"evw_unit","embeddable":true,"href":"https:\/\/feuerwehr-vglambrecht.de\/cms\/wp-json\/wp\/v2\/evw_unit?post=8553"}],"curies":[{"name":"wp","href":"https:\/\/api.w.org\/{rel}","templated":true}]}}

<p>Die Feuerwehr Esthal wurde im Rahmen einer öffentlichen Großveranstaltung zu einer Brandsicherheitswache in die Mehrzweckhalle Esthal angefordert. Vor Beginn der Veranstaltung wurden die Belegung der Halle, die Brandschutzeinrichtungen und die Rettungswege überprüft. Während der Veranstaltung wurde die Sicherheitswache gestellt.</p>
