{"id":8522,"date":"2020-02-27T15:41:00","date_gmt":"2020-02-27T14:41:00","guid":{"rendered":"https:\/\/feuerwehr-vglambrecht.de\/cms\/?post_type=einsatz&#038;p=8522"},"modified":"2020-02-27T17:15:29","modified_gmt":"2020-02-27T16:15:29","slug":"oelspur-g1-01-2","status":"publish","type":"einsatz","link":"https:\/\/feuerwehr-vglambrecht.de\/cms\/einsatzberichte\/oelspur-g1-01-2\/","title":{"rendered":"\u00d6lspur (G1.01)"},"content":{"rendered":"<p><strong>\u00d6lspur abgestreut<\/strong><\/p>\n<p>Am 27. Februar 2020 gegen 15:41 Uhr wurden die Feuerwehren Esthal und Frankeneck zu einer \u00d6lspur in Erfenstein alarmiert.<!--more--><\/p>\n<p>Im Bereich der Bushaltestelle, am Ortseingang von Erfenstein, wurde von den Einsatzkr\u00e4ften eine \u00d6lspur mit Bindemittel abgestreut. Die Einsatzstelle wurde zu weiteren Ma\u00dfnahmen an den \u00f6rtlichen Bauhof \u00fcbergeben.<\/p>\n","protected":false},"author":5,"featured_media":8459,"template":"","meta":{"einsatz_weight":1,"footnotes":""},"categories":[1,3],"tags":[138,383,141,373,197],"einsatzart":[23],"fahrzeug":[307,44,45],"exteinsatzmittel":[188,12,13,299],"alarmierungsart":[10],"evw_unit":[],"class_list":["post-8522","einsatz","type-einsatz","status-publish","has-post-thumbnail","hentry","category-allgemein","category-news","tag-esthal","tag-feuerwehrvglambrecht","tag-frankeneck","tag-immerda","tag-oelspur","einsatzart-gff","fahrzeug-307","fahrzeug-frankeneck-40","fahrzeug-frankeneck-73","exteinsatzmittel-bauhof-ortsgemeinde-esthal","exteinsatzmittel-fw_est","exteinsatzmittel-fw_fra","exteinsatzmittel-fez-neustadt","alarmierungsart-dme-digitaler-meldeempfaenger"],"better_featured_image":{"id":8459,"alt_text":"","caption":"SONY DSC","description":"","media_type":"image","media_details":{"width":1650,"height":427,"file":"2020\/02\/DSC09732-1-e1581423652495.jpg","filesize":143367,"sizes":{"medium_large":{"file":"DSC09732-1-e1581423652495-768x199.jpg","width":768,"height":199,"mime-type":"image\/jpeg","filesize":76610,"source_url":"https:\/\/feuerwehr-vglambrecht.de\/cms\/wp-content\/uploads\/2020\/02\/DSC09732-1-e1581423652495-768x199.jpg"},"1536x1536":{"file":"DSC09732-1-e1581423652495-1536x397.jpg","width":1536,"height":397,"mime-type":"image\/jpeg","filesize":127990,"source_url":"https:\/\/feuerwehr-vglambrecht.de\/cms\/wp-content\/uploads\/2020\/02\/DSC09732-1-e1581423652495-1536x397.jpg"},"wptouch-new-thumbnail":{"file":"DSC09732-1-e1581423652495-144x144.jpg","width":144,"height":144,"mime-type":"image\/jpeg","filesize":58227,"source_url":"https:\/\/feuerwehr-vglambrecht.de\/cms\/wp-content\/uploads\/2020\/02\/DSC09732-1-e1581423652495-144x144.jpg"},"landing_image":{"file":"DSC09732-1-e1581423652495-1024x427.jpg","width":1024,"height":427,"mime-type":"image\/jpeg","filesize":110045,"source_url":"https:\/\/feuerwehr-vglambrecht.de\/cms\/wp-content\/uploads\/2020\/02\/DSC09732-1-e1581423652495-1024x427.jpg"},"foundation-featured-image":{"file":"DSC09732-1-e1581423652495-900x233.jpg","width":900,"height":233,"mime-type":"image\/jpeg","filesize":84352,"source_url":"https:\/\/feuerwehr-vglambrecht.de\/cms\/wp-content\/uploads\/2020\/02\/DSC09732-1-e1581423652495-900x233.jpg"},"thumbnail":{"file":"DSC09732-1-e1581423652495-150x150.jpg","width":150,"height":150,"source_url":"https:\/\/feuerwehr-vglambrecht.de\/cms\/wp-content\/uploads\/2020\/02\/DSC09732-1-e1581423652495-150x150.jpg"},"medium":{"file":"DSC09732-1-e1581423652495-300x78.jpg","width":300,"height":78,"source_url":"https:\/\/feuerwehr-vglambrecht.de\/cms\/wp-content\/uploads\/2020\/02\/DSC09732-1-e1581423652495-300x78.jpg"},"large":{"file":"DSC09732-1-e1581423652495-1024x265.jpg","width":1024,"height":265,"source_url":"https:\/\/feuerwehr-vglambrecht.de\/cms\/wp-content\/uploads\/2020\/02\/DSC09732-1-e1581423652495-1024x265.jpg"}},"image_meta":{"aperture":"5.6","credit":"","camera":"DSLR-A200","caption":"SONY DSC","created_timestamp":"1522437210","copyright":"","focal_length":"60","iso":"400","shutter_speed":"0.016666666666667","title":"SONY DSC","orientation":"1","keywords":[]},"image-converter":{"thumbnail":"IME","medium":"IME","large":"IME"}},"post":8455,"source_url":"https:\/\/feuerwehr-vglambrecht.de\/cms\/wp-content\/uploads\/2020\/02\/DSC09732-1-e1581423652495.jpg"},"einsatz_ort":"Erfenstein","einsatz_ende":"2020-02-27 16:18","einsatz_beginn":"","_links":{"self":[{"href":"https:\/\/feuerwehr-vglambrecht.de\/cms\/wp-json\/wp\/v2\/einsatz\/8522","targetHints":{"allow":["GET"]}}],"collection":[{"href":"https:\/\/feuerwehr-vglambrecht.de\/cms\/wp-json\/wp\/v2\/einsatz"}],"about":[{"href":"https:\/\/feuerwehr-vglambrecht.de\/cms\/wp-json\/wp\/v2\/types\/einsatz"}],"author":[{"embeddable":true,"href":"https:\/\/feuerwehr-vglambrecht.de\/cms\/wp-json\/wp\/v2\/users\/5"}],"version-history":[{"count":2,"href":"https:\/\/feuerwehr-vglambrecht.de\/cms\/wp-json\/wp\/v2\/einsatz\/8522\/revisions"}],"predecessor-version":[{"id":8524,"href":"https:\/\/feuerwehr-vglambrecht.de\/cms\/wp-json\/wp\/v2\/einsatz\/8522\/revisions\/8524"}],"wp:featuredmedia":[{"embeddable":true,"href":"https:\/\/feuerwehr-vglambrecht.de\/cms\/wp-json\/wp\/v2\/media\/8459"}],"wp:attachment":[{"href":"https:\/\/feuerwehr-vglambrecht.de\/cms\/wp-json\/wp\/v2\/media?parent=8522"}],"wp:term":[{"taxonomy":"category","embeddable":true,"href":"https:\/\/feuerwehr-vglambrecht.de\/cms\/wp-json\/wp\/v2\/categories?post=8522"},{"taxonomy":"post_tag","embeddable":true,"href":"https:\/\/feuerwehr-vglambrecht.de\/cms\/wp-json\/wp\/v2\/tags?post=8522"},{"taxonomy":"einsatzart","embeddable":true,"href":"https:\/\/feuerwehr-vglambrecht.de\/cms\/wp-json\/wp\/v2\/einsatzart?post=8522"},{"taxonomy":"fahrzeug","embeddable":true,"href":"https:\/\/feuerwehr-vglambrecht.de\/cms\/wp-json\/wp\/v2\/fahrzeug?post=8522"},{"taxonomy":"exteinsatzmittel","embeddable":true,"href":"https:\/\/feuerwehr-vglambrecht.de\/cms\/wp-json\/wp\/v2\/exteinsatzmittel?post=8522"},{"taxonomy":"alarmierungsart","embeddable":true,"href":"https:\/\/feuerwehr-vglambrecht.de\/cms\/wp-json\/wp\/v2\/alarmierungsart?post=8522"},{"taxonomy":"evw_unit","embeddable":true,"href":"https:\/\/feuerwehr-vglambrecht.de\/cms\/wp-json\/wp\/v2\/evw_unit?post=8522"}],"curies":[{"name":"wp","href":"https:\/\/api.w.org\/{rel}","templated":true}]}}

Ölspur (G1.01)

<p><strong>Ölspur abgestreut</strong></p>
<p>Am 27. Februar 2020 gegen 15:41 Uhr wurden die Feuerwehren Esthal und Frankeneck zu einer Ölspur in Erfenstein alarmiert.<!--more--></p>
<p>Im Bereich der Bushaltestelle, am Ortseingang von Erfenstein, wurde von den Einsatzkräften eine Ölspur mit Bindemittel abgestreut. Die Einsatzstelle wurde zu weiteren Maßnahmen an den örtlichen Bauhof übergeben.</p>
