{"id":8491,"date":"2020-02-16T13:20:00","date_gmt":"2020-02-16T12:20:00","guid":{"rendered":"https:\/\/feuerwehr-vglambrecht.de\/cms\/?post_type=einsatz&#038;p=8491"},"modified":"2020-02-16T15:13:52","modified_gmt":"2020-02-16T14:13:52","slug":"flaechenbrand-klein-baum-heckenbrand-b1-02","status":"publish","type":"einsatz","link":"https:\/\/feuerwehr-vglambrecht.de\/cms\/einsatzberichte\/flaechenbrand-klein-baum-heckenbrand-b1-02\/","title":{"rendered":"Fl\u00e4chenbrand klein \/ Baum-Heckenbrand (B1.02)"},"content":{"rendered":"<p><strong>Feuerwehr l\u00f6scht brennenden Baum<\/strong><\/p>\n<p>Die Feuerwehren Esthal und Frankeneck wurden am 16. Februar 2020 gegen 13:20 Uhr zu einem Baumbrand in der N\u00e4he vom Sportplatz Esthal alarmiert.<!--more--><\/p>\n<p>Aus bisher ungekl\u00e4rter Ursache, brannte dort die Rinde einer Kiefer. Mittels Kleinl\u00f6schger\u00e4t konnte der Brand schnell gel\u00f6scht werden. Ein ausbreiten ins Unterholz konnte verhindert werden.<\/p>\n\n<div class=\"ngg-galleryoverview\" id=\"ngg-gallery-287-8491\">\n\n\t<!-- Slideshow link -->\n\t<div class=\"slideshowlink\">\n\t\t<a class=\"slideshowlink\" href=\"https:\/\/feuerwehr-vglambrecht.de\/cms\/einsatzberichte\/flaechenbrand-klein-baum-heckenbrand-b1-02\/nggallery\/slideshow\">\n\t\t\t[Show as slideshow]\t\t<\/a>\n\t<\/div>\n\n\t\n\t<!-- Thumbnails -->\n\t\t\n\t<div id=\"ngg-image-1726\" class=\"ngg-gallery-thumbnail-box\"  >\n\t\t<div class=\"ngg-gallery-thumbnail\" >\n\t\t\t<a href=\"https:\/\/feuerwehr-vglambrecht.de\/cms\/wp-content\/gallery\/baumbrand-sportplatz-esthal\/dsc09915.jpg\" title=\" \" class=\"shutterset_set_287\" >\n\t\t\t\t\t\t\t\t<img loading=\"lazy\" decoding=\"async\" title=\"SONY DSC\" alt=\"SONY DSC\" src=\"https:\/\/feuerwehr-vglambrecht.de\/cms\/wp-content\/gallery\/baumbrand-sportplatz-esthal\/thumbs\/thumbs_dsc09915.jpg\" width=\"100\" height=\"75\" \/>\n\t\t\t\t\t\t\t<\/a>\n\t\t<\/div>\n\t<\/div>\n\t\n\t\t\n \t\t\n\t<div id=\"ngg-image-1727\" class=\"ngg-gallery-thumbnail-box\"  >\n\t\t<div class=\"ngg-gallery-thumbnail\" >\n\t\t\t<a href=\"https:\/\/feuerwehr-vglambrecht.de\/cms\/wp-content\/gallery\/baumbrand-sportplatz-esthal\/dsc09916.jpg\" title=\" \" class=\"shutterset_set_287\" >\n\t\t\t\t\t\t\t\t<img loading=\"lazy\" decoding=\"async\" title=\"SONY DSC\" alt=\"SONY DSC\" src=\"https:\/\/feuerwehr-vglambrecht.de\/cms\/wp-content\/gallery\/baumbrand-sportplatz-esthal\/thumbs\/thumbs_dsc09916.jpg\" width=\"100\" height=\"75\" \/>\n\t\t\t\t\t\t\t<\/a>\n\t\t<\/div>\n\t<\/div>\n\t\n\t\t\n \t\t\n\t<div id=\"ngg-image-1728\" class=\"ngg-gallery-thumbnail-box\"  >\n\t\t<div class=\"ngg-gallery-thumbnail\" >\n\t\t\t<a href=\"https:\/\/feuerwehr-vglambrecht.de\/cms\/wp-content\/gallery\/baumbrand-sportplatz-esthal\/dsc09917.jpg\" title=\" \" class=\"shutterset_set_287\" >\n\t\t\t\t\t\t\t\t<img loading=\"lazy\" decoding=\"async\" title=\"SONY DSC\" alt=\"SONY DSC\" src=\"https:\/\/feuerwehr-vglambrecht.de\/cms\/wp-content\/gallery\/baumbrand-sportplatz-esthal\/thumbs\/thumbs_dsc09917.jpg\" width=\"100\" height=\"75\" \/>\n\t\t\t\t\t\t\t<\/a>\n\t\t<\/div>\n\t<\/div>\n\t\n\t\t\n \t \t\n\t<!-- Pagination -->\n \t<div class='ngg-clear'><\/div>\n \t\n<\/div>\n\n\n","protected":false},"author":5,"featured_media":8494,"template":"","meta":{"einsatz_weight":1,"footnotes":""},"categories":[1,3],"tags":[180,138,383,141,373],"einsatzart":[7],"fahrzeug":[350,307,44],"exteinsatzmittel":[12,13,299],"alarmierungsart":[10],"evw_unit":[],"class_list":["post-8491","einsatz","type-einsatz","status-publish","has-post-thumbnail","hentry","category-allgemein","category-news","tag-brand","tag-esthal","tag-feuerwehrvglambrecht","tag-frankeneck","tag-immerda","einsatzart-brand","fahrzeug-esthal-19-2","fahrzeug-307","fahrzeug-frankeneck-40","exteinsatzmittel-fw_est","exteinsatzmittel-fw_fra","exteinsatzmittel-fez-neustadt","alarmierungsart-dme-digitaler-meldeempfaenger"],"better_featured_image":{"id":8494,"alt_text":"","caption":"SONY DSC","description":"","media_type":"image","media_details":{"width":1817,"height":1274,"file":"2020\/02\/DSC09917-e1581861120917.jpg","filesize":487560,"sizes":{"medium_large":{"file":"DSC09917-e1581861120917-768x538.jpg","width":768,"height":538,"mime-type":"image\/jpeg","filesize":157643,"source_url":"https:\/\/feuerwehr-vglambrecht.de\/cms\/wp-content\/uploads\/2020\/02\/DSC09917-e1581861120917-768x538.jpg"},"1536x1536":{"file":"DSC09917-e1581861120917-1536x1077.jpg","width":1536,"height":1077,"mime-type":"image\/jpeg","filesize":369635,"source_url":"https:\/\/feuerwehr-vglambrecht.de\/cms\/wp-content\/uploads\/2020\/02\/DSC09917-e1581861120917-1536x1077.jpg"},"wptouch-new-thumbnail":{"file":"DSC09917-e1581861120917-144x144.jpg","width":144,"height":144,"mime-type":"image\/jpeg","filesize":61136,"source_url":"https:\/\/feuerwehr-vglambrecht.de\/cms\/wp-content\/uploads\/2020\/02\/DSC09917-e1581861120917-144x144.jpg"},"landing_image":{"file":"DSC09917-e1581861120917-1024x460.jpg","width":1024,"height":460,"mime-type":"image\/jpeg","filesize":151421,"source_url":"https:\/\/feuerwehr-vglambrecht.de\/cms\/wp-content\/uploads\/2020\/02\/DSC09917-e1581861120917-1024x460.jpg"},"foundation-featured-image":{"file":"DSC09917-e1581861120917-900x631.jpg","width":900,"height":631,"mime-type":"image\/jpeg","filesize":189364,"source_url":"https:\/\/feuerwehr-vglambrecht.de\/cms\/wp-content\/uploads\/2020\/02\/DSC09917-e1581861120917-900x631.jpg"},"thumbnail":{"file":"DSC09917-e1581861120917-150x150.jpg","width":150,"height":150,"source_url":"https:\/\/feuerwehr-vglambrecht.de\/cms\/wp-content\/uploads\/2020\/02\/DSC09917-e1581861120917-150x150.jpg"},"medium":{"file":"DSC09917-e1581861120917-300x210.jpg","width":300,"height":210,"source_url":"https:\/\/feuerwehr-vglambrecht.de\/cms\/wp-content\/uploads\/2020\/02\/DSC09917-e1581861120917-300x210.jpg"},"large":{"file":"DSC09917-e1581861120917-1024x718.jpg","width":1024,"height":718,"source_url":"https:\/\/feuerwehr-vglambrecht.de\/cms\/wp-content\/uploads\/2020\/02\/DSC09917-e1581861120917-1024x718.jpg"}},"image_meta":{"aperture":"4.5","credit":"","camera":"DSLR-A200","caption":"SONY DSC","created_timestamp":"1581865283","copyright":"","focal_length":"18","iso":"100","shutter_speed":"0.025","title":"SONY DSC","orientation":"1","keywords":[]},"image-converter":{"thumbnail":"IME","medium":"IME","large":"IME"}},"post":8491,"source_url":"https:\/\/feuerwehr-vglambrecht.de\/cms\/wp-content\/uploads\/2020\/02\/DSC09917-e1581861120917.jpg"},"einsatz_ort":"Esthal \/ Sportplatz","einsatz_ende":"2020-02-16 13:41","einsatz_beginn":"","_links":{"self":[{"href":"https:\/\/feuerwehr-vglambrecht.de\/cms\/wp-json\/wp\/v2\/einsatz\/8491","targetHints":{"allow":["GET"]}}],"collection":[{"href":"https:\/\/feuerwehr-vglambrecht.de\/cms\/wp-json\/wp\/v2\/einsatz"}],"about":[{"href":"https:\/\/feuerwehr-vglambrecht.de\/cms\/wp-json\/wp\/v2\/types\/einsatz"}],"author":[{"embeddable":true,"href":"https:\/\/feuerwehr-vglambrecht.de\/cms\/wp-json\/wp\/v2\/users\/5"}],"version-history":[{"count":3,"href":"https:\/\/feuerwehr-vglambrecht.de\/cms\/wp-json\/wp\/v2\/einsatz\/8491\/revisions"}],"predecessor-version":[{"id":8495,"href":"https:\/\/feuerwehr-vglambrecht.de\/cms\/wp-json\/wp\/v2\/einsatz\/8491\/revisions\/8495"}],"wp:featuredmedia":[{"embeddable":true,"href":"https:\/\/feuerwehr-vglambrecht.de\/cms\/wp-json\/wp\/v2\/media\/8494"}],"wp:attachment":[{"href":"https:\/\/feuerwehr-vglambrecht.de\/cms\/wp-json\/wp\/v2\/media?parent=8491"}],"wp:term":[{"taxonomy":"category","embeddable":true,"href":"https:\/\/feuerwehr-vglambrecht.de\/cms\/wp-json\/wp\/v2\/categories?post=8491"},{"taxonomy":"post_tag","embeddable":true,"href":"https:\/\/feuerwehr-vglambrecht.de\/cms\/wp-json\/wp\/v2\/tags?post=8491"},{"taxonomy":"einsatzart","embeddable":true,"href":"https:\/\/feuerwehr-vglambrecht.de\/cms\/wp-json\/wp\/v2\/einsatzart?post=8491"},{"taxonomy":"fahrzeug","embeddable":true,"href":"https:\/\/feuerwehr-vglambrecht.de\/cms\/wp-json\/wp\/v2\/fahrzeug?post=8491"},{"taxonomy":"exteinsatzmittel","embeddable":true,"href":"https:\/\/feuerwehr-vglambrecht.de\/cms\/wp-json\/wp\/v2\/exteinsatzmittel?post=8491"},{"taxonomy":"alarmierungsart","embeddable":true,"href":"https:\/\/feuerwehr-vglambrecht.de\/cms\/wp-json\/wp\/v2\/alarmierungsart?post=8491"},{"taxonomy":"evw_unit","embeddable":true,"href":"https:\/\/feuerwehr-vglambrecht.de\/cms\/wp-json\/wp\/v2\/evw_unit?post=8491"}],"curies":[{"name":"wp","href":"https:\/\/api.w.org\/{rel}","templated":true}]}}

Flächenbrand klein / Baum-Heckenbrand (B1.02)

<p><strong>Feuerwehr löscht brennenden Baum</strong></p>
<p>Die Feuerwehren Esthal und Frankeneck wurden am 16. Februar 2020 gegen 13:20 Uhr zu einem Baumbrand in der Nähe vom Sportplatz Esthal alarmiert.<!--more--></p>
<p>Aus bisher ungeklärter Ursache, brannte dort die Rinde einer Kiefer. Mittels Kleinlöschgerät konnte der Brand schnell gelöscht werden. Ein ausbreiten ins Unterholz konnte verhindert werden.</p>

<div class="ngg-galleryoverview" id="ngg-gallery-287-8491">

	<!-- Slideshow link -->
	<div class="slideshowlink">
		<a class="slideshowlink" href="https://feuerwehr-vglambrecht.de/cms/einsatzberichte/flaechenbrand-klein-baum-heckenbrand-b1-02/nggallery/slideshow">
			[Show as slideshow]		</a>
	</div>

	
	<!-- Thumbnails -->
		
	<div id="ngg-image-1726" class="ngg-gallery-thumbnail-box"  >
		<div class="ngg-gallery-thumbnail" >
			<a href="https://feuerwehr-vglambrecht.de/cms/wp-content/gallery/baumbrand-sportplatz-esthal/dsc09915.jpg" title=" " class="shutterset_set_287" >
								<img loading="lazy" decoding="async" title="SONY DSC" alt="SONY DSC" src="https://feuerwehr-vglambrecht.de/cms/wp-content/gallery/baumbrand-sportplatz-esthal/thumbs/thumbs_dsc09915.jpg" width="100" height="75" />
							</a>
		</div>
	</div>
	
		
 		
	<div id="ngg-image-1727" class="ngg-gallery-thumbnail-box"  >
		<div class="ngg-gallery-thumbnail" >
			<a href="https://feuerwehr-vglambrecht.de/cms/wp-content/gallery/baumbrand-sportplatz-esthal/dsc09916.jpg" title=" " class="shutterset_set_287" >
								<img loading="lazy" decoding="async" title="SONY DSC" alt="SONY DSC" src="https://feuerwehr-vglambrecht.de/cms/wp-content/gallery/baumbrand-sportplatz-esthal/thumbs/thumbs_dsc09916.jpg" width="100" height="75" />
							</a>
		</div>
	</div>
	
		
 		
	<div id="ngg-image-1728" class="ngg-gallery-thumbnail-box"  >
		<div class="ngg-gallery-thumbnail" >
			<a href="https://feuerwehr-vglambrecht.de/cms/wp-content/gallery/baumbrand-sportplatz-esthal/dsc09917.jpg" title=" " class="shutterset_set_287" >
								<img loading="lazy" decoding="async" title="SONY DSC" alt="SONY DSC" src="https://feuerwehr-vglambrecht.de/cms/wp-content/gallery/baumbrand-sportplatz-esthal/thumbs/thumbs_dsc09917.jpg" width="100" height="75" />
							</a>
		</div>
	</div>
	
		
 	 	
	<!-- Pagination -->
 	<div class='ngg-clear'></div>
 	
</div>
