{"id":8360,"date":"2019-12-14T11:34:00","date_gmt":"2019-12-14T10:34:00","guid":{"rendered":"https:\/\/feuerwehr-vglambrecht.de\/cms\/?post_type=einsatz&#038;p=8360"},"modified":"2020-01-02T22:56:28","modified_gmt":"2020-01-02T21:56:28","slug":"brandnachschau-b1-04-8","status":"publish","type":"einsatz","link":"https:\/\/feuerwehr-vglambrecht.de\/cms\/einsatzberichte\/brandnachschau-b1-04-8\/","title":{"rendered":"Brandnachschau (B1.04)"},"content":{"rendered":"<p>Die Feuerwehren Weidenthal und Neidenfels wurden am 14.12.2019 zu einer Brandnachschau in die Wei\u00dfenbachstra\u00dfe in Weidenthal alarmiert. Dort war es zu einem Schwellbrand eine Matratze gekommen. Zum Zeitpunkt des Brandes befand sich noch eine Person im Bett. Da der Brand fr\u00fchzeitig von Angeh\u00f6rigen entdeckt wurde, konnte die Person gerettet werden. Diese wurde leichtverletzt vom Rettungsdienst in Krankenhaus verbracht. Bis zum Eintreffen der Feuerwehr wurde der Brand bereits durch Angeh\u00f6rge und Nachbarn gel\u00f6scht. Die Feuerwehr kontrollierte das Brandzimmer mithilfe einer W\u00e4rmebildkamera und l\u00fcftete das Geb\u00e4ude.<\/p>\n","protected":false},"author":1,"featured_media":0,"template":"","meta":{"einsatz_weight":1,"footnotes":""},"categories":[],"tags":[],"einsatzart":[7],"fahrzeug":[59,63],"exteinsatzmittel":[68,21,31],"alarmierungsart":[10],"evw_unit":[],"class_list":["post-8360","einsatz","type-einsatz","status-publish","hentry","einsatzart-brand","fahrzeug-neidenfels-47","fahrzeug-weidenthal-73","exteinsatzmittel-fw_nei","exteinsatzmittel-fw_wei","exteinsatzmittel-drk","alarmierungsart-dme-digitaler-meldeempfaenger"],"better_featured_image":null,"einsatz_ort":"","einsatz_ende":"2019-12-14 12:50","einsatz_beginn":"","_links":{"self":[{"href":"https:\/\/feuerwehr-vglambrecht.de\/cms\/wp-json\/wp\/v2\/einsatz\/8360","targetHints":{"allow":["GET"]}}],"collection":[{"href":"https:\/\/feuerwehr-vglambrecht.de\/cms\/wp-json\/wp\/v2\/einsatz"}],"about":[{"href":"https:\/\/feuerwehr-vglambrecht.de\/cms\/wp-json\/wp\/v2\/types\/einsatz"}],"author":[{"embeddable":true,"href":"https:\/\/feuerwehr-vglambrecht.de\/cms\/wp-json\/wp\/v2\/users\/1"}],"version-history":[{"count":1,"href":"https:\/\/feuerwehr-vglambrecht.de\/cms\/wp-json\/wp\/v2\/einsatz\/8360\/revisions"}],"predecessor-version":[{"id":8361,"href":"https:\/\/feuerwehr-vglambrecht.de\/cms\/wp-json\/wp\/v2\/einsatz\/8360\/revisions\/8361"}],"wp:attachment":[{"href":"https:\/\/feuerwehr-vglambrecht.de\/cms\/wp-json\/wp\/v2\/media?parent=8360"}],"wp:term":[{"taxonomy":"category","embeddable":true,"href":"https:\/\/feuerwehr-vglambrecht.de\/cms\/wp-json\/wp\/v2\/categories?post=8360"},{"taxonomy":"post_tag","embeddable":true,"href":"https:\/\/feuerwehr-vglambrecht.de\/cms\/wp-json\/wp\/v2\/tags?post=8360"},{"taxonomy":"einsatzart","embeddable":true,"href":"https:\/\/feuerwehr-vglambrecht.de\/cms\/wp-json\/wp\/v2\/einsatzart?post=8360"},{"taxonomy":"fahrzeug","embeddable":true,"href":"https:\/\/feuerwehr-vglambrecht.de\/cms\/wp-json\/wp\/v2\/fahrzeug?post=8360"},{"taxonomy":"exteinsatzmittel","embeddable":true,"href":"https:\/\/feuerwehr-vglambrecht.de\/cms\/wp-json\/wp\/v2\/exteinsatzmittel?post=8360"},{"taxonomy":"alarmierungsart","embeddable":true,"href":"https:\/\/feuerwehr-vglambrecht.de\/cms\/wp-json\/wp\/v2\/alarmierungsart?post=8360"},{"taxonomy":"evw_unit","embeddable":true,"href":"https:\/\/feuerwehr-vglambrecht.de\/cms\/wp-json\/wp\/v2\/evw_unit?post=8360"}],"curies":[{"name":"wp","href":"https:\/\/api.w.org\/{rel}","templated":true}]}}

<p>Die Feuerwehren Weidenthal und Neidenfels wurden am 14.12.2019 zu einer Brandnachschau in die Weißenbachstraße in Weidenthal alarmiert. Dort war es zu einem Schwellbrand eine Matratze gekommen. Zum Zeitpunkt des Brandes befand sich noch eine Person im Bett. Da der Brand frühzeitig von Angehörigen entdeckt wurde, konnte die Person gerettet werden. Diese wurde leichtverletzt vom Rettungsdienst in Krankenhaus verbracht. Bis zum Eintreffen der Feuerwehr wurde der Brand bereits durch Angehörge und Nachbarn gelöscht. Die Feuerwehr kontrollierte das Brandzimmer mithilfe einer Wärmebildkamera und lüftete das Gebäude.</p>
