{"id":8032,"date":"2019-08-18T13:30:00","date_gmt":"2019-08-18T11:30:00","guid":{"rendered":"https:\/\/feuerwehr-vglambrecht.de\/cms\/?post_type=einsatz&#038;p=8032"},"modified":"2019-08-26T12:50:11","modified_gmt":"2019-08-26T10:50:11","slug":"hilfeleistung-verkehrssicherung-h1","status":"publish","type":"einsatz","link":"https:\/\/feuerwehr-vglambrecht.de\/cms\/einsatzberichte\/hilfeleistung-verkehrssicherung-h1\/","title":{"rendered":"Hilfeleistung Verkehrssicherung (H1)"},"content":{"rendered":"<p>Die Feuerwehr Esthal wurde im Rahmen einer \u00d6ffentlichen Gro\u00dfveranstaltung der Ortsgemeinde Esthal zur Verkehrssicherung angefordert. W\u00e4hrend der Veranstaltung wurden die betroffenen Verkehrsfl\u00e4chen gegen den flie\u00dfenden Verkehr gesichert.<\/p>\n","protected":false},"author":5,"featured_media":0,"template":"","meta":{"einsatz_weight":1,"footnotes":""},"categories":[1],"tags":[138,190],"einsatzart":[33],"fahrzeug":[350,307],"exteinsatzmittel":[12],"alarmierungsart":[65],"evw_unit":[],"class_list":["post-8032","einsatz","type-einsatz","status-publish","hentry","category-allgemein","tag-esthal","tag-technische-hilfe","einsatzart-th","fahrzeug-esthal-19-2","fahrzeug-307","exteinsatzmittel-fw_est","alarmierungsart-telefon"],"better_featured_image":null,"einsatz_ort":"Ortsgemeinde Esthal","einsatz_ende":"2019-08-18 15:30","einsatz_beginn":"","_links":{"self":[{"href":"https:\/\/feuerwehr-vglambrecht.de\/cms\/wp-json\/wp\/v2\/einsatz\/8032","targetHints":{"allow":["GET"]}}],"collection":[{"href":"https:\/\/feuerwehr-vglambrecht.de\/cms\/wp-json\/wp\/v2\/einsatz"}],"about":[{"href":"https:\/\/feuerwehr-vglambrecht.de\/cms\/wp-json\/wp\/v2\/types\/einsatz"}],"author":[{"embeddable":true,"href":"https:\/\/feuerwehr-vglambrecht.de\/cms\/wp-json\/wp\/v2\/users\/5"}],"version-history":[{"count":1,"href":"https:\/\/feuerwehr-vglambrecht.de\/cms\/wp-json\/wp\/v2\/einsatz\/8032\/revisions"}],"predecessor-version":[{"id":8033,"href":"https:\/\/feuerwehr-vglambrecht.de\/cms\/wp-json\/wp\/v2\/einsatz\/8032\/revisions\/8033"}],"wp:attachment":[{"href":"https:\/\/feuerwehr-vglambrecht.de\/cms\/wp-json\/wp\/v2\/media?parent=8032"}],"wp:term":[{"taxonomy":"category","embeddable":true,"href":"https:\/\/feuerwehr-vglambrecht.de\/cms\/wp-json\/wp\/v2\/categories?post=8032"},{"taxonomy":"post_tag","embeddable":true,"href":"https:\/\/feuerwehr-vglambrecht.de\/cms\/wp-json\/wp\/v2\/tags?post=8032"},{"taxonomy":"einsatzart","embeddable":true,"href":"https:\/\/feuerwehr-vglambrecht.de\/cms\/wp-json\/wp\/v2\/einsatzart?post=8032"},{"taxonomy":"fahrzeug","embeddable":true,"href":"https:\/\/feuerwehr-vglambrecht.de\/cms\/wp-json\/wp\/v2\/fahrzeug?post=8032"},{"taxonomy":"exteinsatzmittel","embeddable":true,"href":"https:\/\/feuerwehr-vglambrecht.de\/cms\/wp-json\/wp\/v2\/exteinsatzmittel?post=8032"},{"taxonomy":"alarmierungsart","embeddable":true,"href":"https:\/\/feuerwehr-vglambrecht.de\/cms\/wp-json\/wp\/v2\/alarmierungsart?post=8032"},{"taxonomy":"evw_unit","embeddable":true,"href":"https:\/\/feuerwehr-vglambrecht.de\/cms\/wp-json\/wp\/v2\/evw_unit?post=8032"}],"curies":[{"name":"wp","href":"https:\/\/api.w.org\/{rel}","templated":true}]}}

<p>Die Feuerwehr Esthal wurde im Rahmen einer Öffentlichen Großveranstaltung der Ortsgemeinde Esthal zur Verkehrssicherung angefordert. Während der Veranstaltung wurden die betroffenen Verkehrsflächen gegen den fließenden Verkehr gesichert.</p>
