{"id":7853,"date":"2019-06-27T09:00:00","date_gmt":"2019-06-27T07:00:00","guid":{"rendered":"https:\/\/feuerwehr-vglambrecht.de\/cms\/?post_type=einsatz&#038;p=7853"},"modified":"2019-08-02T15:17:12","modified_gmt":"2019-08-02T13:17:12","slug":"brandschutzerziehung-4","status":"publish","type":"einsatz","link":"https:\/\/feuerwehr-vglambrecht.de\/cms\/einsatzberichte\/brandschutzerziehung-4\/","title":{"rendered":"Brandschutzerziehung"},"content":{"rendered":"<div>\n<div>Brandschutzerziehung im St\u00e4dtischen Kindergarten &#8222;Rappelkiste&#8220;<\/div>\n<div>\n<p><!--more--><\/p>\n<\/div>\n<div>Die Feuerwehrfrau Nina Hubrich erarbeitete\u00a0mit den Vorschulkindern der St\u00e4dt. Kita &#8222;Rappelkiste&#8220; das Projekt &#8222;Brandschutzerziehung&#8220;.<\/div>\n<div><\/div>\n<div>Sehr liebevoll und kindgem\u00e4\u00df wurden die &#8222;Gro\u00dfen&#8220; der Einrichtung an das Thema herangef\u00fchrt. Spielerisch erlernten sie, wie Sie sich im Falle eines Brandes zu verhalten haben und wie man einen Notruf richtig absetzt. Ein besonderes Erlebnis war der Besuch der Feuerwache in Lambrecht. Erst wurden alle mit k\u00fchlen Getr\u00e4nken versorgt, dann wurde die Ausr\u00fcstung des Feuerwehrmanns von Florian Liedy vorgef\u00fchrt. Nat\u00fcrlich durfte die Besichtigung der Feuerwehrfahrzeuge nicht fehlen\u00a0\u00a0und zum Abschlu\u00df erhielt jedes Kind eine Urkunde, die die Teilnahme an der Brandschutzerziehung best\u00e4tigte. Ein gro\u00dfes Dank an die Feuerwehr Lambrecht f\u00fcr diese sehr informative Gestaltung des Projektes.<\/div>\n<\/div>\n<div><\/div>\n<div><\/div>\n<div>Text: Leiterin St\u00e4dt. Kita &#8222;Rappelkiste&#8220;<\/div>\n<div>Foto: Leiterin St\u00e4dt. Kita &#8222;Rappelkiste&#8220;<\/div>\n<div><\/div>\n<div>\n<div class=\"ngg-galleryoverview\" id=\"ngg-gallery-264-7853\">\n\n\t<!-- Slideshow link -->\n\t<div class=\"slideshowlink\">\n\t\t<a class=\"slideshowlink\" href=\"https:\/\/feuerwehr-vglambrecht.de\/cms\/einsatzberichte\/brandschutzerziehung-4\/nggallery\/slideshow\">\n\t\t\t[Show as slideshow]\t\t<\/a>\n\t<\/div>\n\n\t\n\t<!-- Thumbnails -->\n\t\t\n\t<div id=\"ngg-image-1632\" class=\"ngg-gallery-thumbnail-box\"  >\n\t\t<div class=\"ngg-gallery-thumbnail\" >\n\t\t\t<a href=\"https:\/\/feuerwehr-vglambrecht.de\/cms\/wp-content\/gallery\/brandschutzerziehung\/20190627_144429.jpg\" title=\" \" class=\"shutterset_set_264\" >\n\t\t\t\t\t\t\t\t<img loading=\"lazy\" decoding=\"async\" title=\"20190627_144429\" alt=\"20190627_144429\" src=\"https:\/\/feuerwehr-vglambrecht.de\/cms\/wp-content\/gallery\/brandschutzerziehung\/thumbs\/thumbs_20190627_144429.jpg\" width=\"100\" height=\"75\" \/>\n\t\t\t\t\t\t\t<\/a>\n\t\t<\/div>\n\t<\/div>\n\t\n\t\t\n \t\t\n\t<div id=\"ngg-image-1633\" class=\"ngg-gallery-thumbnail-box\"  >\n\t\t<div class=\"ngg-gallery-thumbnail\" >\n\t\t\t<a href=\"https:\/\/feuerwehr-vglambrecht.de\/cms\/wp-content\/gallery\/brandschutzerziehung\/20190627_184830.jpg\" title=\" \" class=\"shutterset_set_264\" >\n\t\t\t\t\t\t\t\t<img loading=\"lazy\" decoding=\"async\" title=\"20190627_184830\" alt=\"20190627_184830\" src=\"https:\/\/feuerwehr-vglambrecht.de\/cms\/wp-content\/gallery\/brandschutzerziehung\/thumbs\/thumbs_20190627_184830.jpg\" width=\"100\" height=\"75\" \/>\n\t\t\t\t\t\t\t<\/a>\n\t\t<\/div>\n\t<\/div>\n\t\n\t\t\n \t \t\n\t<!-- Pagination -->\n \t<div class='ngg-clear'><\/div>\n \t\n<\/div>\n\n<\/div>\n","protected":false},"author":1,"featured_media":7857,"template":"","meta":{"einsatz_weight":1,"footnotes":""},"categories":[71],"tags":[401,402],"einsatzart":[32],"fahrzeug":[53],"exteinsatzmittel":[18],"alarmierungsart":[],"evw_unit":[],"class_list":["post-7853","einsatz","type-einsatz","status-publish","has-post-thumbnail","hentry","category-fw_lambrecht","tag-brandschutzerziehung","tag-zukunft","einsatzart-sbt","fahrzeug-lambrecht-33","exteinsatzmittel-fw_lam"],"better_featured_image":{"id":7857,"alt_text":"","caption":"","description":"","media_type":"image","media_details":{"width":2560,"height":1339,"file":"2019\/06\/20190627_184830-scaled.jpg","filesize":613700,"sizes":{"medium_large":{"file":"20190627_184830-768x402.jpg","width":768,"height":402,"mime-type":"image\/jpeg","filesize":86947,"source_url":"https:\/\/feuerwehr-vglambrecht.de\/cms\/wp-content\/uploads\/2019\/06\/20190627_184830-768x402.jpg"},"1536x1536":{"file":"20190627_184830-1536x803.jpg","width":1536,"height":803,"mime-type":"image\/jpeg","filesize":270615,"source_url":"https:\/\/feuerwehr-vglambrecht.de\/cms\/wp-content\/uploads\/2019\/06\/20190627_184830-1536x803.jpg"},"2048x2048":{"file":"20190627_184830-2048x1071.jpg","width":2048,"height":1071,"mime-type":"image\/jpeg","filesize":428179,"source_url":"https:\/\/feuerwehr-vglambrecht.de\/cms\/wp-content\/uploads\/2019\/06\/20190627_184830-2048x1071.jpg"},"wptouch-new-thumbnail":{"file":"20190627_184830-144x144.jpg","width":144,"height":144,"mime-type":"image\/jpeg","filesize":9548,"source_url":"https:\/\/feuerwehr-vglambrecht.de\/cms\/wp-content\/uploads\/2019\/06\/20190627_184830-144x144.jpg"},"landing_image":{"file":"20190627_184830-1024x460.jpg","width":1024,"height":460,"mime-type":"image\/jpeg","filesize":118962,"source_url":"https:\/\/feuerwehr-vglambrecht.de\/cms\/wp-content\/uploads\/2019\/06\/20190627_184830-1024x460.jpg"},"foundation-featured-image":{"file":"20190627_184830-900x471.jpg","width":900,"height":471,"mime-type":"image\/jpeg","filesize":112783,"source_url":"https:\/\/feuerwehr-vglambrecht.de\/cms\/wp-content\/uploads\/2019\/06\/20190627_184830-900x471.jpg"},"thumbnail":{"file":"20190627_184830-150x150.jpg","width":150,"height":150,"source_url":"https:\/\/feuerwehr-vglambrecht.de\/cms\/wp-content\/uploads\/2019\/06\/20190627_184830-150x150.jpg"},"medium":{"file":"20190627_184830-300x157.jpg","width":300,"height":157,"source_url":"https:\/\/feuerwehr-vglambrecht.de\/cms\/wp-content\/uploads\/2019\/06\/20190627_184830-300x157.jpg"},"large":{"file":"20190627_184830-1024x536.jpg","width":1024,"height":536,"source_url":"https:\/\/feuerwehr-vglambrecht.de\/cms\/wp-content\/uploads\/2019\/06\/20190627_184830-1024x536.jpg"}},"image_meta":{"aperture":"1.7","credit":"","camera":"SM-A600FN","caption":"","created_timestamp":"1561648051","copyright":"","focal_length":"3.93","iso":"40","shutter_speed":"0.00065316786414108","title":"","orientation":"0","keywords":[]},"original_image":"20190627_184830.jpg","image-converter":{"thumbnail":"IME","medium":"IME","large":"IME"}},"post":7853,"source_url":"https:\/\/feuerwehr-vglambrecht.de\/cms\/wp-content\/uploads\/2019\/06\/20190627_184830-scaled.jpg"},"einsatz_ort":"Hauptstra\u00dfe, Lambrecht","einsatz_ende":"2019-06-27 15:00","einsatz_beginn":"","_links":{"self":[{"href":"https:\/\/feuerwehr-vglambrecht.de\/cms\/wp-json\/wp\/v2\/einsatz\/7853","targetHints":{"allow":["GET"]}}],"collection":[{"href":"https:\/\/feuerwehr-vglambrecht.de\/cms\/wp-json\/wp\/v2\/einsatz"}],"about":[{"href":"https:\/\/feuerwehr-vglambrecht.de\/cms\/wp-json\/wp\/v2\/types\/einsatz"}],"author":[{"embeddable":true,"href":"https:\/\/feuerwehr-vglambrecht.de\/cms\/wp-json\/wp\/v2\/users\/1"}],"version-history":[{"count":7,"href":"https:\/\/feuerwehr-vglambrecht.de\/cms\/wp-json\/wp\/v2\/einsatz\/7853\/revisions"}],"predecessor-version":[{"id":7865,"href":"https:\/\/feuerwehr-vglambrecht.de\/cms\/wp-json\/wp\/v2\/einsatz\/7853\/revisions\/7865"}],"wp:featuredmedia":[{"embeddable":true,"href":"https:\/\/feuerwehr-vglambrecht.de\/cms\/wp-json\/wp\/v2\/media\/7857"}],"wp:attachment":[{"href":"https:\/\/feuerwehr-vglambrecht.de\/cms\/wp-json\/wp\/v2\/media?parent=7853"}],"wp:term":[{"taxonomy":"category","embeddable":true,"href":"https:\/\/feuerwehr-vglambrecht.de\/cms\/wp-json\/wp\/v2\/categories?post=7853"},{"taxonomy":"post_tag","embeddable":true,"href":"https:\/\/feuerwehr-vglambrecht.de\/cms\/wp-json\/wp\/v2\/tags?post=7853"},{"taxonomy":"einsatzart","embeddable":true,"href":"https:\/\/feuerwehr-vglambrecht.de\/cms\/wp-json\/wp\/v2\/einsatzart?post=7853"},{"taxonomy":"fahrzeug","embeddable":true,"href":"https:\/\/feuerwehr-vglambrecht.de\/cms\/wp-json\/wp\/v2\/fahrzeug?post=7853"},{"taxonomy":"exteinsatzmittel","embeddable":true,"href":"https:\/\/feuerwehr-vglambrecht.de\/cms\/wp-json\/wp\/v2\/exteinsatzmittel?post=7853"},{"taxonomy":"alarmierungsart","embeddable":true,"href":"https:\/\/feuerwehr-vglambrecht.de\/cms\/wp-json\/wp\/v2\/alarmierungsart?post=7853"},{"taxonomy":"evw_unit","embeddable":true,"href":"https:\/\/feuerwehr-vglambrecht.de\/cms\/wp-json\/wp\/v2\/evw_unit?post=7853"}],"curies":[{"name":"wp","href":"https:\/\/api.w.org\/{rel}","templated":true}]}}

<div>
<div>Brandschutzerziehung im Städtischen Kindergarten &#8222;Rappelkiste&#8220;</div>
<div>
<p><!--more--></p>
</div>
<div>Die Feuerwehrfrau Nina Hubrich erarbeitete mit den Vorschulkindern der Städt. Kita &#8222;Rappelkiste&#8220; das Projekt &#8222;Brandschutzerziehung&#8220;.</div>
<div></div>
<div>Sehr liebevoll und kindgemäß wurden die &#8222;Großen&#8220; der Einrichtung an das Thema herangeführt. Spielerisch erlernten sie, wie Sie sich im Falle eines Brandes zu verhalten haben und wie man einen Notruf richtig absetzt. Ein besonderes Erlebnis war der Besuch der Feuerwache in Lambrecht. Erst wurden alle mit kühlen Getränken versorgt, dann wurde die Ausrüstung des Feuerwehrmanns von Florian Liedy vorgeführt. Natürlich durfte die Besichtigung der Feuerwehrfahrzeuge nicht fehlen  und zum Abschluß erhielt jedes Kind eine Urkunde, die die Teilnahme an der Brandschutzerziehung bestätigte. Ein großes Dank an die Feuerwehr Lambrecht für diese sehr informative Gestaltung des Projektes.</div>
</div>
<div></div>
<div></div>
<div>Text: Leiterin Städt. Kita &#8222;Rappelkiste&#8220;</div>
<div>Foto: Leiterin Städt. Kita &#8222;Rappelkiste&#8220;</div>
<div></div>
<div>
<div class="ngg-galleryoverview" id="ngg-gallery-264-7853">

	<!-- Slideshow link -->
	<div class="slideshowlink">
		<a class="slideshowlink" href="https://feuerwehr-vglambrecht.de/cms/einsatzberichte/brandschutzerziehung-4/nggallery/slideshow">
			[Show as slideshow]		</a>
	</div>

	
	<!-- Thumbnails -->
		
	<div id="ngg-image-1632" class="ngg-gallery-thumbnail-box"  >
		<div class="ngg-gallery-thumbnail" >
			<a href="https://feuerwehr-vglambrecht.de/cms/wp-content/gallery/brandschutzerziehung/20190627_144429.jpg" title=" " class="shutterset_set_264" >
								<img loading="lazy" decoding="async" title="20190627_144429" alt="20190627_144429" src="https://feuerwehr-vglambrecht.de/cms/wp-content/gallery/brandschutzerziehung/thumbs/thumbs_20190627_144429.jpg" width="100" height="75" />
							</a>
		</div>
	</div>
	
		
 		
	<div id="ngg-image-1633" class="ngg-gallery-thumbnail-box"  >
		<div class="ngg-gallery-thumbnail" >
			<a href="https://feuerwehr-vglambrecht.de/cms/wp-content/gallery/brandschutzerziehung/20190627_184830.jpg" title=" " class="shutterset_set_264" >
								<img loading="lazy" decoding="async" title="20190627_184830" alt="20190627_184830" src="https://feuerwehr-vglambrecht.de/cms/wp-content/gallery/brandschutzerziehung/thumbs/thumbs_20190627_184830.jpg" width="100" height="75" />
							</a>
		</div>
	</div>
	
		
 	 	
	<!-- Pagination -->
 	<div class='ngg-clear'></div>
 	
</div>

</div>

Hauptstraße, Lambrecht
