{"id":7830,"date":"2019-06-21T08:45:00","date_gmt":"2019-06-21T06:45:00","guid":{"rendered":"https:\/\/feuerwehr-vglambrecht.de\/cms\/?post_type=einsatz&#038;p=7830"},"modified":"2019-06-21T20:29:44","modified_gmt":"2019-06-21T18:29:44","slug":"brandnachschau-b1-04-7","status":"publish","type":"einsatz","link":"https:\/\/feuerwehr-vglambrecht.de\/cms\/einsatzberichte\/brandnachschau-b1-04-7\/","title":{"rendered":"Brandnachschau (B1.04)"},"content":{"rendered":"<p>Die Feuerwehr Weidenthal wurde am 21.06.2019 um 08:45 Uhr zu einer Brandnachschau in die Hauptstra\u00dfe an der ehemaligen Gasthof Birkenhof alarmiert. Kleinere Glutnester wurden durch die Einsatzkr\u00e4fte abgel\u00f6scht.<\/p>\n<p>&nbsp;<\/p>\n","protected":false},"author":2,"featured_media":7823,"template":"","meta":{"einsatz_weight":1,"footnotes":""},"categories":[],"tags":[212,136],"einsatzart":[7],"fahrzeug":[62],"exteinsatzmittel":[21,299],"alarmierungsart":[10],"evw_unit":[],"class_list":["post-7830","einsatz","type-einsatz","status-publish","has-post-thumbnail","hentry","tag-brandnachschau","tag-weidenthal","einsatzart-brand","fahrzeug-weidenthal-42","exteinsatzmittel-fw_wei","exteinsatzmittel-fez-neustadt","alarmierungsart-dme-digitaler-meldeempfaenger"],"better_featured_image":{"id":7823,"alt_text":"","caption":"","description":"","media_type":"image","media_details":{"width":2560,"height":1043,"file":"2019\/06\/20190620_223933-e1561126995803-scaled.jpg","filesize":387437,"sizes":{"medium_large":{"file":"20190620_223933-e1561126995803-768x313.jpg","width":768,"height":313,"mime-type":"image\/jpeg","filesize":89178,"source_url":"https:\/\/feuerwehr-vglambrecht.de\/cms\/wp-content\/uploads\/2019\/06\/20190620_223933-e1561126995803-768x313.jpg"},"1536x1536":{"file":"20190620_223933-e1561126995803-1536x626.jpg","width":1536,"height":626,"mime-type":"image\/jpeg","filesize":178284,"source_url":"https:\/\/feuerwehr-vglambrecht.de\/cms\/wp-content\/uploads\/2019\/06\/20190620_223933-e1561126995803-1536x626.jpg"},"2048x2048":{"file":"20190620_223933-e1561126995803-2048x835.jpg","width":2048,"height":835,"mime-type":"image\/jpeg","filesize":272340,"source_url":"https:\/\/feuerwehr-vglambrecht.de\/cms\/wp-content\/uploads\/2019\/06\/20190620_223933-e1561126995803-2048x835.jpg"},"wptouch-new-thumbnail":{"file":"20190620_223933-e1561126995803-144x144.jpg","width":144,"height":144,"mime-type":"image\/jpeg","filesize":59418,"source_url":"https:\/\/feuerwehr-vglambrecht.de\/cms\/wp-content\/uploads\/2019\/06\/20190620_223933-e1561126995803-144x144.jpg"},"landing_image":{"file":"20190620_223933-e1561126995803-1024x460.jpg","width":1024,"height":460,"mime-type":"image\/jpeg","filesize":118326,"source_url":"https:\/\/feuerwehr-vglambrecht.de\/cms\/wp-content\/uploads\/2019\/06\/20190620_223933-e1561126995803-1024x460.jpg"},"foundation-featured-image":{"file":"20190620_223933-e1561126995803-900x367.jpg","width":900,"height":367,"mime-type":"image\/jpeg","filesize":99863,"source_url":"https:\/\/feuerwehr-vglambrecht.de\/cms\/wp-content\/uploads\/2019\/06\/20190620_223933-e1561126995803-900x367.jpg"},"thumbnail":{"file":"20190620_223933-e1561126995803-150x150.jpg","width":150,"height":150,"source_url":"https:\/\/feuerwehr-vglambrecht.de\/cms\/wp-content\/uploads\/2019\/06\/20190620_223933-e1561126995803-150x150.jpg"},"medium":{"file":"20190620_223933-e1561126995803-300x122.jpg","width":300,"height":122,"source_url":"https:\/\/feuerwehr-vglambrecht.de\/cms\/wp-content\/uploads\/2019\/06\/20190620_223933-e1561126995803-300x122.jpg"},"large":{"file":"20190620_223933-e1561126995803-1024x417.jpg","width":1024,"height":417,"source_url":"https:\/\/feuerwehr-vglambrecht.de\/cms\/wp-content\/uploads\/2019\/06\/20190620_223933-e1561126995803-1024x417.jpg"}},"image_meta":{"aperture":"2.4","credit":"","camera":"SM-G973F","caption":"","created_timestamp":"1561070372","copyright":"","focal_length":"6","iso":"200","shutter_speed":"0.03030303030303","title":"","orientation":"1","keywords":[]},"original_image":"20190620_223933-e1561126995803.jpg","image-converter":{"thumbnail":"IME","medium":"IME","large":"IME"}},"post":7821,"source_url":"https:\/\/feuerwehr-vglambrecht.de\/cms\/wp-content\/uploads\/2019\/06\/20190620_223933-e1561126995803-scaled.jpg"},"einsatz_ort":"Weidenthal","einsatz_ende":"2019-06-21 11:50","einsatz_beginn":"","_links":{"self":[{"href":"https:\/\/feuerwehr-vglambrecht.de\/cms\/wp-json\/wp\/v2\/einsatz\/7830","targetHints":{"allow":["GET"]}}],"collection":[{"href":"https:\/\/feuerwehr-vglambrecht.de\/cms\/wp-json\/wp\/v2\/einsatz"}],"about":[{"href":"https:\/\/feuerwehr-vglambrecht.de\/cms\/wp-json\/wp\/v2\/types\/einsatz"}],"author":[{"embeddable":true,"href":"https:\/\/feuerwehr-vglambrecht.de\/cms\/wp-json\/wp\/v2\/users\/2"}],"version-history":[{"count":1,"href":"https:\/\/feuerwehr-vglambrecht.de\/cms\/wp-json\/wp\/v2\/einsatz\/7830\/revisions"}],"predecessor-version":[{"id":7831,"href":"https:\/\/feuerwehr-vglambrecht.de\/cms\/wp-json\/wp\/v2\/einsatz\/7830\/revisions\/7831"}],"wp:featuredmedia":[{"embeddable":true,"href":"https:\/\/feuerwehr-vglambrecht.de\/cms\/wp-json\/wp\/v2\/media\/7823"}],"wp:attachment":[{"href":"https:\/\/feuerwehr-vglambrecht.de\/cms\/wp-json\/wp\/v2\/media?parent=7830"}],"wp:term":[{"taxonomy":"category","embeddable":true,"href":"https:\/\/feuerwehr-vglambrecht.de\/cms\/wp-json\/wp\/v2\/categories?post=7830"},{"taxonomy":"post_tag","embeddable":true,"href":"https:\/\/feuerwehr-vglambrecht.de\/cms\/wp-json\/wp\/v2\/tags?post=7830"},{"taxonomy":"einsatzart","embeddable":true,"href":"https:\/\/feuerwehr-vglambrecht.de\/cms\/wp-json\/wp\/v2\/einsatzart?post=7830"},{"taxonomy":"fahrzeug","embeddable":true,"href":"https:\/\/feuerwehr-vglambrecht.de\/cms\/wp-json\/wp\/v2\/fahrzeug?post=7830"},{"taxonomy":"exteinsatzmittel","embeddable":true,"href":"https:\/\/feuerwehr-vglambrecht.de\/cms\/wp-json\/wp\/v2\/exteinsatzmittel?post=7830"},{"taxonomy":"alarmierungsart","embeddable":true,"href":"https:\/\/feuerwehr-vglambrecht.de\/cms\/wp-json\/wp\/v2\/alarmierungsart?post=7830"},{"taxonomy":"evw_unit","embeddable":true,"href":"https:\/\/feuerwehr-vglambrecht.de\/cms\/wp-json\/wp\/v2\/evw_unit?post=7830"}],"curies":[{"name":"wp","href":"https:\/\/api.w.org\/{rel}","templated":true}]}}

<p>Die Feuerwehr Weidenthal wurde am 21.06.2019 um 08:45 Uhr zu einer Brandnachschau in die Hauptstraße an der ehemaligen Gasthof Birkenhof alarmiert. Kleinere Glutnester wurden durch die Einsatzkräfte abgelöscht.</p>
<p>&nbsp;</p>
