{"id":7617,"date":"2019-05-20T19:01:00","date_gmt":"2019-05-20T17:01:00","guid":{"rendered":"https:\/\/feuerwehr-vglambrecht.de\/cms\/?post_type=einsatz&#038;p=7617"},"modified":"2019-05-21T08:23:29","modified_gmt":"2019-05-21T06:23:29","slug":"gebaeudebrand-b3-01-3","status":"publish","type":"einsatz","link":"https:\/\/feuerwehr-vglambrecht.de\/cms\/einsatzberichte\/gebaeudebrand-b3-01-3\/","title":{"rendered":"Geb\u00e4udebrand (B3.01)"},"content":{"rendered":"<p>Die Feuerwehren Frankeneck, Neidenfels, Lindenberg und Lambrecht wurden am 20.05.2019 um 19:01 Uhr in die Hauptstra\u00dfe in Lambrecht zu einem Geb\u00e4udebrand alarmiert.<!--more--><\/p>\n<p>Vor Ort\u00a0konnte bereits das akustische Signal eines Rauchmelders wahrgenommen werden. Die Feuerwehr verschaffte sich Zugang in die betroffene Erdgeschosswohnung in dem Mehrfamilienhaus und konnte darin angebranntes Essen auf einem Elektro-Tischgrill vorfinden, welches umgehend aus dem Geb\u00e4ude geschafft wurde. Au\u00dferdem befand sich noch eine Person in den oberen Stockwerken des Hauses, welche ebenfalls von der Feuerwehr aus dem verrauchten Geb\u00e4ude gebracht wurde. Alle anderen Bewohner des Hauses konnten durch das schnelle und beherzte Eingreifen der Nachbarn gewarnt werden und selbstst\u00e4ndig das Geb\u00e4ude verlassen, so auch der schlafende Mieter der betroffenen Wohnung. Anschlie\u00dfend wurden noch Bel\u00fcftungsma\u00dfnahmen durchgef\u00fchrt um den Rauch aus der Wohnung zu bekommen. Verletzt wurde hierbei niemand. Durch den Einsatz war die Hauptstra\u00dfe f\u00fcr ca. 20 min. nur teilweise befahrbar. Die Einsatzstelle wurde anschlie\u00dfend der Polizei \u00fcbergeben.<\/p>\n","protected":false},"author":17,"featured_media":0,"template":"","meta":{"einsatz_weight":1,"footnotes":""},"categories":[],"tags":[],"einsatzart":[7],"fahrzeug":[44,45,49,51,54,58,57,59],"exteinsatzmittel":[13,18,19,68,321,187,30,37,31,35],"alarmierungsart":[10],"evw_unit":[],"class_list":["post-7617","einsatz","type-einsatz","status-publish","hentry","einsatzart-brand","fahrzeug-frankeneck-40","fahrzeug-frankeneck-73","fahrzeug-lambrecht-11","fahrzeug-lambrecht-241","fahrzeug-lambrecht-44","fahrzeug-lindenberg-19","fahrzeug-lindenberg-47","fahrzeug-neidenfels-47","exteinsatzmittel-fw_fra","exteinsatzmittel-fw_lam","exteinsatzmittel-fw_lin","exteinsatzmittel-fw_nei","exteinsatzmittel-fez-lambrecht","exteinsatzmittel-notarzt","exteinsatzmittel-pol","exteinsatzmittel-fw_pre","exteinsatzmittel-drk","exteinsatzmittel-fw_weh","alarmierungsart-dme-digitaler-meldeempfaenger"],"better_featured_image":null,"einsatz_ort":"Hauptstra\u00dfe, Lambrecht","einsatz_ende":"2019-05-20 19:22","einsatz_beginn":"","_links":{"self":[{"href":"https:\/\/feuerwehr-vglambrecht.de\/cms\/wp-json\/wp\/v2\/einsatz\/7617","targetHints":{"allow":["GET"]}}],"collection":[{"href":"https:\/\/feuerwehr-vglambrecht.de\/cms\/wp-json\/wp\/v2\/einsatz"}],"about":[{"href":"https:\/\/feuerwehr-vglambrecht.de\/cms\/wp-json\/wp\/v2\/types\/einsatz"}],"author":[{"embeddable":true,"href":"https:\/\/feuerwehr-vglambrecht.de\/cms\/wp-json\/wp\/v2\/users\/17"}],"version-history":[{"count":3,"href":"https:\/\/feuerwehr-vglambrecht.de\/cms\/wp-json\/wp\/v2\/einsatz\/7617\/revisions"}],"predecessor-version":[{"id":7620,"href":"https:\/\/feuerwehr-vglambrecht.de\/cms\/wp-json\/wp\/v2\/einsatz\/7617\/revisions\/7620"}],"wp:attachment":[{"href":"https:\/\/feuerwehr-vglambrecht.de\/cms\/wp-json\/wp\/v2\/media?parent=7617"}],"wp:term":[{"taxonomy":"category","embeddable":true,"href":"https:\/\/feuerwehr-vglambrecht.de\/cms\/wp-json\/wp\/v2\/categories?post=7617"},{"taxonomy":"post_tag","embeddable":true,"href":"https:\/\/feuerwehr-vglambrecht.de\/cms\/wp-json\/wp\/v2\/tags?post=7617"},{"taxonomy":"einsatzart","embeddable":true,"href":"https:\/\/feuerwehr-vglambrecht.de\/cms\/wp-json\/wp\/v2\/einsatzart?post=7617"},{"taxonomy":"fahrzeug","embeddable":true,"href":"https:\/\/feuerwehr-vglambrecht.de\/cms\/wp-json\/wp\/v2\/fahrzeug?post=7617"},{"taxonomy":"exteinsatzmittel","embeddable":true,"href":"https:\/\/feuerwehr-vglambrecht.de\/cms\/wp-json\/wp\/v2\/exteinsatzmittel?post=7617"},{"taxonomy":"alarmierungsart","embeddable":true,"href":"https:\/\/feuerwehr-vglambrecht.de\/cms\/wp-json\/wp\/v2\/alarmierungsart?post=7617"},{"taxonomy":"evw_unit","embeddable":true,"href":"https:\/\/feuerwehr-vglambrecht.de\/cms\/wp-json\/wp\/v2\/evw_unit?post=7617"}],"curies":[{"name":"wp","href":"https:\/\/api.w.org\/{rel}","templated":true}]}}

Gebäudebrand (B3.01)

<p>Die Feuerwehren Frankeneck, Neidenfels, Lindenberg und Lambrecht wurden am 20.05.2019 um 19:01 Uhr in die Hauptstraße in Lambrecht zu einem Gebäudebrand alarmiert.<!--more--></p>
<p>Vor Ort konnte bereits das akustische Signal eines Rauchmelders wahrgenommen werden. Die Feuerwehr verschaffte sich Zugang in die betroffene Erdgeschosswohnung in dem Mehrfamilienhaus und konnte darin angebranntes Essen auf einem Elektro-Tischgrill vorfinden, welches umgehend aus dem Gebäude geschafft wurde. Außerdem befand sich noch eine Person in den oberen Stockwerken des Hauses, welche ebenfalls von der Feuerwehr aus dem verrauchten Gebäude gebracht wurde. Alle anderen Bewohner des Hauses konnten durch das schnelle und beherzte Eingreifen der Nachbarn gewarnt werden und selbstständig das Gebäude verlassen, so auch der schlafende Mieter der betroffenen Wohnung. Anschließend wurden noch Belüftungsmaßnahmen durchgeführt um den Rauch aus der Wohnung zu bekommen. Verletzt wurde hierbei niemand. Durch den Einsatz war die Hauptstraße für ca. 20 min. nur teilweise befahrbar. Die Einsatzstelle wurde anschließend der Polizei übergeben.</p>

Hauptstraße, Lambrecht
