{"id":7605,"date":"2019-05-17T18:38:00","date_gmt":"2019-05-17T16:38:00","guid":{"rendered":"https:\/\/feuerwehr-vglambrecht.de\/cms\/?post_type=einsatz&#038;p=7605"},"modified":"2019-09-24T00:31:57","modified_gmt":"2019-09-23T22:31:57","slug":"gebaeudebrand-b3-01-2","status":"publish","type":"einsatz","link":"https:\/\/feuerwehr-vglambrecht.de\/cms\/einsatzberichte\/gebaeudebrand-b3-01-2\/","title":{"rendered":"Geb\u00e4udebrand (B3.01)"},"content":{"rendered":"<p>Zu einem Geb\u00e4udebrand eines leer stehenden Geb\u00e4udes in Weidenthal, mit Verdacht, dass sich noch Menschen darin befinden, wurden am 17.05.2019 um 18:38 Uhr die Feuerwehren Weidenthal, Neidenfels, Lambrecht und Frankeneck alarmiert. Jedoch wurden vor Ort keine Personen im Geb\u00e4ude vorgefunden, ebenso stellte sich der Brand als ein M\u00fclleimerbrand in einem der R\u00e4ume heraus. Die Einsatzkr\u00e4fte brachten den M\u00fclleimer nach Au\u00dfen und l\u00f6schten ihn und dessen Standort mit Kleinl\u00f6schger\u00e4t ab.<\/p>\n","protected":false},"author":1,"featured_media":0,"template":"","meta":{"einsatz_weight":1,"footnotes":""},"categories":[],"tags":[180,136],"einsatzart":[7],"fahrzeug":[51,53,59,61,62,63],"exteinsatzmittel":[18,68,21,30,31],"alarmierungsart":[10],"evw_unit":[],"class_list":["post-7605","einsatz","type-einsatz","status-publish","hentry","tag-brand","tag-weidenthal","einsatzart-brand","fahrzeug-lambrecht-241","fahrzeug-lambrecht-33","fahrzeug-neidenfels-47","fahrzeug-neidenfels-73","fahrzeug-weidenthal-42","fahrzeug-weidenthal-73","exteinsatzmittel-fw_lam","exteinsatzmittel-fw_nei","exteinsatzmittel-fw_wei","exteinsatzmittel-pol","exteinsatzmittel-drk","alarmierungsart-dme-digitaler-meldeempfaenger"],"better_featured_image":null,"einsatz_ort":"Weidenthal","einsatz_ende":"2019-05-17 19:25","einsatz_beginn":"","_links":{"self":[{"href":"https:\/\/feuerwehr-vglambrecht.de\/cms\/wp-json\/wp\/v2\/einsatz\/7605","targetHints":{"allow":["GET"]}}],"collection":[{"href":"https:\/\/feuerwehr-vglambrecht.de\/cms\/wp-json\/wp\/v2\/einsatz"}],"about":[{"href":"https:\/\/feuerwehr-vglambrecht.de\/cms\/wp-json\/wp\/v2\/types\/einsatz"}],"author":[{"embeddable":true,"href":"https:\/\/feuerwehr-vglambrecht.de\/cms\/wp-json\/wp\/v2\/users\/1"}],"version-history":[{"count":5,"href":"https:\/\/feuerwehr-vglambrecht.de\/cms\/wp-json\/wp\/v2\/einsatz\/7605\/revisions"}],"predecessor-version":[{"id":7610,"href":"https:\/\/feuerwehr-vglambrecht.de\/cms\/wp-json\/wp\/v2\/einsatz\/7605\/revisions\/7610"}],"wp:attachment":[{"href":"https:\/\/feuerwehr-vglambrecht.de\/cms\/wp-json\/wp\/v2\/media?parent=7605"}],"wp:term":[{"taxonomy":"category","embeddable":true,"href":"https:\/\/feuerwehr-vglambrecht.de\/cms\/wp-json\/wp\/v2\/categories?post=7605"},{"taxonomy":"post_tag","embeddable":true,"href":"https:\/\/feuerwehr-vglambrecht.de\/cms\/wp-json\/wp\/v2\/tags?post=7605"},{"taxonomy":"einsatzart","embeddable":true,"href":"https:\/\/feuerwehr-vglambrecht.de\/cms\/wp-json\/wp\/v2\/einsatzart?post=7605"},{"taxonomy":"fahrzeug","embeddable":true,"href":"https:\/\/feuerwehr-vglambrecht.de\/cms\/wp-json\/wp\/v2\/fahrzeug?post=7605"},{"taxonomy":"exteinsatzmittel","embeddable":true,"href":"https:\/\/feuerwehr-vglambrecht.de\/cms\/wp-json\/wp\/v2\/exteinsatzmittel?post=7605"},{"taxonomy":"alarmierungsart","embeddable":true,"href":"https:\/\/feuerwehr-vglambrecht.de\/cms\/wp-json\/wp\/v2\/alarmierungsart?post=7605"},{"taxonomy":"evw_unit","embeddable":true,"href":"https:\/\/feuerwehr-vglambrecht.de\/cms\/wp-json\/wp\/v2\/evw_unit?post=7605"}],"curies":[{"name":"wp","href":"https:\/\/api.w.org\/{rel}","templated":true}]}}

Gebäudebrand (B3.01)

<p>Zu einem Gebäudebrand eines leer stehenden Gebäudes in Weidenthal, mit Verdacht, dass sich noch Menschen darin befinden, wurden am 17.05.2019 um 18:38 Uhr die Feuerwehren Weidenthal, Neidenfels, Lambrecht und Frankeneck alarmiert. Jedoch wurden vor Ort keine Personen im Gebäude vorgefunden, ebenso stellte sich der Brand als ein Mülleimerbrand in einem der Räume heraus. Die Einsatzkräfte brachten den Mülleimer nach Außen und löschten ihn und dessen Standort mit Kleinlöschgerät ab.</p>
