{"id":7557,"date":"2019-04-22T15:18:00","date_gmt":"2019-04-22T13:18:00","guid":{"rendered":"https:\/\/feuerwehr-vglambrecht.de\/cms\/?post_type=einsatz&#038;p=7557"},"modified":"2019-04-23T16:52:06","modified_gmt":"2019-04-23T14:52:06","slug":"technische-hilfe-grundstufe-h1","status":"publish","type":"einsatz","link":"https:\/\/feuerwehr-vglambrecht.de\/cms\/einsatzberichte\/technische-hilfe-grundstufe-h1\/","title":{"rendered":"Technische Hilfe (Grundstufe H1)"},"content":{"rendered":"<p>Am Nachmittag des 22.04.2019, wurden die Feuerwehreinheiten Elmstein und Iggelbach zu einer kleinen technischen Hilfeleistung auf der K18 zwischen Iggelbach und Helmbach alarmiert. <!--more-->Vor Ort blockierte ein mittelgro\u00dfer Baum die komplette Fahrbahn. Der Baum wurde mit Hilfe einer Kettens\u00e4ge entfernt und die Fahrbahn im Anschluss gereinigt. Hierf\u00fcr musste die K18 kurzzeitig voll gesperrt werden.<\/p>\n\n<div class=\"ngg-galleryoverview\" id=\"ngg-gallery-250-7557\">\n\n\t<!-- Slideshow link -->\n\t<div class=\"slideshowlink\">\n\t\t<a class=\"slideshowlink\" href=\"https:\/\/feuerwehr-vglambrecht.de\/cms\/einsatzberichte\/technische-hilfe-grundstufe-h1\/nggallery\/slideshow\">\n\t\t\t[Show as slideshow]\t\t<\/a>\n\t<\/div>\n\n\t\n\t<!-- Thumbnails -->\n\t\t\n\t<div id=\"ngg-image-1573\" class=\"ngg-gallery-thumbnail-box\"  >\n\t\t<div class=\"ngg-gallery-thumbnail\" >\n\t\t\t<a href=\"https:\/\/feuerwehr-vglambrecht.de\/cms\/wp-content\/gallery\/baum-auf-fahrbahn-k18\/0529694b-7745-46cf-94a4-c2e78da1f4f3-e1556030859996.jpg\" title=\" \" class=\"shutterset_set_250\" >\n\t\t\t\t\t\t\t\t<img loading=\"lazy\" decoding=\"async\" title=\"0529694b-7745-46cf-94a4-c2e78da1f4f3-e1556030859996\" alt=\"0529694b-7745-46cf-94a4-c2e78da1f4f3-e1556030859996\" src=\"https:\/\/feuerwehr-vglambrecht.de\/cms\/wp-content\/gallery\/baum-auf-fahrbahn-k18\/thumbs\/thumbs_0529694b-7745-46cf-94a4-c2e78da1f4f3-e1556030859996.jpg\" width=\"100\" height=\"75\" \/>\n\t\t\t\t\t\t\t<\/a>\n\t\t<\/div>\n\t<\/div>\n\t\n\t\t\n \t \t\n\t<!-- Pagination -->\n \t<div class='ngg-clear'><\/div>\n \t\n<\/div>\n\n\n","protected":false},"author":2,"featured_media":0,"template":"","meta":{"einsatz_weight":1,"footnotes":""},"categories":[],"tags":[375,139,143],"einsatzart":[33],"fahrzeug":[38,46,47],"exteinsatzmittel":[11,17,299],"alarmierungsart":[10],"evw_unit":[],"class_list":["post-7557","einsatz","type-einsatz","status-publish","hentry","tag-baumauffahrbahn","tag-elmstein","tag-iggelbach","einsatzart-th","fahrzeug-elmstein-44","fahrzeug-iggelbach-47","fahrzeug-iggelbach-19","exteinsatzmittel-fw_elm","exteinsatzmittel-fw_igg","exteinsatzmittel-fez-neustadt","alarmierungsart-dme-digitaler-meldeempfaenger"],"better_featured_image":null,"einsatz_ort":"K18","einsatz_ende":"2019-04-22 16:03","einsatz_beginn":"","_links":{"self":[{"href":"https:\/\/feuerwehr-vglambrecht.de\/cms\/wp-json\/wp\/v2\/einsatz\/7557","targetHints":{"allow":["GET"]}}],"collection":[{"href":"https:\/\/feuerwehr-vglambrecht.de\/cms\/wp-json\/wp\/v2\/einsatz"}],"about":[{"href":"https:\/\/feuerwehr-vglambrecht.de\/cms\/wp-json\/wp\/v2\/types\/einsatz"}],"author":[{"embeddable":true,"href":"https:\/\/feuerwehr-vglambrecht.de\/cms\/wp-json\/wp\/v2\/users\/2"}],"version-history":[{"count":3,"href":"https:\/\/feuerwehr-vglambrecht.de\/cms\/wp-json\/wp\/v2\/einsatz\/7557\/revisions"}],"predecessor-version":[{"id":7560,"href":"https:\/\/feuerwehr-vglambrecht.de\/cms\/wp-json\/wp\/v2\/einsatz\/7557\/revisions\/7560"}],"wp:attachment":[{"href":"https:\/\/feuerwehr-vglambrecht.de\/cms\/wp-json\/wp\/v2\/media?parent=7557"}],"wp:term":[{"taxonomy":"category","embeddable":true,"href":"https:\/\/feuerwehr-vglambrecht.de\/cms\/wp-json\/wp\/v2\/categories?post=7557"},{"taxonomy":"post_tag","embeddable":true,"href":"https:\/\/feuerwehr-vglambrecht.de\/cms\/wp-json\/wp\/v2\/tags?post=7557"},{"taxonomy":"einsatzart","embeddable":true,"href":"https:\/\/feuerwehr-vglambrecht.de\/cms\/wp-json\/wp\/v2\/einsatzart?post=7557"},{"taxonomy":"fahrzeug","embeddable":true,"href":"https:\/\/feuerwehr-vglambrecht.de\/cms\/wp-json\/wp\/v2\/fahrzeug?post=7557"},{"taxonomy":"exteinsatzmittel","embeddable":true,"href":"https:\/\/feuerwehr-vglambrecht.de\/cms\/wp-json\/wp\/v2\/exteinsatzmittel?post=7557"},{"taxonomy":"alarmierungsart","embeddable":true,"href":"https:\/\/feuerwehr-vglambrecht.de\/cms\/wp-json\/wp\/v2\/alarmierungsart?post=7557"},{"taxonomy":"evw_unit","embeddable":true,"href":"https:\/\/feuerwehr-vglambrecht.de\/cms\/wp-json\/wp\/v2\/evw_unit?post=7557"}],"curies":[{"name":"wp","href":"https:\/\/api.w.org\/{rel}","templated":true}]}}

<p>Am Nachmittag des 22.04.2019, wurden die Feuerwehreinheiten Elmstein und Iggelbach zu einer kleinen technischen Hilfeleistung auf der K18 zwischen Iggelbach und Helmbach alarmiert. <!--more-->Vor Ort blockierte ein mittelgroßer Baum die komplette Fahrbahn. Der Baum wurde mit Hilfe einer Kettensäge entfernt und die Fahrbahn im Anschluss gereinigt. Hierfür musste die K18 kurzzeitig voll gesperrt werden.</p>

<div class="ngg-galleryoverview" id="ngg-gallery-250-7557">

	<!-- Slideshow link -->
	<div class="slideshowlink">
		<a class="slideshowlink" href="https://feuerwehr-vglambrecht.de/cms/einsatzberichte/technische-hilfe-grundstufe-h1/nggallery/slideshow">
			[Show as slideshow]		</a>
	</div>

	
	<!-- Thumbnails -->
		
	<div id="ngg-image-1573" class="ngg-gallery-thumbnail-box"  >
		<div class="ngg-gallery-thumbnail" >
			<a href="https://feuerwehr-vglambrecht.de/cms/wp-content/gallery/baum-auf-fahrbahn-k18/0529694b-7745-46cf-94a4-c2e78da1f4f3-e1556030859996.jpg" title=" " class="shutterset_set_250" >
								<img loading="lazy" decoding="async" title="0529694b-7745-46cf-94a4-c2e78da1f4f3-e1556030859996" alt="0529694b-7745-46cf-94a4-c2e78da1f4f3-e1556030859996" src="https://feuerwehr-vglambrecht.de/cms/wp-content/gallery/baum-auf-fahrbahn-k18/thumbs/thumbs_0529694b-7745-46cf-94a4-c2e78da1f4f3-e1556030859996.jpg" width="100" height="75" />
							</a>
		</div>
	</div>
	
		
 	 	
	<!-- Pagination -->
 	<div class='ngg-clear'></div>
 	
</div>
