{"id":7519,"date":"2019-03-31T13:00:00","date_gmt":"2019-03-31T11:00:00","guid":{"rendered":"https:\/\/feuerwehr-vglambrecht.de\/cms\/?post_type=einsatz&#038;p=7519"},"modified":"2019-04-08T08:22:31","modified_gmt":"2019-04-08T06:22:31","slug":"brandsicherheitswache-46","status":"publish","type":"einsatz","link":"https:\/\/feuerwehr-vglambrecht.de\/cms\/einsatzberichte\/brandsicherheitswache-46\/","title":{"rendered":"Brandsicherheitswache"},"content":{"rendered":"<p>Die Feuerwehr Lambrecht wurde im Rahmen einer \u00f6ffentlichen Gro\u00dfveranstaltung zu einer Brandsicherheitswache angefordert. Die Brandschutzeinrichtungen und Rettungswege wurden \u00fcberpr\u00fcft und w\u00e4hrend der Veranstaltung die Sicherheitswache gestellt.<\/p>\n","protected":false},"author":1,"featured_media":0,"template":"","meta":{"einsatz_weight":1,"footnotes":""},"categories":[],"tags":[],"einsatzart":[9],"fahrzeug":[49,286,50],"exteinsatzmittel":[18],"alarmierungsart":[320],"evw_unit":[],"class_list":["post-7519","einsatz","type-einsatz","status-publish","hentry","einsatzart-bsw","fahrzeug-lambrecht-11","fahrzeug-lambrecht-4191","fahrzeug-lambrecht-21","exteinsatzmittel-fw_lam","alarmierungsart-sonstige"],"better_featured_image":null,"einsatz_ort":"Grundschule Lambrecht","einsatz_ende":"2019-03-31 16:30","einsatz_beginn":"","_links":{"self":[{"href":"https:\/\/feuerwehr-vglambrecht.de\/cms\/wp-json\/wp\/v2\/einsatz\/7519","targetHints":{"allow":["GET"]}}],"collection":[{"href":"https:\/\/feuerwehr-vglambrecht.de\/cms\/wp-json\/wp\/v2\/einsatz"}],"about":[{"href":"https:\/\/feuerwehr-vglambrecht.de\/cms\/wp-json\/wp\/v2\/types\/einsatz"}],"author":[{"embeddable":true,"href":"https:\/\/feuerwehr-vglambrecht.de\/cms\/wp-json\/wp\/v2\/users\/1"}],"version-history":[{"count":1,"href":"https:\/\/feuerwehr-vglambrecht.de\/cms\/wp-json\/wp\/v2\/einsatz\/7519\/revisions"}],"predecessor-version":[{"id":7520,"href":"https:\/\/feuerwehr-vglambrecht.de\/cms\/wp-json\/wp\/v2\/einsatz\/7519\/revisions\/7520"}],"wp:attachment":[{"href":"https:\/\/feuerwehr-vglambrecht.de\/cms\/wp-json\/wp\/v2\/media?parent=7519"}],"wp:term":[{"taxonomy":"category","embeddable":true,"href":"https:\/\/feuerwehr-vglambrecht.de\/cms\/wp-json\/wp\/v2\/categories?post=7519"},{"taxonomy":"post_tag","embeddable":true,"href":"https:\/\/feuerwehr-vglambrecht.de\/cms\/wp-json\/wp\/v2\/tags?post=7519"},{"taxonomy":"einsatzart","embeddable":true,"href":"https:\/\/feuerwehr-vglambrecht.de\/cms\/wp-json\/wp\/v2\/einsatzart?post=7519"},{"taxonomy":"fahrzeug","embeddable":true,"href":"https:\/\/feuerwehr-vglambrecht.de\/cms\/wp-json\/wp\/v2\/fahrzeug?post=7519"},{"taxonomy":"exteinsatzmittel","embeddable":true,"href":"https:\/\/feuerwehr-vglambrecht.de\/cms\/wp-json\/wp\/v2\/exteinsatzmittel?post=7519"},{"taxonomy":"alarmierungsart","embeddable":true,"href":"https:\/\/feuerwehr-vglambrecht.de\/cms\/wp-json\/wp\/v2\/alarmierungsart?post=7519"},{"taxonomy":"evw_unit","embeddable":true,"href":"https:\/\/feuerwehr-vglambrecht.de\/cms\/wp-json\/wp\/v2\/evw_unit?post=7519"}],"curies":[{"name":"wp","href":"https:\/\/api.w.org\/{rel}","templated":true}]}}

<p>Die Feuerwehr Lambrecht wurde im Rahmen einer öffentlichen Großveranstaltung zu einer Brandsicherheitswache angefordert. Die Brandschutzeinrichtungen und Rettungswege wurden überprüft und während der Veranstaltung die Sicherheitswache gestellt.</p>
