{"id":7503,"date":"2019-03-31T13:45:00","date_gmt":"2019-03-31T11:45:00","guid":{"rendered":"https:\/\/feuerwehr-vglambrecht.de\/cms\/?post_type=einsatz&#038;p=7503"},"modified":"2019-03-31T19:31:49","modified_gmt":"2019-03-31T17:31:49","slug":"hilfeleistung-grundstufe-h1-verkehrssicherung","status":"publish","type":"einsatz","link":"https:\/\/feuerwehr-vglambrecht.de\/cms\/einsatzberichte\/hilfeleistung-grundstufe-h1-verkehrssicherung\/","title":{"rendered":"Hilfeleistung Grundstufe (H1); Verkehrssicherung"},"content":{"rendered":"<p>Die Feuerwehr Esthal wurde im Rahmen einer \u00f6ffentlichen Gro\u00dfveranstaltung zur Verkehrssicherung hinzugezogen. W\u00e4hrend der Veranstaltung wurden die betroffenen Fl\u00e4chen gegen den flie\u00dfenden Verkehr gesichert.<\/p>\n","protected":false},"author":3,"featured_media":0,"template":"","meta":{"einsatz_weight":1,"footnotes":""},"categories":[],"tags":[138],"einsatzart":[33],"fahrzeug":[350,307],"exteinsatzmittel":[12],"alarmierungsart":[65],"evw_unit":[],"class_list":["post-7503","einsatz","type-einsatz","status-publish","hentry","tag-esthal","einsatzart-th","fahrzeug-esthal-19-2","fahrzeug-307","exteinsatzmittel-fw_est","alarmierungsart-telefon"],"better_featured_image":null,"einsatz_ort":"Ortsgemeinde Esthal","einsatz_ende":"2019-03-31 14:35","einsatz_beginn":"","_links":{"self":[{"href":"https:\/\/feuerwehr-vglambrecht.de\/cms\/wp-json\/wp\/v2\/einsatz\/7503","targetHints":{"allow":["GET"]}}],"collection":[{"href":"https:\/\/feuerwehr-vglambrecht.de\/cms\/wp-json\/wp\/v2\/einsatz"}],"about":[{"href":"https:\/\/feuerwehr-vglambrecht.de\/cms\/wp-json\/wp\/v2\/types\/einsatz"}],"author":[{"embeddable":true,"href":"https:\/\/feuerwehr-vglambrecht.de\/cms\/wp-json\/wp\/v2\/users\/3"}],"version-history":[{"count":1,"href":"https:\/\/feuerwehr-vglambrecht.de\/cms\/wp-json\/wp\/v2\/einsatz\/7503\/revisions"}],"predecessor-version":[{"id":7504,"href":"https:\/\/feuerwehr-vglambrecht.de\/cms\/wp-json\/wp\/v2\/einsatz\/7503\/revisions\/7504"}],"wp:attachment":[{"href":"https:\/\/feuerwehr-vglambrecht.de\/cms\/wp-json\/wp\/v2\/media?parent=7503"}],"wp:term":[{"taxonomy":"category","embeddable":true,"href":"https:\/\/feuerwehr-vglambrecht.de\/cms\/wp-json\/wp\/v2\/categories?post=7503"},{"taxonomy":"post_tag","embeddable":true,"href":"https:\/\/feuerwehr-vglambrecht.de\/cms\/wp-json\/wp\/v2\/tags?post=7503"},{"taxonomy":"einsatzart","embeddable":true,"href":"https:\/\/feuerwehr-vglambrecht.de\/cms\/wp-json\/wp\/v2\/einsatzart?post=7503"},{"taxonomy":"fahrzeug","embeddable":true,"href":"https:\/\/feuerwehr-vglambrecht.de\/cms\/wp-json\/wp\/v2\/fahrzeug?post=7503"},{"taxonomy":"exteinsatzmittel","embeddable":true,"href":"https:\/\/feuerwehr-vglambrecht.de\/cms\/wp-json\/wp\/v2\/exteinsatzmittel?post=7503"},{"taxonomy":"alarmierungsart","embeddable":true,"href":"https:\/\/feuerwehr-vglambrecht.de\/cms\/wp-json\/wp\/v2\/alarmierungsart?post=7503"},{"taxonomy":"evw_unit","embeddable":true,"href":"https:\/\/feuerwehr-vglambrecht.de\/cms\/wp-json\/wp\/v2\/evw_unit?post=7503"}],"curies":[{"name":"wp","href":"https:\/\/api.w.org\/{rel}","templated":true}]}}

<p>Die Feuerwehr Esthal wurde im Rahmen einer öffentlichen Großveranstaltung zur Verkehrssicherung hinzugezogen. Während der Veranstaltung wurden die betroffenen Flächen gegen den fließenden Verkehr gesichert.</p>
