{"id":7452,"date":"2019-03-10T13:10:00","date_gmt":"2019-03-10T12:10:00","guid":{"rendered":"https:\/\/feuerwehr-vglambrecht.de\/cms\/?post_type=einsatz&#038;p=7452"},"modified":"2019-03-11T19:27:28","modified_gmt":"2019-03-11T18:27:28","slug":"unwetterschaeden-in-der-vg-lambrecht","status":"publish","type":"einsatz","link":"https:\/\/feuerwehr-vglambrecht.de\/cms\/einsatzberichte\/unwetterschaeden-in-der-vg-lambrecht\/","title":{"rendered":"Unwettersch\u00e4den in der VG Lambrecht"},"content":{"rendered":"<p><strong>Sturmtief Eberhard w\u00fctet auch in der Verbandsgemeinde Lambrecht<br \/>\n<\/strong><\/p>\n<p>Am 10. M\u00e4rz 2019 w\u00fctete bundesweit das Sturmtief &#8222;Eberhard&#8220;. Auch die Verbandsgemeinde Lambrecht wurde davon nicht verschont. Ab den fr\u00fchen Mittagstunden mussten mehrere Einsatzstellen durch die Feuerwehr abgearbeitet werden.<!--more--><\/p>\n<p>Der Ausr\u00fcckebereich West (Esthal und Frankeneck) entfernte auf der L 499 umgest\u00fcrzte B\u00e4ume, beseitigte Hindernisse die die Fahrbahn in Erfenstein blockierten und entfernte in Esthal Teile einer Dachverkleidung die herabzufallen drohten.<\/p>\n<p>Die Feuerwehr Lambrecht wurde zu einem umgest\u00fcrzten Baum in Bergstra\u00dfe in Lambrecht alarmiert. Hier war kein Eingreifen der Feuerwehr erforderlich, da der Baum auf ein Privatgrundst\u00fcck fiel und keine weitere Gefahr bestand.<\/p>\n<p>Die meissten Einsatzstellen waren im Ausr\u00fcckebereich S\u00fcd-West (Elmstein und Iggelbach) zu verzeichnen. Hier mussten mehrere B\u00e4ume auf der L 499 zwischen Johanniskreuz und Breitenstein, sowie auf der L 514 Richtung Totenkopfh\u00fctte entfernt werden. Ebenfalls von umgest\u00fcrzten B\u00e4umen betroffen war die K17 Richtung B48 (Johanniskreuz). Da w\u00e4hrend des Sturms auch die Stromversorgung in Iggelbach und in Teilen von Elmstein nicht mehr vorhanden war, besetzten die Einsatzkr\u00e4fte die Ger\u00e4teh\u00e4user um im Notfall als Ansprechpartner zu fungieren und schnelle Hilfe zu leisten zu k\u00f6nnen.<\/p>\n<p>In der Nacht auf Montag wurden die Einheiten Elmstein und Iggelbach erneut zu einer technischen Hilfeleistung auf die K 17 alarmiert. Ein gr\u00f6sserer Felsbrocken blockiert die Fahrbahn. Dieser wurde durch die Feuerwehr entfernt und die Fahrbahn gereinigt.<\/p>\n","protected":false},"author":2,"featured_media":7442,"template":"","meta":{"einsatz_weight":1,"footnotes":""},"categories":[],"tags":[366,139,138,141,143,142,367],"einsatzart":[33],"fahrzeug":[],"exteinsatzmittel":[11,12,13,17,18,299,321],"alarmierungsart":[10],"evw_unit":[],"class_list":["post-7452","einsatz","type-einsatz","status-publish","has-post-thumbnail","hentry","tag-eberhard","tag-elmstein","tag-esthal","tag-frankeneck","tag-iggelbach","tag-lambrecht","tag-sturm","einsatzart-th","exteinsatzmittel-fw_elm","exteinsatzmittel-fw_est","exteinsatzmittel-fw_fra","exteinsatzmittel-fw_igg","exteinsatzmittel-fw_lam","exteinsatzmittel-fez-neustadt","exteinsatzmittel-fez-lambrecht","alarmierungsart-dme-digitaler-meldeempfaenger"],"better_featured_image":{"id":7442,"alt_text":"","caption":"SONY DSC","description":"","media_type":"image","media_details":{"width":2560,"height":1711,"file":"2019\/03\/DSC09790-scaled.jpg","filesize":836105,"sizes":{"medium_large":{"file":"DSC09790-768x513.jpg","width":768,"height":513,"mime-type":"image\/jpeg","filesize":152394,"source_url":"https:\/\/feuerwehr-vglambrecht.de\/cms\/wp-content\/uploads\/2019\/03\/DSC09790-768x513.jpg"},"1536x1536":{"file":"DSC09790-1536x1027.jpg","width":1536,"height":1027,"mime-type":"image\/jpeg","filesize":388662,"source_url":"https:\/\/feuerwehr-vglambrecht.de\/cms\/wp-content\/uploads\/2019\/03\/DSC09790-1536x1027.jpg"},"2048x2048":{"file":"DSC09790-2048x1369.jpg","width":2048,"height":1369,"mime-type":"image\/jpeg","filesize":598406,"source_url":"https:\/\/feuerwehr-vglambrecht.de\/cms\/wp-content\/uploads\/2019\/03\/DSC09790-2048x1369.jpg"},"wptouch-new-thumbnail":{"file":"DSC09790-144x144.jpg","width":144,"height":144,"mime-type":"image\/jpeg","filesize":61063,"source_url":"https:\/\/feuerwehr-vglambrecht.de\/cms\/wp-content\/uploads\/2019\/03\/DSC09790-144x144.jpg"},"landing_image":{"file":"DSC09790-1024x460.jpg","width":1024,"height":460,"mime-type":"image\/jpeg","filesize":164424,"source_url":"https:\/\/feuerwehr-vglambrecht.de\/cms\/wp-content\/uploads\/2019\/03\/DSC09790-1024x460.jpg"},"foundation-featured-image":{"file":"DSC09790-900x602.jpg","width":900,"height":602,"mime-type":"image\/jpeg","filesize":184213,"source_url":"https:\/\/feuerwehr-vglambrecht.de\/cms\/wp-content\/uploads\/2019\/03\/DSC09790-900x602.jpg"},"thumbnail":{"file":"DSC09790-150x150.jpg","width":150,"height":150,"source_url":"https:\/\/feuerwehr-vglambrecht.de\/cms\/wp-content\/uploads\/2019\/03\/DSC09790-150x150.jpg"},"medium":{"file":"DSC09790-300x201.jpg","width":300,"height":201,"source_url":"https:\/\/feuerwehr-vglambrecht.de\/cms\/wp-content\/uploads\/2019\/03\/DSC09790-300x201.jpg"},"large":{"file":"DSC09790-1024x685.jpg","width":1024,"height":685,"source_url":"https:\/\/feuerwehr-vglambrecht.de\/cms\/wp-content\/uploads\/2019\/03\/DSC09790-1024x685.jpg"}},"image_meta":{"aperture":"7.1","credit":"","camera":"DSLR-A200","caption":"SONY DSC","created_timestamp":"1552229577","copyright":"","focal_length":"35","iso":"100","shutter_speed":"0.008","title":"SONY DSC","orientation":"1","keywords":[]},"original_image":"DSC09790.jpg","image-converter":{"thumbnail":"IME","medium":"IME","large":"IME"}},"post":7439,"source_url":"https:\/\/feuerwehr-vglambrecht.de\/cms\/wp-content\/uploads\/2019\/03\/DSC09790-scaled.jpg"},"einsatz_ort":"Einsatzgebiet VG Lambrecht","einsatz_ende":"2019-03-11 02:13","einsatz_beginn":"","_links":{"self":[{"href":"https:\/\/feuerwehr-vglambrecht.de\/cms\/wp-json\/wp\/v2\/einsatz\/7452","targetHints":{"allow":["GET"]}}],"collection":[{"href":"https:\/\/feuerwehr-vglambrecht.de\/cms\/wp-json\/wp\/v2\/einsatz"}],"about":[{"href":"https:\/\/feuerwehr-vglambrecht.de\/cms\/wp-json\/wp\/v2\/types\/einsatz"}],"author":[{"embeddable":true,"href":"https:\/\/feuerwehr-vglambrecht.de\/cms\/wp-json\/wp\/v2\/users\/2"}],"version-history":[{"count":3,"href":"https:\/\/feuerwehr-vglambrecht.de\/cms\/wp-json\/wp\/v2\/einsatz\/7452\/revisions"}],"predecessor-version":[{"id":7455,"href":"https:\/\/feuerwehr-vglambrecht.de\/cms\/wp-json\/wp\/v2\/einsatz\/7452\/revisions\/7455"}],"wp:featuredmedia":[{"embeddable":true,"href":"https:\/\/feuerwehr-vglambrecht.de\/cms\/wp-json\/wp\/v2\/media\/7442"}],"wp:attachment":[{"href":"https:\/\/feuerwehr-vglambrecht.de\/cms\/wp-json\/wp\/v2\/media?parent=7452"}],"wp:term":[{"taxonomy":"category","embeddable":true,"href":"https:\/\/feuerwehr-vglambrecht.de\/cms\/wp-json\/wp\/v2\/categories?post=7452"},{"taxonomy":"post_tag","embeddable":true,"href":"https:\/\/feuerwehr-vglambrecht.de\/cms\/wp-json\/wp\/v2\/tags?post=7452"},{"taxonomy":"einsatzart","embeddable":true,"href":"https:\/\/feuerwehr-vglambrecht.de\/cms\/wp-json\/wp\/v2\/einsatzart?post=7452"},{"taxonomy":"fahrzeug","embeddable":true,"href":"https:\/\/feuerwehr-vglambrecht.de\/cms\/wp-json\/wp\/v2\/fahrzeug?post=7452"},{"taxonomy":"exteinsatzmittel","embeddable":true,"href":"https:\/\/feuerwehr-vglambrecht.de\/cms\/wp-json\/wp\/v2\/exteinsatzmittel?post=7452"},{"taxonomy":"alarmierungsart","embeddable":true,"href":"https:\/\/feuerwehr-vglambrecht.de\/cms\/wp-json\/wp\/v2\/alarmierungsart?post=7452"},{"taxonomy":"evw_unit","embeddable":true,"href":"https:\/\/feuerwehr-vglambrecht.de\/cms\/wp-json\/wp\/v2\/evw_unit?post=7452"}],"curies":[{"name":"wp","href":"https:\/\/api.w.org\/{rel}","templated":true}]}}

Unwetterschäden in der VG Lambrecht

<p><strong>Sturmtief Eberhard wütet auch in der Verbandsgemeinde Lambrecht<br />
</strong></p>
<p>Am 10. März 2019 wütete bundesweit das Sturmtief &#8222;Eberhard&#8220;. Auch die Verbandsgemeinde Lambrecht wurde davon nicht verschont. Ab den frühen Mittagstunden mussten mehrere Einsatzstellen durch die Feuerwehr abgearbeitet werden.<!--more--></p>
<p>Der Ausrückebereich West (Esthal und Frankeneck) entfernte auf der L 499 umgestürzte Bäume, beseitigte Hindernisse die die Fahrbahn in Erfenstein blockierten und entfernte in Esthal Teile einer Dachverkleidung die herabzufallen drohten.</p>
<p>Die Feuerwehr Lambrecht wurde zu einem umgestürzten Baum in Bergstraße in Lambrecht alarmiert. Hier war kein Eingreifen der Feuerwehr erforderlich, da der Baum auf ein Privatgrundstück fiel und keine weitere Gefahr bestand.</p>
<p>Die meissten Einsatzstellen waren im Ausrückebereich Süd-West (Elmstein und Iggelbach) zu verzeichnen. Hier mussten mehrere Bäume auf der L 499 zwischen Johanniskreuz und Breitenstein, sowie auf der L 514 Richtung Totenkopfhütte entfernt werden. Ebenfalls von umgestürzten Bäumen betroffen war die K17 Richtung B48 (Johanniskreuz). Da während des Sturms auch die Stromversorgung in Iggelbach und in Teilen von Elmstein nicht mehr vorhanden war, besetzten die Einsatzkräfte die Gerätehäuser um im Notfall als Ansprechpartner zu fungieren und schnelle Hilfe zu leisten zu können.</p>
<p>In der Nacht auf Montag wurden die Einheiten Elmstein und Iggelbach erneut zu einer technischen Hilfeleistung auf die K 17 alarmiert. Ein grösserer Felsbrocken blockiert die Fahrbahn. Dieser wurde durch die Feuerwehr entfernt und die Fahrbahn gereinigt.</p>
