{"id":7422,"date":"2019-03-04T06:59:00","date_gmt":"2019-03-04T05:59:00","guid":{"rendered":"https:\/\/feuerwehr-vglambrecht.de\/cms\/?post_type=einsatz&#038;p=7422"},"modified":"2019-03-04T12:31:41","modified_gmt":"2019-03-04T11:31:41","slug":"rauchentwicklung-aus-gebaeude-b2-01-2","status":"publish","type":"einsatz","link":"https:\/\/feuerwehr-vglambrecht.de\/cms\/einsatzberichte\/rauchentwicklung-aus-gebaeude-b2-01-2\/","title":{"rendered":"Rauchentwicklung aus Geb\u00e4ude ( B2.01 )"},"content":{"rendered":"<p><strong>Drei verletzte Personen nach Brand im Keller<\/strong><\/p>\n<p>Am Morgen des 4. M\u00e4rz 2019 gegen 7:00 Uhr wurden die Feuerwehren Esthal und Frankeneck zu einer Rauchentwicklung aus einem Geb\u00e4ude in der Klosterstra\u00dfe in Esthal alarmiert.<!--more--><\/p>\n<p>Vermutlich durch einen technischen Defekt kam es zu einem Schmorbrand an der Heizungsanlage im Keller. Dank installierten Rauchwarnmeldern konnten sich die drei Hausbewohner noch vor dem Eintreffen der Feuerwehr in Sicherheit bringen und wurden von Nachbarn und der Feuerwehr bis zum Eintreffen des Rettungsdienstes betreut.<\/p>\n<p>Unter schwerem Atemschutz wurde der Brand durch die Feuerwehr schnell unter Kontrolle gebracht. Durch den Einsatz eines Hochleistungsl\u00fcfters wurde eine Rauchausbreitung verhindert. Die betroffenen Bereiche wurden mit einer W\u00e4rmebildkamera mehrmals kontrolliert.<\/p>\n<p>Mit Verdacht auf Rauchgasinhalation wurden der Hausbesitzer, der erste L\u00f6schversuche unternahm und eine Frau mit Kind, ins Krankenhaus nach Neustadt gebracht.<\/p>\n<p>Die Einsatzstelle wurde der Polizei und Kriminalpolizei zur weiteren Vorgehensweise \u00fcbergeben.\n<div class=\"ngg-galleryoverview\" id=\"ngg-gallery-241-7422\">\n\n\t<!-- Slideshow link -->\n\t<div class=\"slideshowlink\">\n\t\t<a class=\"slideshowlink\" href=\"https:\/\/feuerwehr-vglambrecht.de\/cms\/einsatzberichte\/rauchentwicklung-aus-gebaeude-b2-01-2\/nggallery\/slideshow\">\n\t\t\t[Show as slideshow]\t\t<\/a>\n\t<\/div>\n\n\t\n\t<!-- Thumbnails -->\n\t\t\n\t<div id=\"ngg-image-1531\" class=\"ngg-gallery-thumbnail-box\"  >\n\t\t<div class=\"ngg-gallery-thumbnail\" >\n\t\t\t<a href=\"https:\/\/feuerwehr-vglambrecht.de\/cms\/wp-content\/gallery\/kellerbrand-esthal\/dscn2726.jpg\" title=\" \" class=\"shutterset_set_241\" >\n\t\t\t\t\t\t\t\t<img loading=\"lazy\" decoding=\"async\" title=\"dscn2726\" alt=\"dscn2726\" src=\"https:\/\/feuerwehr-vglambrecht.de\/cms\/wp-content\/gallery\/kellerbrand-esthal\/thumbs\/thumbs_dscn2726.jpg\" width=\"100\" height=\"75\" \/>\n\t\t\t\t\t\t\t<\/a>\n\t\t<\/div>\n\t<\/div>\n\t\n\t\t\n \t\t\n\t<div id=\"ngg-image-1532\" class=\"ngg-gallery-thumbnail-box\"  >\n\t\t<div class=\"ngg-gallery-thumbnail\" >\n\t\t\t<a href=\"https:\/\/feuerwehr-vglambrecht.de\/cms\/wp-content\/gallery\/kellerbrand-esthal\/dscn2728.jpg\" title=\" \" class=\"shutterset_set_241\" >\n\t\t\t\t\t\t\t\t<img loading=\"lazy\" decoding=\"async\" title=\"dscn2728\" alt=\"dscn2728\" src=\"https:\/\/feuerwehr-vglambrecht.de\/cms\/wp-content\/gallery\/kellerbrand-esthal\/thumbs\/thumbs_dscn2728.jpg\" width=\"100\" height=\"75\" \/>\n\t\t\t\t\t\t\t<\/a>\n\t\t<\/div>\n\t<\/div>\n\t\n\t\t\n \t\t\n\t<div id=\"ngg-image-1533\" class=\"ngg-gallery-thumbnail-box\"  >\n\t\t<div class=\"ngg-gallery-thumbnail\" >\n\t\t\t<a href=\"https:\/\/feuerwehr-vglambrecht.de\/cms\/wp-content\/gallery\/kellerbrand-esthal\/dscn2729.jpg\" title=\" \" class=\"shutterset_set_241\" >\n\t\t\t\t\t\t\t\t<img loading=\"lazy\" decoding=\"async\" title=\"dscn2729\" alt=\"dscn2729\" src=\"https:\/\/feuerwehr-vglambrecht.de\/cms\/wp-content\/gallery\/kellerbrand-esthal\/thumbs\/thumbs_dscn2729.jpg\" width=\"100\" height=\"75\" \/>\n\t\t\t\t\t\t\t<\/a>\n\t\t<\/div>\n\t<\/div>\n\t\n\t\t\n \t\t\n\t<div id=\"ngg-image-1534\" class=\"ngg-gallery-thumbnail-box\"  >\n\t\t<div class=\"ngg-gallery-thumbnail\" >\n\t\t\t<a href=\"https:\/\/feuerwehr-vglambrecht.de\/cms\/wp-content\/gallery\/kellerbrand-esthal\/dscn2730.jpg\" title=\" \" class=\"shutterset_set_241\" >\n\t\t\t\t\t\t\t\t<img loading=\"lazy\" decoding=\"async\" title=\"dscn2730\" alt=\"dscn2730\" src=\"https:\/\/feuerwehr-vglambrecht.de\/cms\/wp-content\/gallery\/kellerbrand-esthal\/thumbs\/thumbs_dscn2730.jpg\" width=\"100\" height=\"75\" \/>\n\t\t\t\t\t\t\t<\/a>\n\t\t<\/div>\n\t<\/div>\n\t\n\t\t\n \t\t\n\t<div id=\"ngg-image-1535\" class=\"ngg-gallery-thumbnail-box\"  >\n\t\t<div class=\"ngg-gallery-thumbnail\" >\n\t\t\t<a href=\"https:\/\/feuerwehr-vglambrecht.de\/cms\/wp-content\/gallery\/kellerbrand-esthal\/dscn2733.jpg\" title=\" \" class=\"shutterset_set_241\" >\n\t\t\t\t\t\t\t\t<img loading=\"lazy\" decoding=\"async\" title=\"dscn2733\" alt=\"dscn2733\" src=\"https:\/\/feuerwehr-vglambrecht.de\/cms\/wp-content\/gallery\/kellerbrand-esthal\/thumbs\/thumbs_dscn2733.jpg\" width=\"100\" height=\"75\" \/>\n\t\t\t\t\t\t\t<\/a>\n\t\t<\/div>\n\t<\/div>\n\t\n\t\t\n \t \t\n\t<!-- Pagination -->\n \t<div class='ngg-clear'><\/div>\n \t\n<\/div>\n\n<\/p>\n","protected":false},"author":5,"featured_media":7428,"template":"","meta":{"einsatz_weight":1,"footnotes":""},"categories":[],"tags":[277],"einsatzart":[7],"fahrzeug":[350,43,307,44,45,286],"exteinsatzmittel":[12,13,18,299,130,30,37,31],"alarmierungsart":[10],"evw_unit":[],"class_list":["post-7422","einsatz","type-einsatz","status-publish","has-post-thumbnail","hentry","tag-kellerbrand","einsatzart-brand","fahrzeug-esthal-19-2","fahrzeug-esthal19","fahrzeug-307","fahrzeug-frankeneck-40","fahrzeug-frankeneck-73","fahrzeug-lambrecht-4191","exteinsatzmittel-fw_est","exteinsatzmittel-fw_fra","exteinsatzmittel-fw_lam","exteinsatzmittel-fez-neustadt","exteinsatzmittel-kriminalpolizei","exteinsatzmittel-pol","exteinsatzmittel-fw_pre","exteinsatzmittel-drk","alarmierungsart-dme-digitaler-meldeempfaenger"],"better_featured_image":{"id":7428,"alt_text":"","caption":"","description":"","media_type":"image","media_details":{"width":1440,"height":1080,"file":"2019\/03\/dscn2728.jpg","filesize":1065331,"sizes":{"medium_large":{"file":"dscn2728-768x576.jpg","width":768,"height":576,"mime-type":"image\/jpeg","filesize":105115,"source_url":"https:\/\/feuerwehr-vglambrecht.de\/cms\/wp-content\/uploads\/2019\/03\/dscn2728-768x576.jpg"},"wptouch-new-thumbnail":{"file":"dscn2728-144x144.jpg","width":144,"height":144,"mime-type":"image\/jpeg","filesize":44877,"source_url":"https:\/\/feuerwehr-vglambrecht.de\/cms\/wp-content\/uploads\/2019\/03\/dscn2728-144x144.jpg"},"landing_image":{"file":"dscn2728-1024x460.jpg","width":1024,"height":460,"mime-type":"image\/jpeg","filesize":114916,"source_url":"https:\/\/feuerwehr-vglambrecht.de\/cms\/wp-content\/uploads\/2019\/03\/dscn2728-1024x460.jpg"},"foundation-featured-image":{"file":"dscn2728-900x675.jpg","width":900,"height":675,"mime-type":"image\/jpeg","filesize":125634,"source_url":"https:\/\/feuerwehr-vglambrecht.de\/cms\/wp-content\/uploads\/2019\/03\/dscn2728-900x675.jpg"},"thumbnail":{"file":"dscn2728-150x150.jpg","width":150,"height":150,"source_url":"https:\/\/feuerwehr-vglambrecht.de\/cms\/wp-content\/uploads\/2019\/03\/dscn2728-150x150.jpg"},"medium":{"file":"dscn2728-300x225.jpg","width":300,"height":225,"source_url":"https:\/\/feuerwehr-vglambrecht.de\/cms\/wp-content\/uploads\/2019\/03\/dscn2728-300x225.jpg"},"large":{"file":"dscn2728-1024x768.jpg","width":1024,"height":768,"source_url":"https:\/\/feuerwehr-vglambrecht.de\/cms\/wp-content\/uploads\/2019\/03\/dscn2728-1024x768.jpg"}},"image_meta":{"aperture":"4.8","credit":"","camera":"COOLPIX S560","caption":"","created_timestamp":"1551688889","copyright":"","focal_length":"14.2","iso":"400","shutter_speed":"0.028248587570621","title":"","orientation":"1","keywords":[]},"image-converter":{"thumbnail":"IME","medium":"IME","large":"IME"}},"post":7422,"source_url":"https:\/\/feuerwehr-vglambrecht.de\/cms\/wp-content\/uploads\/2019\/03\/dscn2728.jpg"},"einsatz_ort":"Esthal","einsatz_ende":"2019-03-04 08:37","einsatz_beginn":"","_links":{"self":[{"href":"https:\/\/feuerwehr-vglambrecht.de\/cms\/wp-json\/wp\/v2\/einsatz\/7422","targetHints":{"allow":["GET"]}}],"collection":[{"href":"https:\/\/feuerwehr-vglambrecht.de\/cms\/wp-json\/wp\/v2\/einsatz"}],"about":[{"href":"https:\/\/feuerwehr-vglambrecht.de\/cms\/wp-json\/wp\/v2\/types\/einsatz"}],"author":[{"embeddable":true,"href":"https:\/\/feuerwehr-vglambrecht.de\/cms\/wp-json\/wp\/v2\/users\/5"}],"version-history":[{"count":5,"href":"https:\/\/feuerwehr-vglambrecht.de\/cms\/wp-json\/wp\/v2\/einsatz\/7422\/revisions"}],"predecessor-version":[{"id":7429,"href":"https:\/\/feuerwehr-vglambrecht.de\/cms\/wp-json\/wp\/v2\/einsatz\/7422\/revisions\/7429"}],"wp:featuredmedia":[{"embeddable":true,"href":"https:\/\/feuerwehr-vglambrecht.de\/cms\/wp-json\/wp\/v2\/media\/7428"}],"wp:attachment":[{"href":"https:\/\/feuerwehr-vglambrecht.de\/cms\/wp-json\/wp\/v2\/media?parent=7422"}],"wp:term":[{"taxonomy":"category","embeddable":true,"href":"https:\/\/feuerwehr-vglambrecht.de\/cms\/wp-json\/wp\/v2\/categories?post=7422"},{"taxonomy":"post_tag","embeddable":true,"href":"https:\/\/feuerwehr-vglambrecht.de\/cms\/wp-json\/wp\/v2\/tags?post=7422"},{"taxonomy":"einsatzart","embeddable":true,"href":"https:\/\/feuerwehr-vglambrecht.de\/cms\/wp-json\/wp\/v2\/einsatzart?post=7422"},{"taxonomy":"fahrzeug","embeddable":true,"href":"https:\/\/feuerwehr-vglambrecht.de\/cms\/wp-json\/wp\/v2\/fahrzeug?post=7422"},{"taxonomy":"exteinsatzmittel","embeddable":true,"href":"https:\/\/feuerwehr-vglambrecht.de\/cms\/wp-json\/wp\/v2\/exteinsatzmittel?post=7422"},{"taxonomy":"alarmierungsart","embeddable":true,"href":"https:\/\/feuerwehr-vglambrecht.de\/cms\/wp-json\/wp\/v2\/alarmierungsart?post=7422"},{"taxonomy":"evw_unit","embeddable":true,"href":"https:\/\/feuerwehr-vglambrecht.de\/cms\/wp-json\/wp\/v2\/evw_unit?post=7422"}],"curies":[{"name":"wp","href":"https:\/\/api.w.org\/{rel}","templated":true}]}}

Rauchentwicklung aus Gebäude ( B2.01 )

<p><strong>Drei verletzte Personen nach Brand im Keller</strong></p>
<p>Am Morgen des 4. März 2019 gegen 7:00 Uhr wurden die Feuerwehren Esthal und Frankeneck zu einer Rauchentwicklung aus einem Gebäude in der Klosterstraße in Esthal alarmiert.<!--more--></p>
<p>Vermutlich durch einen technischen Defekt kam es zu einem Schmorbrand an der Heizungsanlage im Keller. Dank installierten Rauchwarnmeldern konnten sich die drei Hausbewohner noch vor dem Eintreffen der Feuerwehr in Sicherheit bringen und wurden von Nachbarn und der Feuerwehr bis zum Eintreffen des Rettungsdienstes betreut.</p>
<p>Unter schwerem Atemschutz wurde der Brand durch die Feuerwehr schnell unter Kontrolle gebracht. Durch den Einsatz eines Hochleistungslüfters wurde eine Rauchausbreitung verhindert. Die betroffenen Bereiche wurden mit einer Wärmebildkamera mehrmals kontrolliert.</p>
<p>Mit Verdacht auf Rauchgasinhalation wurden der Hausbesitzer, der erste Löschversuche unternahm und eine Frau mit Kind, ins Krankenhaus nach Neustadt gebracht.</p>
<p>Die Einsatzstelle wurde der Polizei und Kriminalpolizei zur weiteren Vorgehensweise übergeben.
<div class="ngg-galleryoverview" id="ngg-gallery-241-7422">

	<!-- Slideshow link -->
	<div class="slideshowlink">
		<a class="slideshowlink" href="https://feuerwehr-vglambrecht.de/cms/einsatzberichte/rauchentwicklung-aus-gebaeude-b2-01-2/nggallery/slideshow">
			[Show as slideshow]		</a>
	</div>

	
	<!-- Thumbnails -->
		
	<div id="ngg-image-1531" class="ngg-gallery-thumbnail-box"  >
		<div class="ngg-gallery-thumbnail" >
			<a href="https://feuerwehr-vglambrecht.de/cms/wp-content/gallery/kellerbrand-esthal/dscn2726.jpg" title=" " class="shutterset_set_241" >
								<img loading="lazy" decoding="async" title="dscn2726" alt="dscn2726" src="https://feuerwehr-vglambrecht.de/cms/wp-content/gallery/kellerbrand-esthal/thumbs/thumbs_dscn2726.jpg" width="100" height="75" />
							</a>
		</div>
	</div>
	
		
 		
	<div id="ngg-image-1532" class="ngg-gallery-thumbnail-box"  >
		<div class="ngg-gallery-thumbnail" >
			<a href="https://feuerwehr-vglambrecht.de/cms/wp-content/gallery/kellerbrand-esthal/dscn2728.jpg" title=" " class="shutterset_set_241" >
								<img loading="lazy" decoding="async" title="dscn2728" alt="dscn2728" src="https://feuerwehr-vglambrecht.de/cms/wp-content/gallery/kellerbrand-esthal/thumbs/thumbs_dscn2728.jpg" width="100" height="75" />
							</a>
		</div>
	</div>
	
		
 		
	<div id="ngg-image-1533" class="ngg-gallery-thumbnail-box"  >
		<div class="ngg-gallery-thumbnail" >
			<a href="https://feuerwehr-vglambrecht.de/cms/wp-content/gallery/kellerbrand-esthal/dscn2729.jpg" title=" " class="shutterset_set_241" >
								<img loading="lazy" decoding="async" title="dscn2729" alt="dscn2729" src="https://feuerwehr-vglambrecht.de/cms/wp-content/gallery/kellerbrand-esthal/thumbs/thumbs_dscn2729.jpg" width="100" height="75" />
							</a>
		</div>
	</div>
	
		
 		
	<div id="ngg-image-1534" class="ngg-gallery-thumbnail-box"  >
		<div class="ngg-gallery-thumbnail" >
			<a href="https://feuerwehr-vglambrecht.de/cms/wp-content/gallery/kellerbrand-esthal/dscn2730.jpg" title=" " class="shutterset_set_241" >
								<img loading="lazy" decoding="async" title="dscn2730" alt="dscn2730" src="https://feuerwehr-vglambrecht.de/cms/wp-content/gallery/kellerbrand-esthal/thumbs/thumbs_dscn2730.jpg" width="100" height="75" />
							</a>
		</div>
	</div>
	
		
 		
	<div id="ngg-image-1535" class="ngg-gallery-thumbnail-box"  >
		<div class="ngg-gallery-thumbnail" >
			<a href="https://feuerwehr-vglambrecht.de/cms/wp-content/gallery/kellerbrand-esthal/dscn2733.jpg" title=" " class="shutterset_set_241" >
								<img loading="lazy" decoding="async" title="dscn2733" alt="dscn2733" src="https://feuerwehr-vglambrecht.de/cms/wp-content/gallery/kellerbrand-esthal/thumbs/thumbs_dscn2733.jpg" width="100" height="75" />
							</a>
		</div>
	</div>
	
		
 	 	
	<!-- Pagination -->
 	<div class='ngg-clear'></div>
 	
</div>

</p>
